202.155.143.190 - - [28/Aug/2026:01:39:38 +0000] "GET /wp-admin/index.php HTTP/1.1" 302 0 "https://sealall.ca/wp-login.php" "Mozilla/5.0 (Windows NT 11.0; Win64; x64) AppleWebKit/537.36 (KHTML, like Gecko) Chrome/120.0.0.0 Safari/537.36"
202.155.143.190 - - [28/Aug/2026:01:39:40 +0000] "GET /wp-login.php?redirect_to=https%3A%2F%2Fsealall.ca%2Fwp-admin%2Findex.php&reauth=1 HTTP/1.1" 200 2488 "https://sealall.ca/wp-login.php" "Mozilla/5.0 (Windows NT 11.0; Win64; x64) AppleWebKit/537.36 (KHTML, like Gecko) Chrome/120.0.0.0 Safari/537.36"
202.155.143.190 - - [28/Aug/2026:01:39:41 +0000] "POST /wp-login.php HTTP/1.1" 200 2648 "https://sealall.ca/wp-login.php" "Mozilla/5.0 (X11; Ubuntu; Linux x86_64) AppleWebKit/537.36 (KHTML, like Gecko) Chrome/118.0.0.0 Safari/537.36"
202.155.143.190 - - [28/Aug/2026:01:39:42 +0000] "GET /wp-admin/index.php HTTP/1.1" 302 0 "https://sealall.ca/wp-login.php" "Mozilla/5.0 (Macintosh; Intel Mac OS X 10_15_7; rv:120.0) Gecko/20100101 Firefox/120.0"
202.155.143.190 - - [28/Aug/2026:01:39:43 +0000] "GET /wp-login.php?redirect_to=https%3A%2F%2Fsealall.ca%2Fwp-admin%2Findex.php&reauth=1 HTTP/1.1" 200 2488 "https://sealall.ca/wp-login.php" "Mozilla/5.0 (Macintosh; Intel Mac OS X 10_15_7; rv:120.0) Gecko/20100101 Firefox/120.0"
202.155.143.190 - - [28/Aug/2026:01:39:44 +0000] "POST /wp-login.php HTTP/1.1" 200 2648 "https://sealall.ca/wp-login.php" "Mozilla/5.0 (Windows NT 10.0; Win64; x64) AppleWebKit/537.36 (KHTML, like Gecko) Chrome/118.0.0.0 Safari/537.36"
202.155.143.190 - - [28/Aug/2026:01:39:45 +0000] "GET /wp-admin/index.php HTTP/1.1" 302 0 "https://sealall.ca/wp-login.php" "Mozilla/5.0 (X11; Ubuntu; Linux x86_64) AppleWebKit/537.36 (KHTML, like Gecko) Chrome/121.0.0.0 Safari/537.36"
202.155.143.190 - - [28/Aug/2026:01:39:45 +0000] "GET /wp-login.php?redirect_to=https%3A%2F%2Fsealall.ca%2Fwp-admin%2Findex.php&reauth=1 HTTP/1.1" 200 2488 "https://sealall.ca/wp-login.php" "Mozilla/5.0 (X11; Ubuntu; Linux x86_64) AppleWebKit/537.36 (KHTML, like Gecko) Chrome/121.0.0.0 Safari/537.36"
202.155.143.190 - - [28/Aug/2026:01:39:46 +0000] "POST /wp-login.php HTTP/1.1" 200 2645 "https://sealall.ca/wp-login.php" "Mozilla/5.0 (X11; Linux x86_64) AppleWebKit/537.36 (KHTML, like Gecko) Chrome/118.0.0.0 Safari/537.36"
202.155.143.190 - - [28/Aug/2026:01:39:47 +0000] "GET /wp-admin/index.php HTTP/1.1" 302 0 "https://sealall.ca/wp-login.php" "Mozilla/5.0 (Macintosh; Intel Mac OS X 13_6_1; rv:118.0) Gecko/20100101 Firefox/118.0"
202.155.143.190 - - [28/Aug/2026:01:39:48 +0000] "GET /wp-login.php?redirect_to=https%3A%2F%2Fsealall.ca%2Fwp-admin%2Findex.php&reauth=1 HTTP/1.1" 200 2488 "https://sealall.ca/wp-login.php" "Mozilla/5.0 (Macintosh; Intel Mac OS X 13_6_1; rv:118.0) Gecko/20100101 Firefox/118.0"
202.155.143.190 - - [28/Aug/2026:01:39:48 +0000] "POST /wp-login.php HTTP/1.1" 200 2640 "https://sealall.ca/wp-login.php" "Mozilla/5.0 (Windows NT 10.0; Win64; x64) AppleWebKit/537.36 (KHTML, like Gecko) Chrome/119.0.0.0 Safari/537.36"
202.155.143.190 - - [28/Aug/2026:01:39:49 +0000] "GET /wp-admin/index.php HTTP/1.1" 302 0 "https://sealall.ca/wp-login.php" "Mozilla/5.0 (Windows NT 11.0; Win64; x64; rv:121.0) Gecko/20100101 Firefox/121.0"
202.155.143.190 - - [28/Aug/2026:01:39:50 +0000] "GET /wp-login.php?redirect_to=https%3A%2F%2Fsealall.ca%2Fwp-admin%2Findex.php&reauth=1 HTTP/1.1" 200 2488 "https://sealall.ca/wp-login.php" "Mozilla/5.0 (Windows NT 11.0; Win64; x64; rv:121.0) Gecko/20100101 Firefox/121.0"
202.155.143.190 - - [28/Aug/2026:01:39:51 +0000] "POST /wp-login.php HTTP/1.1" 200 2648 "https://sealall.ca/wp-login.php" "Mozilla/5.0 (Macintosh; Intel Mac OS X 13_6_1) AppleWebKit/605.1.15 (KHTML, like Gecko) Version/17.0 Safari/605.1.15"
202.155.143.190 - - [28/Aug/2026:01:39:58 +0000] "GET /wp-admin/index.php HTTP/1.1" 302 0 "https://sealall.ca/wp-login.php" "Mozilla/5.0 (Macintosh; Intel Mac OS X 13_6_1) AppleWebKit/537.36 (KHTML, like Gecko) Chrome/119.0.0.0 Safari/537.36"
202.155.143.190 - - [28/Aug/2026:01:39:59 +0000] "GET /wp-login.php?redirect_to=https%3A%2F%2Fsealall.ca%2Fwp-admin%2Findex.php&reauth=1 HTTP/1.1" 200 2488 "https://sealall.ca/wp-login.php" "Mozilla/5.0 (Macintosh; Intel Mac OS X 13_6_1) AppleWebKit/537.36 (KHTML, like Gecko) Chrome/119.0.0.0 Safari/537.36"
202.155.143.190 - - [28/Aug/2026:01:40:00 +0000] "POST /wp-login.php HTTP/1.1" 200 2645 "https://sealall.ca/wp-login.php" "Mozilla/5.0 (X11; Linux x86_64) AppleWebKit/537.36 (KHTML, like Gecko) Chrome/119.0.0.0 Safari/537.36"
202.155.143.190 - - [28/Aug/2026:01:40:01 +0000] "GET /wp-admin/index.php HTTP/1.1" 302 0 "https://sealall.ca/wp-login.php" "Mozilla/5.0 (Macintosh; Intel Mac OS X 13_6_1) AppleWebKit/605.1.15 (KHTML, like Gecko) Version/17.0 Safari/605.1.15"
202.155.143.190 - - [28/Aug/2026:01:40:03 +0000] "GET /wp-login.php?redirect_to=https%3A%2F%2Fsealall.ca%2Fwp-admin%2Findex.php&reauth=1 HTTP/1.1" 200 2488 "https://sealall.ca/wp-login.php" "Mozilla/5.0 (Macintosh; Intel Mac OS X 13_6_1) AppleWebKit/605.1.15 (KHTML, like Gecko) Version/17.0 Safari/605.1.15"
202.155.143.190 - - [28/Aug/2026:01:40:06 +0000] "POST /wp-login.php HTTP/1.1" 200 2641 "https://sealall.ca/wp-login.php" "Mozilla/5.0 (Macintosh; Intel Mac OS X 10_15_7) AppleWebKit/605.1.15 (KHTML, like Gecko) Version/16.6 Safari/605.1.15"
202.155.143.190 - - [28/Aug/2026:01:40:07 +0000] "GET /wp-admin/index.php HTTP/1.1" 302 0 "https://sealall.ca/wp-login.php" "Mozilla/5.0 (Windows NT 10.0; Win64; x64; rv:119.0) Gecko/20100101 Firefox/119.0"
202.155.143.190 - - [28/Aug/2026:01:40:08 +0000] "GET /wp-login.php?redirect_to=https%3A%2F%2Fsealall.ca%2Fwp-admin%2Findex.php&reauth=1 HTTP/1.1" 200 2488 "https://sealall.ca/wp-login.php" "Mozilla/5.0 (Windows NT 10.0; Win64; x64; rv:119.0) Gecko/20100101 Firefox/119.0"
202.155.143.190 - - [28/Aug/2026:01:40:09 +0000] "POST /wp-login.php HTTP/1.1" 200 2643 "https://sealall.ca/wp-login.php" "Mozilla/5.0 (X11; Linux x86_64) AppleWebKit/537.36 (KHTML, like Gecko) Chrome/118.0.0.0 Safari/537.36"
202.155.143.190 - - [28/Aug/2026:01:40:10 +0000] "GET /wp-admin/index.php HTTP/1.1" 302 0 "https://sealall.ca/wp-login.php" "Mozilla/5.0 (Macintosh; Intel Mac OS X 10_15_7) AppleWebKit/605.1.15 (KHTML, like Gecko) Version/16.6 Safari/605.1.15"
202.155.143.190 - - [28/Aug/2026:01:40:10 +0000] "GET /wp-login.php?redirect_to=https%3A%2F%2Fsealall.ca%2Fwp-admin%2Findex.php&reauth=1 HTTP/1.1" 200 2488 "https://sealall.ca/wp-login.php" "Mozilla/5.0 (Macintosh; Intel Mac OS X 10_15_7) AppleWebKit/605.1.15 (KHTML, like Gecko) Version/16.6 Safari/605.1.15"
202.155.143.190 - - [28/Aug/2026:01:40:11 +0000] "POST /wp-login.php HTTP/1.1" 200 2642 "https://sealall.ca/wp-login.php" "Mozilla/5.0 (Windows NT 10.0; Win64; x64) AppleWebKit/537.36 (KHTML, like Gecko) Chrome/120.0.0.0 Safari/537.36"
202.155.143.190 - - [28/Aug/2026:01:40:12 +0000] "GET /wp-admin/index.php HTTP/1.1" 302 0 "https://sealall.ca/wp-login.php" "Mozilla/5.0 (Windows NT 11.0; Win64; x64; rv:119.0) Gecko/20100101 Firefox/119.0"
202.155.143.190 - - [28/Aug/2026:01:40:13 +0000] "GET /wp-login.php?redirect_to=https%3A%2F%2Fsealall.ca%2Fwp-admin%2Findex.php&reauth=1 HTTP/1.1" 200 2488 "https://sealall.ca/wp-login.php" "Mozilla/5.0 (Windows NT 11.0; Win64; x64; rv:119.0) Gecko/20100101 Firefox/119.0"
202.155.143.190 - - [28/Aug/2026:01:40:14 +0000] "POST /wp-login.php HTTP/1.1" 200 2643 "https://sealall.ca/wp-login.php" "Mozilla/5.0 (Macintosh; Intel Mac OS X 10_15_7) AppleWebKit/537.36 (KHTML, like Gecko) Chrome/118.0.0.0 Safari/537.36"
202.155.143.190 - - [28/Aug/2026:01:40:15 +0000] "GET /wp-admin/index.php HTTP/1.1" 302 0 "https://sealall.ca/wp-login.php" "Mozilla/5.0 (Macintosh; Intel Mac OS X 10_15_7; rv:121.0) Gecko/20100101 Firefox/121.0"
202.155.143.190 - - [28/Aug/2026:01:40:16 +0000] "GET /wp-login.php?redirect_to=https%3A%2F%2Fsealall.ca%2Fwp-admin%2Findex.php&reauth=1 HTTP/1.1" 200 2488 "https://sealall.ca/wp-login.php" "Mozilla/5.0 (Macintosh; Intel Mac OS X 10_15_7; rv:121.0) Gecko/20100101 Firefox/121.0"
202.155.143.190 - - [28/Aug/2026:01:40:18 +0000] "POST /wp-login.php HTTP/1.1" 200 2642 "https://sealall.ca/wp-login.php" "Mozilla/5.0 (Windows NT 11.0; Win64; x64; rv:121.0) Gecko/20100101 Firefox/121.0"
202.155.143.190 - - [28/Aug/2026:01:40:19 +0000] "GET /wp-admin/index.php HTTP/1.1" 302 0 "https://sealall.ca/wp-login.php" "Mozilla/5.0 (Macintosh; Intel Mac OS X 13_6_1) AppleWebKit/605.1.15 (KHTML, like Gecko) Version/17.1 Safari/605.1.15"
202.155.143.190 - - [28/Aug/2026:01:40:20 +0000] "GET /wp-login.php?redirect_to=https%3A%2F%2Fsealall.ca%2Fwp-admin%2Findex.php&reauth=1 HTTP/1.1" 200 2488 "https://sealall.ca/wp-login.php" "Mozilla/5.0 (Macintosh; Intel Mac OS X 13_6_1) AppleWebKit/605.1.15 (KHTML, like Gecko) Version/17.1 Safari/605.1.15"
202.191.127.104 - - [28/Aug/2026:01:40:20 +0000] "POST /wp-admin/admin-ajax.php HTTP/1.1" 200 58 "https://sealall.ca/wp-admin/" "Mozilla/5.0 (Windows NT 10.0; Win64; x64) AppleWebKit/537.36 (KHTML, like Gecko) Chrome/151.0.0.0 Safari/537.36"
202.155.143.190 - - [28/Aug/2026:01:40:21 +0000] "POST /wp-login.php HTTP/1.1" 200 2643 "https://sealall.ca/wp-login.php" "Mozilla/5.0 (Windows NT 11.0; Win64; x64; rv:119.0) Gecko/20100101 Firefox/119.0"
202.155.143.190 - - [28/Aug/2026:01:40:21 +0000] "GET /wp-admin/index.php HTTP/1.1" 302 0 "https://sealall.ca/wp-login.php" "Mozilla/5.0 (Macintosh; Intel Mac OS X 13_6_1; rv:120.0) Gecko/20100101 Firefox/120.0"
202.155.143.190 - - [28/Aug/2026:01:40:22 +0000] "GET /wp-login.php?redirect_to=https%3A%2F%2Fsealall.ca%2Fwp-admin%2Findex.php&reauth=1 HTTP/1.1" 200 2488 "https://sealall.ca/wp-login.php" "Mozilla/5.0 (Macintosh; Intel Mac OS X 13_6_1; rv:120.0) Gecko/20100101 Firefox/120.0"
202.155.143.190 - - [28/Aug/2026:01:40:23 +0000] "POST /wp-login.php HTTP/1.1" 200 2643 "https://sealall.ca/wp-login.php" "Mozilla/5.0 (X11; Ubuntu; Linux x86_64) AppleWebKit/537.36 (KHTML, like Gecko) Chrome/118.0.0.0 Safari/537.36"
202.155.143.190 - - [28/Aug/2026:01:40:23 +0000] "GET /wp-admin/index.php HTTP/1.1" 302 0 "https://sealall.ca/wp-login.php" "Mozilla/5.0 (Macintosh; Intel Mac OS X 10_15_7) AppleWebKit/537.36 (KHTML, like Gecko) Chrome/118.0.0.0 Safari/537.36"
202.155.143.190 - - [28/Aug/2026:01:40:24 +0000] "GET /wp-login.php?redirect_to=https%3A%2F%2Fsealall.ca%2Fwp-admin%2Findex.php&reauth=1 HTTP/1.1" 200 2488 "https://sealall.ca/wp-login.php" "Mozilla/5.0 (Macintosh; Intel Mac OS X 10_15_7) AppleWebKit/537.36 (KHTML, like Gecko) Chrome/118.0.0.0 Safari/537.36"
202.191.127.104 - - [28/Aug/2026:01:40:25 +0000] "GET /wp-admin/plugins.php HTTP/1.1" 200 78853 "https://sealall.ca/wp-admin/" "Mozilla/5.0 (Windows NT 10.0; Win64; x64) AppleWebKit/537.36 (KHTML, like Gecko) Chrome/151.0.0.0 Safari/537.36"
202.155.143.190 - - [28/Aug/2026:01:40:25 +0000] "POST /wp-login.php HTTP/1.1" 200 2641 "https://sealall.ca/wp-login.php" "Mozilla/5.0 (Macintosh; Intel Mac OS X 13_6_1) AppleWebKit/605.1.15 (KHTML, like Gecko) Version/16.6 Safari/605.1.15"
202.155.143.190 - - [28/Aug/2026:01:40:25 +0000] "GET /wp-admin/index.php HTTP/1.1" 302 0 "https://sealall.ca/wp-login.php" "Mozilla/5.0 (Macintosh; Intel Mac OS X 13_6_1; rv:120.0) Gecko/20100101 Firefox/120.0"
202.191.127.104 - - [28/Aug/2026:01:40:26 +0000] "GET /wp-admin/load-styles.php?c=0&dir=ltr&load%5Bchunk_0%5D=dashicons,admin-bar,common,forms,admin-menu,dashboard,list-tables,edit,revisions,media,themes,about,nav-menus,wp-pointer,widgets&load%5Bchunk_1%5D=,site-icon,l10n,wp-base-styles,buttons,wp-auth-check,wp-components,wp-commands&ver=7.0.3 HTTP/1.1" 200 118379 "https://sealall.ca/wp-admin/plugins.php" "Mozilla/5.0 (Windows NT 10.0; Win64; x64) AppleWebKit/537.36 (KHTML, like Gecko) Chrome/151.0.0.0 Safari/537.36"
202.191.127.104 - - [28/Aug/2026:01:40:26 +0000] "GET /wp-content/plugins/all-in-one-wp-migration/lib/view/assets/css/updater.min.css?v=7.105&ver=7.0.3 HTTP/1.1" 200 82 "https://sealall.ca/wp-admin/plugins.php" "Mozilla/5.0 (Windows NT 10.0; Win64; x64) AppleWebKit/537.36 (KHTML, like Gecko) Chrome/151.0.0.0 Safari/537.36"
202.191.127.104 - - [28/Aug/2026:01:40:26 +0000] "GET /wp-content/plugins/litespeed-cache/assets/css/iziModal.min.css?ver=7.8.1 HTTP/1.1" 200 16192 "https://sealall.ca/wp-admin/plugins.php" "Mozilla/5.0 (Windows NT 10.0; Win64; x64) AppleWebKit/537.36 (KHTML, like Gecko) Chrome/151.0.0.0 Safari/537.36"
202.191.127.104 - - [28/Aug/2026:01:40:26 +0000] "GET /wp-content/plugins/independent-analytics/freemius/assets/css/admin/dialog-boxes.css?ver=7.0.3 HTTP/1.1" 200 2431 "https://sealall.ca/wp-admin/plugins.php" "Mozilla/5.0 (Windows NT 10.0; Win64; x64) AppleWebKit/537.36 (KHTML, like Gecko) Chrome/151.0.0.0 Safari/537.36"
202.191.127.104 - - [28/Aug/2026:01:40:26 +0000] "GET /wp-content/plugins/independent-analytics/freemius/assets/css/admin/optout.css?ver=7.0.3 HTTP/1.1" 200 1035 "https://sealall.ca/wp-admin/plugins.php" "Mozilla/5.0 (Windows NT 10.0; Win64; x64) AppleWebKit/537.36 (KHTML, like Gecko) Chrome/151.0.0.0 Safari/537.36"
202.191.127.104 - - [28/Aug/2026:01:40:26 +0000] "GET /wp-admin/load-scripts.php?c=0&load%5Bchunk_0%5D=jquery-core,jquery-migrate,utils,jquery-ui-core,jquery-ui-tooltip&ver=7.0.3 HTTP/1.1" 200 43304 "https://sealall.ca/wp-admin/plugins.php" "Mozilla/5.0 (Windows NT 10.0; Win64; x64) AppleWebKit/537.36 (KHTML, like Gecko) Chrome/151.0.0.0 Safari/537.36"
202.191.127.104 - - [28/Aug/2026:01:40:26 +0000] "GET /wp-admin/load-scripts.php?c=0&load%5Bchunk_0%5D=hoverIntent,wp-dom-ready,wp-hooks&ver=7.0.3 HTTP/1.1" 200 2668 "https://sealall.ca/wp-admin/plugins.php" "Mozilla/5.0 (Windows NT 10.0; Win64; x64) AppleWebKit/537.36 (KHTML, like Gecko) Chrome/151.0.0.0 Safari/537.36"
202.191.127.104 - - [28/Aug/2026:01:40:26 +0000] "GET /wp-content/plugins/max-addons-for-bricks/includes/admin/feedback/js/feedback.js?ver=1.7.1 HTTP/1.1" 200 3602 "https://sealall.ca/wp-admin/plugins.php" "Mozilla/5.0 (Windows NT 10.0; Win64; x64) AppleWebKit/537.36 (KHTML, like Gecko) Chrome/151.0.0.0 Safari/537.36"
202.191.127.104 - - [28/Aug/2026:01:40:26 +0000] "GET /wp-content/plugins/litespeed-cache/assets/js/iziModal.min.js?ver=7.8.1 HTTP/1.1" 200 6583 "https://sealall.ca/wp-admin/plugins.php" "Mozilla/5.0 (Windows NT 10.0; Win64; x64) AppleWebKit/537.36 (KHTML, like Gecko) Chrome/151.0.0.0 Safari/537.36"
202.155.143.190 - - [28/Aug/2026:01:40:26 +0000] "GET /wp-login.php?redirect_to=https%3A%2F%2Fsealall.ca%2Fwp-admin%2Findex.php&reauth=1 HTTP/1.1" 200 2488 "https://sealall.ca/wp-login.php" "Mozilla/5.0 (Macintosh; Intel Mac OS X 13_6_1; rv:120.0) Gecko/20100101 Firefox/120.0"
202.191.127.104 - - [28/Aug/2026:01:40:27 +0000] "GET /wp-admin/images/spinner.gif HTTP/1.1" 200 3656 "https://sealall.ca/wp-admin/load-styles.php?c=0&dir=ltr&load%5Bchunk_0%5D=dashicons,admin-bar,common,forms,admin-menu,dashboard,list-tables,edit,revisions,media,themes,about,nav-menus,wp-pointer,widgets&load%5Bchunk_1%5D=,site-icon,l10n,wp-base-styles,buttons,wp-auth-check,wp-components,wp-commands&ver=7.0.3" "Mozilla/5.0 (Windows NT 10.0; Win64; x64) AppleWebKit/537.36 (KHTML, like Gecko) Chrome/151.0.0.0 Safari/537.36"
202.191.127.104 - - [28/Aug/2026:01:40:27 +0000] "GET /wp-json/wp/v2/users/me?context=edit&_locale=user HTTP/1.1" 200 4790 "https://sealall.ca/wp-admin/plugins.php" "Mozilla/5.0 (Windows NT 10.0; Win64; x64) AppleWebKit/537.36 (KHTML, like Gecko) Chrome/151.0.0.0 Safari/537.36"
202.155.143.190 - - [28/Aug/2026:01:40:28 +0000] "POST /wp-login.php HTTP/1.1" 200 2646 "https://sealall.ca/wp-login.php" "Mozilla/5.0 (Macintosh; Intel Mac OS X 13_6_1; rv:119.0) Gecko/20100101 Firefox/119.0"
202.191.127.104 - - [28/Aug/2026:01:40:28 +0000] "GET /favicon.ico HTTP/1.1" 302 0 "https://sealall.ca/wp-admin/plugins.php" "Mozilla/5.0 (Windows NT 10.0; Win64; x64) AppleWebKit/537.36 (KHTML, like Gecko) Chrome/151.0.0.0 Safari/537.36"
202.155.143.190 - - [28/Aug/2026:01:40:28 +0000] "GET /wp-admin/index.php HTTP/1.1" 302 0 "https://sealall.ca/wp-login.php" "Mozilla/5.0 (Macintosh; Intel Mac OS X 10_15_7) AppleWebKit/537.36 (KHTML, like Gecko) Chrome/121.0.0.0 Safari/537.36"
202.155.143.190 - - [28/Aug/2026:01:40:29 +0000] "GET /wp-login.php?redirect_to=https%3A%2F%2Fsealall.ca%2Fwp-admin%2Findex.php&reauth=1 HTTP/1.1" 200 2488 "https://sealall.ca/wp-login.php" "Mozilla/5.0 (Macintosh; Intel Mac OS X 10_15_7) AppleWebKit/537.36 (KHTML, like Gecko) Chrome/121.0.0.0 Safari/537.36"
202.155.143.190 - - [28/Aug/2026:01:40:30 +0000] "POST /wp-login.php HTTP/1.1" 200 2644 "https://sealall.ca/wp-login.php" "Mozilla/5.0 (Windows NT 10.0; Win64; x64; rv:118.0) Gecko/20100101 Firefox/118.0"
202.191.127.104 - - [28/Aug/2026:01:40:30 +0000] "GET /wp-admin/plugin-install.php HTTP/1.1" 200 82436 "https://sealall.ca/wp-admin/plugins.php" "Mozilla/5.0 (Windows NT 10.0; Win64; x64) AppleWebKit/537.36 (KHTML, like Gecko) Chrome/151.0.0.0 Safari/537.36"
202.191.127.104 - - [28/Aug/2026:01:40:31 +0000] "GET /wp-admin/load-scripts.php?c=0&load%5Bchunk_0%5D=jquery-core,jquery-migrate,utils,jquery-ui-core,moxiejs,plupload,jquery-ui-tooltip&ver=7.0.3 HTTP/1.1" 200 75506 "https://sealall.ca/wp-admin/plugin-install.php" "Mozilla/5.0 (Windows NT 10.0; Win64; x64) AppleWebKit/537.36 (KHTML, like Gecko) Chrome/151.0.0.0 Safari/537.36"
202.191.127.104 - - [28/Aug/2026:01:40:31 +0000] "GET /wp-admin/load-styles.php?c=0&dir=ltr&load%5Bchunk_0%5D=dashicons,admin-bar,common,forms,admin-menu,dashboard,list-tables,edit,revisions,media,themes,about,nav-menus,wp-pointer,widgets&load%5Bchunk_1%5D=,site-icon,l10n,wp-base-styles,buttons,wp-auth-check,wp-components,wp-commands,media-views&ver=7.0.3 HTTP/1.1" 200 126706 "https://sealall.ca/wp-admin/plugin-install.php" "Mozilla/5.0 (Windows NT 10.0; Win64; x64) AppleWebKit/537.36 (KHTML, like Gecko) Chrome/151.0.0.0 Safari/537.36"
202.155.143.190 - - [28/Aug/2026:01:40:31 +0000] "GET /wp-admin/index.php HTTP/1.1" 302 0 "https://sealall.ca/wp-login.php" "Mozilla/5.0 (Macintosh; Intel Mac OS X 13_6_1) AppleWebKit/537.36 (KHTML, like Gecko) Chrome/119.0.0.0 Safari/537.36"
202.155.143.190 - - [28/Aug/2026:01:40:32 +0000] "GET /wp-login.php?redirect_to=https%3A%2F%2Fsealall.ca%2Fwp-admin%2Findex.php&reauth=1 HTTP/1.1" 200 2488 "https://sealall.ca/wp-login.php" "Mozilla/5.0 (Macintosh; Intel Mac OS X 13_6_1) AppleWebKit/537.36 (KHTML, like Gecko) Chrome/119.0.0.0 Safari/537.36"
202.191.127.104 - - [28/Aug/2026:01:40:32 +0000] "GET /wp-json/wp/v2/users/me?context=edit&_locale=user HTTP/1.1" 200 4790 "https://sealall.ca/wp-admin/plugin-install.php" "Mozilla/5.0 (Windows NT 10.0; Win64; x64) AppleWebKit/537.36 (KHTML, like Gecko) Chrome/151.0.0.0 Safari/537.36"
202.155.143.190 - - [28/Aug/2026:01:40:36 +0000] "POST /wp-login.php HTTP/1.1" 200 2640 "https://sealall.ca/wp-login.php" "Mozilla/5.0 (X11; Ubuntu; Linux x86_64) AppleWebKit/537.36 (KHTML, like Gecko) Chrome/118.0.0.0 Safari/537.36"
202.155.143.190 - - [28/Aug/2026:01:40:36 +0000] "GET /wp-admin/index.php HTTP/1.1" 302 0 "https://sealall.ca/wp-login.php" "Mozilla/5.0 (Macintosh; Intel Mac OS X 10_15_7) AppleWebKit/605.1.15 (KHTML, like Gecko) Version/17.2 Safari/605.1.15"
202.155.143.190 - - [28/Aug/2026:01:40:37 +0000] "GET /wp-login.php?redirect_to=https%3A%2F%2Fsealall.ca%2Fwp-admin%2Findex.php&reauth=1 HTTP/1.1" 200 2488 "https://sealall.ca/wp-login.php" "Mozilla/5.0 (Macintosh; Intel Mac OS X 10_15_7) AppleWebKit/605.1.15 (KHTML, like Gecko) Version/17.2 Safari/605.1.15"
202.155.143.190 - - [28/Aug/2026:01:40:39 +0000] "POST /wp-login.php HTTP/1.1" 200 2649 "https://sealall.ca/wp-login.php" "Mozilla/5.0 (Windows NT 11.0; Win64; x64) AppleWebKit/537.36 (KHTML, like Gecko) Chrome/121.0.0.0 Safari/537.36"
202.155.143.190 - - [28/Aug/2026:01:40:40 +0000] "GET /wp-admin/index.php HTTP/1.1" 302 0 "https://sealall.ca/wp-login.php" "Mozilla/5.0 (Macintosh; Intel Mac OS X 13_6_1) AppleWebKit/537.36 (KHTML, like Gecko) Chrome/118.0.0.0 Safari/537.36"
202.191.127.104 - - [28/Aug/2026:01:40:40 +0000] "POST /wp-admin/update.php?action=upload-plugin HTTP/1.1" 200 74530 "https://sealall.ca/wp-admin/plugin-install.php" "Mozilla/5.0 (Windows NT 10.0; Win64; x64) AppleWebKit/537.36 (KHTML, like Gecko) Chrome/151.0.0.0 Safari/537.36"
202.191.127.104 - - [28/Aug/2026:01:40:40 +0000] "GET /wp-admin/load-scripts.php?c=0&load%5Bchunk_0%5D=jquery-core,jquery-migrate,utils,moxiejs,plupload,jquery-ui-core,jquery-ui-tooltip&ver=7.0.3 HTTP/1.1" 200 75331 "https://sealall.ca/wp-admin/update.php?action=upload-plugin" "Mozilla/5.0 (Windows NT 10.0; Win64; x64) AppleWebKit/537.36 (KHTML, like Gecko) Chrome/151.0.0.0 Safari/537.36"
202.191.127.104 - - [28/Aug/2026:01:40:40 +0000] "GET /wp-admin/load-styles.php?c=0&dir=ltr&load%5Bchunk_0%5D=dashicons,admin-bar,common,forms,admin-menu,dashboard,list-tables,edit,revisions,media,themes,about,nav-menus,wp-pointer,widgets&load%5Bchunk_1%5D=,site-icon,l10n,wp-base-styles,buttons,wp-components,wp-commands,media-views&ver=7.0.3 HTTP/1.1" 200 126318 "https://sealall.ca/wp-admin/update.php?action=upload-plugin" "Mozilla/5.0 (Windows NT 10.0; Win64; x64) AppleWebKit/537.36 (KHTML, like Gecko) Chrome/151.0.0.0 Safari/537.36"
202.155.143.190 - - [28/Aug/2026:01:40:41 +0000] "GET /wp-login.php?redirect_to=https%3A%2F%2Fsealall.ca%2Fwp-admin%2Findex.php&reauth=1 HTTP/1.1" 200 2488 "https://sealall.ca/wp-login.php" "Mozilla/5.0 (Macintosh; Intel Mac OS X 13_6_1) AppleWebKit/537.36 (KHTML, like Gecko) Chrome/118.0.0.0 Safari/537.36"
202.155.143.190 - - [28/Aug/2026:01:40:42 +0000] "POST /wp-login.php HTTP/1.1" 200 2645 "https://sealall.ca/wp-login.php" "Mozilla/5.0 (Macintosh; Intel Mac OS X 13_6_1; rv:118.0) Gecko/20100101 Firefox/118.0"
202.191.127.104 - - [28/Aug/2026:01:40:42 +0000] "GET /wp-json/wp/v2/users/me?context=edit&_locale=user HTTP/1.1" 200 4790 "https://sealall.ca/wp-admin/update.php?action=upload-plugin" "Mozilla/5.0 (Windows NT 10.0; Win64; x64) AppleWebKit/537.36 (KHTML, like Gecko) Chrome/151.0.0.0 Safari/537.36"
202.155.143.190 - - [28/Aug/2026:01:40:42 +0000] "GET /wp-admin/index.php HTTP/1.1" 302 0 "https://sealall.ca/wp-login.php" "Mozilla/5.0 (Macintosh; Intel Mac OS X 10_15_7) AppleWebKit/537.36 (KHTML, like Gecko) Chrome/120.0.0.0 Safari/537.36"
202.155.143.190 - - [28/Aug/2026:01:40:44 +0000] "GET /wp-login.php?redirect_to=https%3A%2F%2Fsealall.ca%2Fwp-admin%2Findex.php&reauth=1 HTTP/1.1" 200 2488 "https://sealall.ca/wp-login.php" "Mozilla/5.0 (Macintosh; Intel Mac OS X 10_15_7) AppleWebKit/537.36 (KHTML, like Gecko) Chrome/120.0.0.0 Safari/537.36"
202.155.143.190 - - [28/Aug/2026:01:40:45 +0000] "POST /wp-login.php HTTP/1.1" 200 2651 "https://sealall.ca/wp-login.php" "Mozilla/5.0 (Macintosh; Intel Mac OS X 10_15_7) AppleWebKit/537.36 (KHTML, like Gecko) Chrome/120.0.0.0 Safari/537.36"
202.155.143.190 - - [28/Aug/2026:01:40:45 +0000] "GET /wp-admin/index.php HTTP/1.1" 302 0 "https://sealall.ca/wp-login.php" "Mozilla/5.0 (Macintosh; Intel Mac OS X 13_6_1) AppleWebKit/537.36 (KHTML, like Gecko) Chrome/119.0.0.0 Safari/537.36"
202.155.143.190 - - [28/Aug/2026:01:40:46 +0000] "GET /wp-login.php?redirect_to=https%3A%2F%2Fsealall.ca%2Fwp-admin%2Findex.php&reauth=1 HTTP/1.1" 200 2488 "https://sealall.ca/wp-login.php" "Mozilla/5.0 (Macintosh; Intel Mac OS X 13_6_1) AppleWebKit/537.36 (KHTML, like Gecko) Chrome/119.0.0.0 Safari/537.36"
202.155.143.190 - - [28/Aug/2026:01:40:47 +0000] "POST /wp-login.php HTTP/1.1" 200 2646 "https://sealall.ca/wp-login.php" "Mozilla/5.0 (Windows NT 10.0; Win64; x64; rv:119.0) Gecko/20100101 Firefox/119.0"
202.155.143.190 - - [28/Aug/2026:01:40:47 +0000] "GET /wp-admin/index.php HTTP/1.1" 302 0 "https://sealall.ca/wp-login.php" "Mozilla/5.0 (Macintosh; Intel Mac OS X 10_15_7; rv:120.0) Gecko/20100101 Firefox/120.0"
202.155.143.190 - - [28/Aug/2026:01:40:49 +0000] "GET /wp-login.php?redirect_to=https%3A%2F%2Fsealall.ca%2Fwp-admin%2Findex.php&reauth=1 HTTP/1.1" 200 2488 "https://sealall.ca/wp-login.php" "Mozilla/5.0 (Macintosh; Intel Mac OS X 10_15_7; rv:120.0) Gecko/20100101 Firefox/120.0"
202.155.143.190 - - [28/Aug/2026:01:40:49 +0000] "POST /wp-login.php HTTP/1.1" 200 2644 "https://sealall.ca/wp-login.php" "Mozilla/5.0 (Windows NT 10.0; Win64; x64) AppleWebKit/537.36 (KHTML, like Gecko) Chrome/121.0.0.0 Safari/537.36"
202.155.143.190 - - [28/Aug/2026:01:40:50 +0000] "GET /wp-admin/index.php HTTP/1.1" 302 0 "https://sealall.ca/wp-login.php" "Mozilla/5.0 (Macintosh; Intel Mac OS X 10_15_7; rv:121.0) Gecko/20100101 Firefox/121.0"
202.155.143.190 - - [28/Aug/2026:01:40:50 +0000] "GET /wp-login.php?redirect_to=https%3A%2F%2Fsealall.ca%2Fwp-admin%2Findex.php&reauth=1 HTTP/1.1" 200 2488 "https://sealall.ca/wp-login.php" "Mozilla/5.0 (Macintosh; Intel Mac OS X 10_15_7; rv:121.0) Gecko/20100101 Firefox/121.0"
202.155.143.190 - - [28/Aug/2026:01:40:51 +0000] "POST /wp-login.php HTTP/1.1" 200 2641 "https://sealall.ca/wp-login.php" "Mozilla/5.0 (Macintosh; Intel Mac OS X 13_6_1) AppleWebKit/605.1.15 (KHTML, like Gecko) Version/16.6 Safari/605.1.15"
202.155.143.190 - - [28/Aug/2026:01:40:53 +0000] "GET /wp-admin/index.php HTTP/1.1" 302 0 "https://sealall.ca/wp-login.php" "Mozilla/5.0 (Macintosh; Intel Mac OS X 13_6_1) AppleWebKit/537.36 (KHTML, like Gecko) Chrome/118.0.0.0 Safari/537.36"
202.155.143.190 - - [28/Aug/2026:01:40:54 +0000] "GET /wp-login.php?redirect_to=https%3A%2F%2Fsealall.ca%2Fwp-admin%2Findex.php&reauth=1 HTTP/1.1" 200 2488 "https://sealall.ca/wp-login.php" "Mozilla/5.0 (Macintosh; Intel Mac OS X 13_6_1) AppleWebKit/537.36 (KHTML, like Gecko) Chrome/118.0.0.0 Safari/537.36"
202.155.143.190 - - [28/Aug/2026:01:40:54 +0000] "POST /wp-login.php HTTP/1.1" 200 2644 "https://sealall.ca/wp-login.php" "Mozilla/5.0 (Macintosh; Intel Mac OS X 13_6_1; rv:119.0) Gecko/20100101 Firefox/119.0"
202.155.143.190 - - [28/Aug/2026:01:40:55 +0000] "GET /wp-admin/index.php HTTP/1.1" 302 0 "https://sealall.ca/wp-login.php" "Mozilla/5.0 (Macintosh; Intel Mac OS X 13_6_1) AppleWebKit/605.1.15 (KHTML, like Gecko) Version/17.2 Safari/605.1.15"
202.155.143.190 - - [28/Aug/2026:01:40:56 +0000] "GET /wp-login.php?redirect_to=https%3A%2F%2Fsealall.ca%2Fwp-admin%2Findex.php&reauth=1 HTTP/1.1" 200 2488 "https://sealall.ca/wp-login.php" "Mozilla/5.0 (Macintosh; Intel Mac OS X 13_6_1) AppleWebKit/605.1.15 (KHTML, like Gecko) Version/17.2 Safari/605.1.15"
216.244.66.233 - - [28/Aug/2026:01:40:56 +0000] "GET /barrie/reviews/ HTTP/1.1" 301 0 "-" "Mozilla/5.0 (compatible; DotBot/1.2; +https://opensiteexplorer.org/dotbot; help@moz.com)"
202.155.143.190 - - [28/Aug/2026:01:40:57 +0000] "POST /wp-login.php HTTP/1.1" 200 2640 "https://sealall.ca/wp-login.php" "Mozilla/5.0 (Macintosh; Intel Mac OS X 10_15_7) AppleWebKit/537.36 (KHTML, like Gecko) Chrome/119.0.0.0 Safari/537.36"
202.155.143.190 - - [28/Aug/2026:01:40:58 +0000] "GET /wp-admin/index.php HTTP/1.1" 302 0 "https://sealall.ca/wp-login.php" "Mozilla/5.0 (Windows NT 11.0; Win64; x64) AppleWebKit/537.36 (KHTML, like Gecko) Chrome/121.0.0.0 Safari/537.36"
202.155.143.190 - - [28/Aug/2026:01:40:58 +0000] "GET /wp-login.php?redirect_to=https%3A%2F%2Fsealall.ca%2Fwp-admin%2Findex.php&reauth=1 HTTP/1.1" 200 2488 "https://sealall.ca/wp-login.php" "Mozilla/5.0 (Windows NT 11.0; Win64; x64) AppleWebKit/537.36 (KHTML, like Gecko) Chrome/121.0.0.0 Safari/537.36"
202.155.143.190 - - [28/Aug/2026:01:40:59 +0000] "POST /wp-login.php HTTP/1.1" 200 2645 "https://sealall.ca/wp-login.php" "Mozilla/5.0 (X11; Ubuntu; Linux x86_64) AppleWebKit/537.36 (KHTML, like Gecko) Chrome/118.0.0.0 Safari/537.36"
202.155.143.190 - - [28/Aug/2026:01:41:00 +0000] "GET /wp-admin/index.php HTTP/1.1" 302 0 "https://sealall.ca/wp-login.php" "Mozilla/5.0 (Macintosh; Intel Mac OS X 13_6_1) AppleWebKit/605.1.15 (KHTML, like Gecko) Version/17.2 Safari/605.1.15"
202.155.143.190 - - [28/Aug/2026:01:41:00 +0000] "GET /wp-login.php?redirect_to=https%3A%2F%2Fsealall.ca%2Fwp-admin%2Findex.php&reauth=1 HTTP/1.1" 200 2488 "https://sealall.ca/wp-login.php" "Mozilla/5.0 (Macintosh; Intel Mac OS X 13_6_1) AppleWebKit/605.1.15 (KHTML, like Gecko) Version/17.2 Safari/605.1.15"
202.155.143.190 - - [28/Aug/2026:01:41:01 +0000] "POST /wp-login.php HTTP/1.1" 200 2647 "https://sealall.ca/wp-login.php" "Mozilla/5.0 (Macintosh; Intel Mac OS X 13_6_1) AppleWebKit/537.36 (KHTML, like Gecko) Chrome/120.0.0.0 Safari/537.36"
202.155.143.190 - - [28/Aug/2026:01:41:02 +0000] "GET /wp-admin/index.php HTTP/1.1" 302 0 "https://sealall.ca/wp-login.php" "Mozilla/5.0 (Macintosh; Intel Mac OS X 13_6_1) AppleWebKit/537.36 (KHTML, like Gecko) Chrome/118.0.0.0 Safari/537.36"
202.155.143.190 - - [28/Aug/2026:01:41:03 +0000] "GET /wp-login.php?redirect_to=https%3A%2F%2Fsealall.ca%2Fwp-admin%2Findex.php&reauth=1 HTTP/1.1" 200 2488 "https://sealall.ca/wp-login.php" "Mozilla/5.0 (Macintosh; Intel Mac OS X 13_6_1) AppleWebKit/537.36 (KHTML, like Gecko) Chrome/118.0.0.0 Safari/537.36"
202.155.143.190 - - [28/Aug/2026:01:41:03 +0000] "POST /wp-login.php HTTP/1.1" 200 2643 "https://sealall.ca/wp-login.php" "Mozilla/5.0 (Macintosh; Intel Mac OS X 13_6_1; rv:121.0) Gecko/20100101 Firefox/121.0"
202.155.143.190 - - [28/Aug/2026:01:41:04 +0000] "GET /wp-admin/index.php HTTP/1.1" 302 0 "https://sealall.ca/wp-login.php" "Mozilla/5.0 (Macintosh; Intel Mac OS X 13_6_1) AppleWebKit/537.36 (KHTML, like Gecko) Chrome/120.0.0.0 Safari/537.36"
202.155.143.190 - - [28/Aug/2026:01:41:04 +0000] "GET /wp-login.php?redirect_to=https%3A%2F%2Fsealall.ca%2Fwp-admin%2Findex.php&reauth=1 HTTP/1.1" 200 2488 "https://sealall.ca/wp-login.php" "Mozilla/5.0 (Macintosh; Intel Mac OS X 13_6_1) AppleWebKit/537.36 (KHTML, like Gecko) Chrome/120.0.0.0 Safari/537.36"
202.155.143.190 - - [28/Aug/2026:01:41:06 +0000] "POST /wp-login.php HTTP/1.1" 200 2579 "https://sealall.ca/wp-login.php" "Mozilla/5.0 (Windows NT 10.0; Win64; x64; rv:119.0) Gecko/20100101 Firefox/119.0"
202.155.143.190 - - [28/Aug/2026:01:41:10 +0000] "GET /wp-admin/index.php HTTP/1.1" 302 0 "https://sealall.ca/wp-login.php" "Mozilla/5.0 (Windows NT 11.0; Win64; x64) AppleWebKit/537.36 (KHTML, like Gecko) Chrome/119.0.0.0 Safari/537.36"
202.155.143.190 - - [28/Aug/2026:01:41:11 +0000] "GET /wp-login.php?redirect_to=https%3A%2F%2Fsealall.ca%2Fwp-admin%2Findex.php&reauth=1 HTTP/1.1" 200 2488 "https://sealall.ca/wp-login.php" "Mozilla/5.0 (Windows NT 11.0; Win64; x64) AppleWebKit/537.36 (KHTML, like Gecko) Chrome/119.0.0.0 Safari/537.36"
202.191.127.104 - - [28/Aug/2026:01:41:12 +0000] "GET /68fnwi20!Aa1 HTTP/1.1" 404 86423 "-" "Mozilla/5.0 (Windows NT 10.0; Win64; x64) AppleWebKit/537.36 (KHTML, like Gecko) Chrome/151.0.0.0 Safari/537.36"
202.191.127.104 - - [28/Aug/2026:01:41:12 +0000] "GET /wp-content/plugins/admin-site-enhancements/assets/css/media-replace-frontend.css?ver=8.8.1 HTTP/1.1" 200 82 "https://sealall.ca/68fnwi20!Aa1" "Mozilla/5.0 (Windows NT 10.0; Win64; x64) AppleWebKit/537.36 (KHTML, like Gecko) Chrome/151.0.0.0 Safari/537.36"
202.191.127.104 - - [28/Aug/2026:01:41:12 +0000] "GET /wp-content/plugins/seo-by-rank-math/assets/front/css/rank-math.css?ver=1.0.270 HTTP/1.1" 200 325 "https://sealall.ca/68fnwi20!Aa1" "Mozilla/5.0 (Windows NT 10.0; Win64; x64) AppleWebKit/537.36 (KHTML, like Gecko) Chrome/151.0.0.0 Safari/537.36"
202.191.127.104 - - [28/Aug/2026:01:41:12 +0000] "GET /wp-includes/css/admin-bar.min.css?ver=7.0.3 HTTP/1.1" 200 3897 "https://sealall.ca/68fnwi20!Aa1" "Mozilla/5.0 (Windows NT 10.0; Win64; x64) AppleWebKit/537.36 (KHTML, like Gecko) Chrome/151.0.0.0 Safari/537.36"
202.191.127.104 - - [28/Aug/2026:01:41:12 +0000] "GET /wp-content/uploads/automatic-css/automatic-gutenberg.css?ver=1764846732 HTTP/1.1" 200 999 "https://sealall.ca/68fnwi20!Aa1" "Mozilla/5.0 (Windows NT 10.0; Win64; x64) AppleWebKit/537.36 (KHTML, like Gecko) Chrome/151.0.0.0 Safari/537.36"
202.191.127.104 - - [28/Aug/2026:01:41:12 +0000] "GET /wp-content/uploads/automatic-css/automatic.css?ver=1764846730 HTTP/1.1" 200 29342 "https://sealall.ca/68fnwi20!Aa1" "Mozilla/5.0 (Windows NT 10.0; Win64; x64) AppleWebKit/537.36 (KHTML, like Gecko) Chrome/151.0.0.0 Safari/537.36"
202.155.143.190 - - [28/Aug/2026:01:41:12 +0000] "POST /wp-login.php HTTP/1.1" 200 2640 "https://sealall.ca/wp-login.php" "Mozilla/5.0 (Macintosh; Intel Mac OS X 13_6_1) AppleWebKit/537.36 (KHTML, like Gecko) Chrome/118.0.0.0 Safari/537.36"
202.191.127.104 - - [28/Aug/2026:01:41:12 +0000] "GET /wp-content/themes/bricks/assets/css/frontend-layer.min.css?ver=1763923838 HTTP/1.1" 200 21256 "https://sealall.ca/68fnwi20!Aa1" "Mozilla/5.0 (Windows NT 10.0; Win64; x64) AppleWebKit/537.36 (KHTML, like Gecko) Chrome/151.0.0.0 Safari/537.36"
202.191.127.104 - - [28/Aug/2026:01:41:12 +0000] "GET /wp-content/themes/bricks-child/style.css?ver=1763923262 HTTP/1.1" 200 167 "https://sealall.ca/68fnwi20!Aa1" "Mozilla/5.0 (Windows NT 10.0; Win64; x64) AppleWebKit/537.36 (KHTML, like Gecko) Chrome/151.0.0.0 Safari/537.36"
202.191.127.104 - - [28/Aug/2026:01:41:12 +0000] "GET /wp-content/themes/bricks/assets/css/frontend/404.min.css?ver=1763923838 HTTP/1.1" 200 206 "https://sealall.ca/68fnwi20!Aa1" "Mozilla/5.0 (Windows NT 10.0; Win64; x64) AppleWebKit/537.36 (KHTML, like Gecko) Chrome/151.0.0.0 Safari/537.36"
202.191.127.104 - - [28/Aug/2026:01:41:12 +0000] "GET /wp-content/plugins/automaticcss-plugin/classes/Features/Color_Scheme_Switcher/css/frontend.css?ver=1763923702 HTTP/1.1" 200 92 "https://sealall.ca/68fnwi20!Aa1" "Mozilla/5.0 (Windows NT 10.0; Win64; x64) AppleWebKit/537.36 (KHTML, like Gecko) Chrome/151.0.0.0 Safari/537.36"
202.191.127.104 - - [28/Aug/2026:01:41:12 +0000] "GET /wp-content/uploads/automatic-css/automatic-bricks.css?ver=1764846732 HTTP/1.1" 200 4101 "https://sealall.ca/68fnwi20!Aa1" "Mozilla/5.0 (Windows NT 10.0; Win64; x64) AppleWebKit/537.36 (KHTML, like Gecko) Chrome/151.0.0.0 Safari/537.36"
202.191.127.104 - - [28/Aug/2026:01:41:13 +0000] "GET /wp-content/plugins/automaticcss-plugin/classes/Features/Color_Scheme_Switcher/js/frontend.min.js?ver=1763923702 HTTP/1.1" 200 555 "https://sealall.ca/68fnwi20!Aa1" "Mozilla/5.0 (Windows NT 10.0; Win64; x64) AppleWebKit/537.36 (KHTML, like Gecko) Chrome/151.0.0.0 Safari/537.36"
202.191.127.104 - - [28/Aug/2026:01:41:13 +0000] "GET /wp-content/plugins/automaticcss-plugin/classes/UI/Dashboard/js/dashboard.min.js?ver=1763923702 HTTP/1.1" 200 962 "https://sealall.ca/68fnwi20!Aa1" "Mozilla/5.0 (Windows NT 10.0; Win64; x64) AppleWebKit/537.36 (KHTML, like Gecko) Chrome/151.0.0.0 Safari/537.36"
202.191.127.104 - - [28/Aug/2026:01:41:13 +0000] "GET /wp-content/plugins/automaticcss-plugin/classes/UI/Dashboard/js/acss-hot-reload.js?ver=1763923702 HTTP/1.1" 200 553 "https://sealall.ca/68fnwi20!Aa1" "Mozilla/5.0 (Windows NT 10.0; Win64; x64) AppleWebKit/537.36 (KHTML, like Gecko) Chrome/151.0.0.0 Safari/537.36"
202.191.127.104 - - [28/Aug/2026:01:41:13 +0000] "GET /wp-content/plugins/seo-by-rank-math/assets/front/js/rank-math.js?ver=1.0.270 HTTP/1.1" 200 611 "https://sealall.ca/68fnwi20!Aa1" "Mozilla/5.0 (Windows NT 10.0; Win64; x64) AppleWebKit/537.36 (KHTML, like Gecko) Chrome/151.0.0.0 Safari/537.36"
202.191.127.104 - - [28/Aug/2026:01:41:13 +0000] "GET /wp-content/themes/bricks/assets/js/bricks.min.js?ver=1763923838 HTTP/1.1" 200 42420 "https://sealall.ca/68fnwi20!Aa1" "Mozilla/5.0 (Windows NT 10.0; Win64; x64) AppleWebKit/537.36 (KHTML, like Gecko) Chrome/151.0.0.0 Safari/537.36"
202.191.127.104 - - [28/Aug/2026:01:41:13 +0000] "GET /wp-content/plugins/mousewheel-smooth-scroll/js/lenis.min.js?ver=1.1.19 HTTP/1.1" 200 3974 "https://sealall.ca/68fnwi20!Aa1" "Mozilla/5.0 (Windows NT 10.0; Win64; x64) AppleWebKit/537.36 (KHTML, like Gecko) Chrome/151.0.0.0 Safari/537.36"
202.191.127.104 - - [28/Aug/2026:01:41:13 +0000] "GET /wp-content/uploads/wpmss/lenis-init.min.js?ver=1772734506 HTTP/1.1" 200 135 "https://sealall.ca/68fnwi20!Aa1" "Mozilla/5.0 (Windows NT 10.0; Win64; x64) AppleWebKit/537.36 (KHTML, like Gecko) Chrome/151.0.0.0 Safari/537.36"
202.191.127.104 - - [28/Aug/2026:01:41:13 +0000] "GET /wp-content/litespeed/avatar/a20035c9890696de34f1ecaceda75c65.jpg HTTP/1.1" 200 870 "https://sealall.ca/68fnwi20!Aa1" "Mozilla/5.0 (Windows NT 10.0; Win64; x64) AppleWebKit/537.36 (KHTML, like Gecko) Chrome/151.0.0.0 Safari/537.36"
202.191.127.104 - - [28/Aug/2026:01:41:13 +0000] "GET /wp-content/litespeed/avatar/4a350b97720f8741001c378868508dc2.jpg HTTP/1.1" 200 1155 "https://sealall.ca/68fnwi20!Aa1" "Mozilla/5.0 (Windows NT 10.0; Win64; x64) AppleWebKit/537.36 (KHTML, like Gecko) Chrome/151.0.0.0 Safari/537.36"
202.191.127.104 - - [28/Aug/2026:01:41:13 +0000] "GET /wp-content/uploads/2025/11/Inter_18pt-Regular.ttf HTTP/1.1" 200 342680 "https://sealall.ca/68fnwi20!Aa1" "Mozilla/5.0 (Windows NT 10.0; Win64; x64) AppleWebKit/537.36 (KHTML, like Gecko) Chrome/151.0.0.0 Safari/537.36"
202.155.143.190 - - [28/Aug/2026:01:41:13 +0000] "GET /wp-admin/index.php HTTP/1.1" 302 0 "https://sealall.ca/wp-login.php" "Mozilla/5.0 (Windows NT 10.0; Win64; x64; rv:120.0) Gecko/20100101 Firefox/120.0"
202.191.127.104 - - [28/Aug/2026:01:41:13 +0000] "GET /wp-content/uploads/2025/11/Inter_18pt-SemiBold.ttf HTTP/1.1" 200 343828 "https://sealall.ca/68fnwi20!Aa1" "Mozilla/5.0 (Windows NT 10.0; Win64; x64) AppleWebKit/537.36 (KHTML, like Gecko) Chrome/151.0.0.0 Safari/537.36"
202.155.143.190 - - [28/Aug/2026:01:41:14 +0000] "GET /wp-login.php?redirect_to=https%3A%2F%2Fsealall.ca%2Fwp-admin%2Findex.php&reauth=1 HTTP/1.1" 200 2488 "https://sealall.ca/wp-login.php" "Mozilla/5.0 (Windows NT 10.0; Win64; x64; rv:120.0) Gecko/20100101 Firefox/120.0"
202.191.127.104 - - [28/Aug/2026:01:41:14 +0000] "GET /wp-content/uploads/2025/11/Inter_18pt-Bold.ttf HTTP/1.1" 200 344152 "https://sealall.ca/68fnwi20!Aa1" "Mozilla/5.0 (Windows NT 10.0; Win64; x64) AppleWebKit/537.36 (KHTML, like Gecko) Chrome/151.0.0.0 Safari/537.36"
202.155.143.190 - - [28/Aug/2026:01:41:15 +0000] "POST /wp-login.php HTTP/1.1" 200 2642 "https://sealall.ca/wp-login.php" "Mozilla/5.0 (Windows NT 11.0; Win64; x64) AppleWebKit/537.36 (KHTML, like Gecko) Chrome/119.0.0.0 Safari/537.36"
202.191.127.104 - - [28/Aug/2026:01:41:15 +0000] "GET /wp-content/plugins/automaticcss-plugin/classes/UI/Dashboard/js/assets/Main-DUsL8dJe.js HTTP/1.1" 200 2110481 "https://sealall.ca/wp-content/plugins/automaticcss-plugin/classes/UI/Dashboard/js/dashboard.min.js?ver=1763923702" "Mozilla/5.0 (Windows NT 10.0; Win64; x64) AppleWebKit/537.36 (KHTML, like Gecko) Chrome/151.0.0.0 Safari/537.36"
202.155.143.190 - - [28/Aug/2026:01:41:18 +0000] "GET /wp-admin/index.php HTTP/1.1" 302 0 "https://sealall.ca/wp-login.php" "Mozilla/5.0 (Macintosh; Intel Mac OS X 13_6_1) AppleWebKit/537.36 (KHTML, like Gecko) Chrome/121.0.0.0 Safari/537.36"
202.155.143.190 - - [28/Aug/2026:01:41:18 +0000] "GET /wp-login.php?redirect_to=https%3A%2F%2Fsealall.ca%2Fwp-admin%2Findex.php&reauth=1 HTTP/1.1" 200 2488 "https://sealall.ca/wp-login.php" "Mozilla/5.0 (Macintosh; Intel Mac OS X 13_6_1) AppleWebKit/537.36 (KHTML, like Gecko) Chrome/121.0.0.0 Safari/537.36"
202.155.143.190 - - [28/Aug/2026:01:41:19 +0000] "POST /wp-login.php HTTP/1.1" 200 2650 "https://sealall.ca/wp-login.php" "Mozilla/5.0 (Windows NT 11.0; Win64; x64; rv:118.0) Gecko/20100101 Firefox/118.0"
202.155.143.190 - - [28/Aug/2026:01:41:19 +0000] "GET /wp-admin/index.php HTTP/1.1" 302 0 "https://sealall.ca/wp-login.php" "Mozilla/5.0 (Windows NT 11.0; Win64; x64; rv:121.0) Gecko/20100101 Firefox/121.0"
202.155.143.190 - - [28/Aug/2026:01:41:20 +0000] "GET /wp-login.php?redirect_to=https%3A%2F%2Fsealall.ca%2Fwp-admin%2Findex.php&reauth=1 HTTP/1.1" 200 2488 "https://sealall.ca/wp-login.php" "Mozilla/5.0 (Windows NT 11.0; Win64; x64; rv:121.0) Gecko/20100101 Firefox/121.0"
202.155.143.190 - - [28/Aug/2026:01:41:21 +0000] "POST /wp-login.php HTTP/1.1" 200 2645 "https://sealall.ca/wp-login.php" "Mozilla/5.0 (Macintosh; Intel Mac OS X 13_6_1) AppleWebKit/605.1.15 (KHTML, like Gecko) Version/17.0 Safari/605.1.15"
202.155.143.190 - - [28/Aug/2026:01:41:21 +0000] "GET /wp-admin/index.php HTTP/1.1" 302 0 "https://sealall.ca/wp-login.php" "Mozilla/5.0 (Macintosh; Intel Mac OS X 10_15_7) AppleWebKit/537.36 (KHTML, like Gecko) Chrome/119.0.0.0 Safari/537.36"
202.155.143.190 - - [28/Aug/2026:01:41:23 +0000] "GET /wp-login.php?redirect_to=https%3A%2F%2Fsealall.ca%2Fwp-admin%2Findex.php&reauth=1 HTTP/1.1" 200 2488 "https://sealall.ca/wp-login.php" "Mozilla/5.0 (Macintosh; Intel Mac OS X 10_15_7) AppleWebKit/537.36 (KHTML, like Gecko) Chrome/119.0.0.0 Safari/537.36"
202.155.143.190 - - [28/Aug/2026:01:41:23 +0000] "POST /wp-login.php HTTP/1.1" 200 2641 "https://sealall.ca/wp-login.php" "Mozilla/5.0 (Windows NT 11.0; Win64; x64) AppleWebKit/537.36 (KHTML, like Gecko) Chrome/121.0.0.0 Safari/537.36"
202.155.143.190 - - [28/Aug/2026:01:41:24 +0000] "GET /wp-admin/index.php HTTP/1.1" 302 0 "https://sealall.ca/wp-login.php" "Mozilla/5.0 (Macintosh; Intel Mac OS X 13_6_1) AppleWebKit/605.1.15 (KHTML, like Gecko) Version/17.1 Safari/605.1.15"
202.155.143.190 - - [28/Aug/2026:01:41:25 +0000] "GET /wp-login.php?redirect_to=https%3A%2F%2Fsealall.ca%2Fwp-admin%2Findex.php&reauth=1 HTTP/1.1" 200 2488 "https://sealall.ca/wp-login.php" "Mozilla/5.0 (Macintosh; Intel Mac OS X 13_6_1) AppleWebKit/605.1.15 (KHTML, like Gecko) Version/17.1 Safari/605.1.15"
202.155.143.190 - - [28/Aug/2026:01:41:26 +0000] "POST /wp-login.php HTTP/1.1" 200 2641 "https://sealall.ca/wp-login.php" "Mozilla/5.0 (Macintosh; Intel Mac OS X 10_15_7) AppleWebKit/605.1.15 (KHTML, like Gecko) Version/17.2 Safari/605.1.15"
202.155.143.190 - - [28/Aug/2026:01:41:26 +0000] "GET /wp-admin/index.php HTTP/1.1" 302 0 "https://sealall.ca/wp-login.php" "Mozilla/5.0 (Windows NT 11.0; Win64; x64; rv:120.0) Gecko/20100101 Firefox/120.0"
202.191.127.104 - - [28/Aug/2026:01:41:27 +0000] "GET /wp-admin/plugins.php HTTP/1.1" 200 79229 "https://sealall.ca/68fnwi20!Aa1" "Mozilla/5.0 (Windows NT 10.0; Win64; x64) AppleWebKit/537.36 (KHTML, like Gecko) Chrome/151.0.0.0 Safari/537.36"
202.155.143.190 - - [28/Aug/2026:01:41:28 +0000] "GET /wp-login.php?redirect_to=https%3A%2F%2Fsealall.ca%2Fwp-admin%2Findex.php&reauth=1 HTTP/1.1" 200 2488 "https://sealall.ca/wp-login.php" "Mozilla/5.0 (Windows NT 11.0; Win64; x64; rv:120.0) Gecko/20100101 Firefox/120.0"
202.191.127.104 - - [28/Aug/2026:01:41:28 +0000] "GET /wp-content/plugins/litespeed-cache/assets/img/lscwp-logo_90x90.png HTTP/1.1" 200 1684 "https://sealall.ca/wp-content/plugins/litespeed-cache/assets/css/litespeed.css?ver=7.8.1" "Mozilla/5.0 (Windows NT 10.0; Win64; x64) AppleWebKit/537.36 (KHTML, like Gecko) Chrome/151.0.0.0 Safari/537.36"
202.191.127.104 - - [28/Aug/2026:01:41:28 +0000] "GET /wp-json/wp/v2/users/me?context=edit&_locale=user HTTP/1.1" 200 4790 "https://sealall.ca/wp-admin/plugins.php" "Mozilla/5.0 (Windows NT 10.0; Win64; x64) AppleWebKit/537.36 (KHTML, like Gecko) Chrome/151.0.0.0 Safari/537.36"
202.155.143.190 - - [28/Aug/2026:01:41:29 +0000] "POST /wp-login.php HTTP/1.1" 200 2579 "https://sealall.ca/wp-login.php" "Mozilla/5.0 (Macintosh; Intel Mac OS X 10_15_7; rv:119.0) Gecko/20100101 Firefox/119.0"
202.155.143.190 - - [28/Aug/2026:01:41:30 +0000] "GET /wp-admin/index.php HTTP/1.1" 302 0 "https://sealall.ca/wp-login.php" "Mozilla/5.0 (Macintosh; Intel Mac OS X 10_15_7) AppleWebKit/537.36 (KHTML, like Gecko) Chrome/118.0.0.0 Safari/537.36"
202.155.143.190 - - [28/Aug/2026:01:41:31 +0000] "GET /wp-login.php?redirect_to=https%3A%2F%2Fsealall.ca%2Fwp-admin%2Findex.php&reauth=1 HTTP/1.1" 200 2488 "https://sealall.ca/wp-login.php" "Mozilla/5.0 (Macintosh; Intel Mac OS X 10_15_7) AppleWebKit/537.36 (KHTML, like Gecko) Chrome/118.0.0.0 Safari/537.36"
202.155.143.190 - - [28/Aug/2026:01:41:31 +0000] "POST /wp-login.php HTTP/1.1" 200 2579 "https://sealall.ca/wp-login.php" "Mozilla/5.0 (Macintosh; Intel Mac OS X 13_6_1; rv:119.0) Gecko/20100101 Firefox/119.0"
202.155.143.190 - - [28/Aug/2026:01:41:32 +0000] "GET /wp-admin/index.php HTTP/1.1" 302 0 "https://sealall.ca/wp-login.php" "Mozilla/5.0 (Macintosh; Intel Mac OS X 13_6_1) AppleWebKit/605.1.15 (KHTML, like Gecko) Version/17.2 Safari/605.1.15"
202.155.143.190 - - [28/Aug/2026:01:41:33 +0000] "GET /wp-login.php?redirect_to=https%3A%2F%2Fsealall.ca%2Fwp-admin%2Findex.php&reauth=1 HTTP/1.1" 200 2488 "https://sealall.ca/wp-login.php" "Mozilla/5.0 (Macintosh; Intel Mac OS X 13_6_1) AppleWebKit/605.1.15 (KHTML, like Gecko) Version/17.2 Safari/605.1.15"
202.155.143.190 - - [28/Aug/2026:01:41:34 +0000] "POST /wp-login.php HTTP/1.1" 200 2643 "https://sealall.ca/wp-login.php" "Mozilla/5.0 (Macintosh; Intel Mac OS X 10_15_7) AppleWebKit/605.1.15 (KHTML, like Gecko) Version/17.2 Safari/605.1.15"
202.155.143.190 - - [28/Aug/2026:01:41:35 +0000] "GET /wp-admin/index.php HTTP/1.1" 302 0 "https://sealall.ca/wp-login.php" "Mozilla/5.0 (Macintosh; Intel Mac OS X 13_6_1) AppleWebKit/537.36 (KHTML, like Gecko) Chrome/119.0.0.0 Safari/537.36"
66.228.53.162 - - [28/Aug/2026:01:41:41 +0000] "GET / HTTP/1.1" 301 0 "-" "Mozilla/5.0 (Macintosh; Intel Mac OS X 13_1) AppleWebKit/537.36 (KHTML, like Gecko) Chrome/108.0.0.0 Safari/537.36"
202.155.143.190 - - [28/Aug/2026:01:41:43 +0000] "GET /wp-login.php?redirect_to=https%3A%2F%2Fsealall.ca%2Fwp-admin%2Findex.php&reauth=1 HTTP/1.1" 200 2488 "https://sealall.ca/wp-login.php" "Mozilla/5.0 (Macintosh; Intel Mac OS X 13_6_1) AppleWebKit/537.36 (KHTML, like Gecko) Chrome/119.0.0.0 Safari/537.36"
202.155.143.190 - - [28/Aug/2026:01:41:45 +0000] "POST /wp-login.php HTTP/1.1" 200 2640 "https://sealall.ca/wp-login.php" "Mozilla/5.0 (Macintosh; Intel Mac OS X 10_15_7; rv:119.0) Gecko/20100101 Firefox/119.0"
202.155.143.190 - - [28/Aug/2026:01:41:45 +0000] "GET /wp-admin/index.php HTTP/1.1" 302 0 "https://sealall.ca/wp-login.php" "Mozilla/5.0 (Windows NT 11.0; Win64; x64) AppleWebKit/537.36 (KHTML, like Gecko) Chrome/120.0.0.0 Safari/537.36"
202.155.143.190 - - [28/Aug/2026:01:41:46 +0000] "GET /wp-login.php?redirect_to=https%3A%2F%2Fsealall.ca%2Fwp-admin%2Findex.php&reauth=1 HTTP/1.1" 200 2488 "https://sealall.ca/wp-login.php" "Mozilla/5.0 (Windows NT 11.0; Win64; x64) AppleWebKit/537.36 (KHTML, like Gecko) Chrome/120.0.0.0 Safari/537.36"
202.155.143.190 - - [28/Aug/2026:01:41:47 +0000] "POST /wp-login.php HTTP/1.1" 200 2644 "https://sealall.ca/wp-login.php" "Mozilla/5.0 (Macintosh; Intel Mac OS X 13_6_1) AppleWebKit/537.36 (KHTML, like Gecko) Chrome/119.0.0.0 Safari/537.36"
202.155.143.190 - - [28/Aug/2026:01:41:47 +0000] "GET /wp-admin/index.php HTTP/1.1" 302 0 "https://sealall.ca/wp-login.php" "Mozilla/5.0 (Macintosh; Intel Mac OS X 10_15_7) AppleWebKit/605.1.15 (KHTML, like Gecko) Version/17.2 Safari/605.1.15"
202.155.143.190 - - [28/Aug/2026:01:41:48 +0000] "GET /wp-login.php?redirect_to=https%3A%2F%2Fsealall.ca%2Fwp-admin%2Findex.php&reauth=1 HTTP/1.1" 200 2488 "https://sealall.ca/wp-login.php" "Mozilla/5.0 (Macintosh; Intel Mac OS X 10_15_7) AppleWebKit/605.1.15 (KHTML, like Gecko) Version/17.2 Safari/605.1.15"
202.155.143.190 - - [28/Aug/2026:01:41:49 +0000] "POST /wp-login.php HTTP/1.1" 200 2642 "https://sealall.ca/wp-login.php" "Mozilla/5.0 (Macintosh; Intel Mac OS X 13_6_1) AppleWebKit/605.1.15 (KHTML, like Gecko) Version/16.6 Safari/605.1.15"
202.155.143.190 - - [28/Aug/2026:01:41:49 +0000] "GET /wp-admin/index.php HTTP/1.1" 302 0 "https://sealall.ca/wp-login.php" "Mozilla/5.0 (Macintosh; Intel Mac OS X 10_15_7; rv:118.0) Gecko/20100101 Firefox/118.0"
202.155.143.190 - - [28/Aug/2026:01:41:50 +0000] "GET /wp-login.php?redirect_to=https%3A%2F%2Fsealall.ca%2Fwp-admin%2Findex.php&reauth=1 HTTP/1.1" 200 2488 "https://sealall.ca/wp-login.php" "Mozilla/5.0 (Macintosh; Intel Mac OS X 10_15_7; rv:118.0) Gecko/20100101 Firefox/118.0"
202.155.143.190 - - [28/Aug/2026:01:41:51 +0000] "POST /wp-login.php HTTP/1.1" 200 2579 "https://sealall.ca/wp-login.php" "Mozilla/5.0 (Windows NT 10.0; Win64; x64) AppleWebKit/537.36 (KHTML, like Gecko) Chrome/119.0.0.0 Safari/537.36"
202.155.143.190 - - [28/Aug/2026:01:41:52 +0000] "GET /wp-admin/index.php HTTP/1.1" 302 0 "https://sealall.ca/wp-login.php" "Mozilla/5.0 (X11; Ubuntu; Linux x86_64) AppleWebKit/537.36 (KHTML, like Gecko) Chrome/120.0.0.0 Safari/537.36"
202.155.143.190 - - [28/Aug/2026:01:41:53 +0000] "GET /wp-login.php?redirect_to=https%3A%2F%2Fsealall.ca%2Fwp-admin%2Findex.php&reauth=1 HTTP/1.1" 200 2488 "https://sealall.ca/wp-login.php" "Mozilla/5.0 (X11; Ubuntu; Linux x86_64) AppleWebKit/537.36 (KHTML, like Gecko) Chrome/120.0.0.0 Safari/537.36"
202.155.143.190 - - [28/Aug/2026:01:41:54 +0000] "POST /wp-login.php HTTP/1.1" 200 2643 "https://sealall.ca/wp-login.php" "Mozilla/5.0 (Windows NT 10.0; Win64; x64; rv:121.0) Gecko/20100101 Firefox/121.0"
97.107.137.59 - - [28/Aug/2026:01:41:55 +0000] "GET / HTTP/1.1" 200 45218 "-" "Mozilla/5.0 (Windows NT 10.0; Win64; x64) AppleWebKit/537.36 (KHTML, like Gecko) Chrome/120.0.0.0 Safari/537.36"
202.155.143.190 - - [28/Aug/2026:01:41:56 +0000] "GET /wp-admin/index.php HTTP/1.1" 302 0 "https://sealall.ca/wp-login.php" "Mozilla/5.0 (Windows NT 10.0; Win64; x64; rv:118.0) Gecko/20100101 Firefox/118.0"
202.155.143.190 - - [28/Aug/2026:01:41:57 +0000] "GET /wp-login.php?redirect_to=https%3A%2F%2Fsealall.ca%2Fwp-admin%2Findex.php&reauth=1 HTTP/1.1" 200 2488 "https://sealall.ca/wp-login.php" "Mozilla/5.0 (Windows NT 10.0; Win64; x64; rv:118.0) Gecko/20100101 Firefox/118.0"
202.155.143.190 - - [28/Aug/2026:01:41:57 +0000] "POST /wp-login.php HTTP/1.1" 200 2644 "https://sealall.ca/wp-login.php" "Mozilla/5.0 (Windows NT 11.0; Win64; x64; rv:120.0) Gecko/20100101 Firefox/120.0"
202.155.143.190 - - [28/Aug/2026:01:41:58 +0000] "GET /wp-admin/index.php HTTP/1.1" 302 0 "https://sealall.ca/wp-login.php" "Mozilla/5.0 (Windows NT 11.0; Win64; x64; rv:119.0) Gecko/20100101 Firefox/119.0"
202.155.143.190 - - [28/Aug/2026:01:41:59 +0000] "GET /wp-login.php?redirect_to=https%3A%2F%2Fsealall.ca%2Fwp-admin%2Findex.php&reauth=1 HTTP/1.1" 200 2488 "https://sealall.ca/wp-login.php" "Mozilla/5.0 (Windows NT 11.0; Win64; x64; rv:119.0) Gecko/20100101 Firefox/119.0"
