20.48.160.90 - - [28/Aug/2026:17:26:53 +0000] "GET /bulet.php HTTP/1.1" 404 79338 "-" "-"
20.48.160.90 - - [28/Aug/2026:17:26:53 +0000] "GET //av.php HTTP/1.1" 301 0 "-" "-"
20.48.160.90 - - [28/Aug/2026:17:26:53 +0000] "GET /av.php HTTP/1.1" 404 79332 "-" "-"
20.48.160.90 - - [28/Aug/2026:17:26:53 +0000] "GET /images.php HTTP/1.1" 301 0 "-" "-"
20.48.160.90 - - [28/Aug/2026:17:26:53 +0000] "GET /images.php HTTP/1.1" 404 79340 "-" "-"
20.48.160.90 - - [28/Aug/2026:17:26:54 +0000] "GET /ops.php HTTP/1.1" 301 0 "-" "-"
20.48.160.90 - - [28/Aug/2026:17:26:54 +0000] "GET /ops.php HTTP/1.1" 404 79334 "-" "-"
20.48.160.90 - - [28/Aug/2026:17:26:54 +0000] "GET /coffexium.php HTTP/1.1" 301 0 "-" "-"
20.48.160.90 - - [28/Aug/2026:17:26:54 +0000] "GET /coffexium.php HTTP/1.1" 404 79346 "-" "-"
20.48.160.90 - - [28/Aug/2026:17:26:54 +0000] "GET /BDKR28WP.php HTTP/1.1" 301 0 "-" "-"
20.48.160.90 - - [28/Aug/2026:17:26:55 +0000] "GET /BDKR28WP.php HTTP/1.1" 404 79344 "-" "-"
20.48.160.90 - - [28/Aug/2026:17:26:55 +0000] "GET /sf.php HTTP/1.1" 301 0 "-" "-"
20.48.160.90 - - [28/Aug/2026:17:26:55 +0000] "GET /sf.php HTTP/1.1" 404 79332 "-" "-"
20.48.160.90 - - [28/Aug/2026:17:26:55 +0000] "GET /k.php?p= HTTP/1.1" 301 0 "-" "-"
20.48.160.90 - - [28/Aug/2026:17:26:55 +0000] "GET /k.php HTTP/1.1" 404 79330 "-" "-"
20.48.160.90 - - [28/Aug/2026:17:26:55 +0000] "GET /82.php HTTP/1.1" 301 0 "-" "-"
20.48.160.90 - - [28/Aug/2026:17:26:56 +0000] "GET /82.php HTTP/1.1" 404 79332 "-" "-"
20.48.160.90 - - [28/Aug/2026:17:26:56 +0000] "GET /dex.php HTTP/1.1" 301 0 "-" "-"
20.48.160.90 - - [28/Aug/2026:17:26:56 +0000] "GET /dex.php HTTP/1.1" 404 79334 "-" "-"
20.48.160.90 - - [28/Aug/2026:17:26:56 +0000] "GET /inso.php HTTP/1.1" 301 0 "-" "-"
20.48.160.90 - - [28/Aug/2026:17:26:56 +0000] "GET /inso.php HTTP/1.1" 404 79336 "-" "-"
20.48.160.90 - - [28/Aug/2026:17:26:57 +0000] "GET //aa.php HTTP/1.1" 301 0 "-" "-"
20.48.160.90 - - [28/Aug/2026:17:26:57 +0000] "GET /aa.php HTTP/1.1" 404 79332 "-" "-"
20.48.160.90 - - [28/Aug/2026:17:26:57 +0000] "GET /img.php HTTP/1.1" 301 0 "-" "-"
20.48.160.90 - - [28/Aug/2026:17:26:57 +0000] "GET /img.php HTTP/1.1" 404 79334 "-" "-"
20.48.160.90 - - [28/Aug/2026:17:26:57 +0000] "GET /222.php HTTP/1.1" 301 0 "-" "-"
20.48.160.90 - - [28/Aug/2026:17:26:57 +0000] "GET /222.php HTTP/1.1" 404 79334 "-" "-"
20.48.160.90 - - [28/Aug/2026:17:26:58 +0000] "GET /key.php HTTP/1.1" 301 0 "-" "-"
20.48.160.90 - - [28/Aug/2026:17:26:58 +0000] "GET /key.php HTTP/1.1" 404 79334 "-" "-"
20.48.160.90 - - [28/Aug/2026:17:26:58 +0000] "GET /chosen.php HTTP/1.1" 301 0 "-" "-"
20.48.160.90 - - [28/Aug/2026:17:26:58 +0000] "GET /chosen.php HTTP/1.1" 404 79340 "-" "-"
20.48.160.90 - - [28/Aug/2026:17:26:58 +0000] "GET /file1221.php HTTP/1.1" 301 0 "-" "-"
20.48.160.90 - - [28/Aug/2026:17:26:59 +0000] "GET /file1221.php HTTP/1.1" 404 79344 "-" "-"
20.48.160.90 - - [28/Aug/2026:17:26:59 +0000] "GET /nox.php HTTP/1.1" 301 0 "-" "-"
20.48.160.90 - - [28/Aug/2026:17:26:59 +0000] "GET /nox.php HTTP/1.1" 404 79334 "-" "-"
20.48.160.90 - - [28/Aug/2026:17:26:59 +0000] "GET /akismet.php HTTP/1.1" 301 0 "-" "-"
20.48.160.90 - - [28/Aug/2026:17:26:59 +0000] "GET /akismet.php HTTP/1.1" 404 79342 "-" "-"
112.86.225.219 - - [28/Aug/2026:17:27:00 +0000] "GET /aurora/about/ HTTP/1.1" 301 0 "-" "Sogou web spider/4.0(+http://www.sogou.com/docs/help/webmasters.htm#07)"
20.48.160.90 - - [28/Aug/2026:17:27:00 +0000] "GET /ajax.php HTTP/1.1" 301 0 "-" "-"
20.48.160.90 - - [28/Aug/2026:17:27:00 +0000] "GET /ajax.php HTTP/1.1" 404 79336 "-" "-"
20.48.160.90 - - [28/Aug/2026:17:27:00 +0000] "GET /atomlib.php HTTP/1.1" 301 0 "-" "-"
20.48.160.90 - - [28/Aug/2026:17:27:00 +0000] "GET /atomlib.php HTTP/1.1" 404 79342 "-" "-"
112.86.225.219 - - [28/Aug/2026:17:27:00 +0000] "GET /about-us/ HTTP/1.1" 200 17881 "-" "Sogou web spider/4.0(+http://www.sogou.com/docs/help/webmasters.htm#07)"
20.48.160.90 - - [28/Aug/2026:17:27:00 +0000] "GET /1.php?p= HTTP/1.1" 301 0 "-" "-"
20.48.160.90 - - [28/Aug/2026:17:27:01 +0000] "GET /1.php HTTP/1.1" 404 79330 "-" "-"
20.48.160.90 - - [28/Aug/2026:17:27:01 +0000] "GET /samll.php HTTP/1.1" 301 0 "-" "-"
20.48.160.90 - - [28/Aug/2026:17:27:01 +0000] "GET /samll.php HTTP/1.1" 404 79338 "-" "-"
20.48.160.90 - - [28/Aug/2026:17:27:01 +0000] "GET /she11.php HTTP/1.1" 301 0 "-" "-"
20.48.160.90 - - [28/Aug/2026:17:27:02 +0000] "GET /she11.php HTTP/1.1" 404 79338 "-" "-"
20.48.160.90 - - [28/Aug/2026:17:27:02 +0000] "GET /kerang.php HTTP/1.1" 301 0 "-" "-"
20.48.160.90 - - [28/Aug/2026:17:27:02 +0000] "GET /kerang.php HTTP/1.1" 404 79340 "-" "-"
20.48.160.90 - - [28/Aug/2026:17:27:02 +0000] "GET /m.php?p= HTTP/1.1" 301 0 "-" "-"
20.48.160.90 - - [28/Aug/2026:17:27:03 +0000] "GET /m.php HTTP/1.1" 404 79330 "-" "-"
20.48.160.90 - - [28/Aug/2026:17:27:03 +0000] "GET /fling.php?p= HTTP/1.1" 301 0 "-" "-"
20.48.160.90 - - [28/Aug/2026:17:27:03 +0000] "GET /fling.php HTTP/1.1" 404 79338 "-" "-"
20.48.160.90 - - [28/Aug/2026:17:27:03 +0000] "GET /btyuio.php HTTP/1.1" 301 0 "-" "-"
20.48.160.90 - - [28/Aug/2026:17:27:03 +0000] "GET /btyuio.php HTTP/1.1" 404 79340 "-" "-"
20.48.160.90 - - [28/Aug/2026:17:27:04 +0000] "GET /dehnl.php HTTP/1.1" 301 0 "-" "-"
20.48.160.90 - - [28/Aug/2026:17:27:04 +0000] "GET /dehnl.php HTTP/1.1" 404 79338 "-" "-"
20.48.160.90 - - [28/Aug/2026:17:27:04 +0000] "GET /zoo2.php HTTP/1.1" 301 0 "-" "-"
20.48.160.90 - - [28/Aug/2026:17:27:04 +0000] "GET /zoo2.php HTTP/1.1" 404 79336 "-" "-"
20.48.160.90 - - [28/Aug/2026:17:27:04 +0000] "GET /zoo1.php?p= HTTP/1.1" 301 0 "-" "-"
20.48.160.90 - - [28/Aug/2026:17:27:05 +0000] "GET /zoo1.php HTTP/1.1" 404 79336 "-" "-"
20.48.160.90 - - [28/Aug/2026:17:27:05 +0000] "GET /radio.php HTTP/1.1" 301 0 "-" "-"
20.48.160.90 - - [28/Aug/2026:17:27:05 +0000] "GET /radio.php HTTP/1.1" 404 79338 "-" "-"
129.226.193.111 - - [28/Aug/2026:17:27:05 +0000] "GET /wp-content/uploads/2025/11/cropped-SealAll-Stone-Restoration_FAW-192x192.webp HTTP/1.1" 200 10156 "-" "Mozilla/5.0 (iPhone; CPU iPhone OS 13_2_3 like Mac OS X) AppleWebKit/605.1.15 (KHTML, like Gecko) Version/13.0.3 Mobile/15E148 Safari/604.1"
20.48.160.90 - - [28/Aug/2026:17:27:05 +0000] "GET /one.php HTTP/1.1" 301 0 "-" "-"
20.48.160.90 - - [28/Aug/2026:17:27:05 +0000] "GET /one.php HTTP/1.1" 404 79334 "-" "-"
20.48.160.90 - - [28/Aug/2026:17:27:06 +0000] "GET /503.php HTTP/1.1" 301 0 "-" "-"
20.48.160.90 - - [28/Aug/2026:17:27:06 +0000] "GET /503.php HTTP/1.1" 404 79334 "-" "-"
20.48.160.90 - - [28/Aug/2026:17:27:06 +0000] "GET /504.php HTTP/1.1" 301 0 "-" "-"
20.48.160.90 - - [28/Aug/2026:17:27:06 +0000] "GET /504.php HTTP/1.1" 404 79334 "-" "-"
20.48.160.90 - - [28/Aug/2026:17:27:06 +0000] "GET /admin.php?p= HTTP/1.1" 301 0 "-" "-"
20.48.160.90 - - [28/Aug/2026:17:27:07 +0000] "GET /admin.php HTTP/1.1" 404 79345 "-" "-"
20.48.160.90 - - [28/Aug/2026:17:27:07 +0000] "GET /ws85.php?p= HTTP/1.1" 301 0 "-" "-"
20.48.160.90 - - [28/Aug/2026:17:27:07 +0000] "GET /ws85.php HTTP/1.1" 404 79336 "-" "-"
20.48.160.90 - - [28/Aug/2026:17:27:07 +0000] "GET /ffs.php HTTP/1.1" 301 0 "-" "-"
20.48.160.90 - - [28/Aug/2026:17:27:07 +0000] "GET /ffs.php HTTP/1.1" 404 79334 "-" "-"
20.48.160.90 - - [28/Aug/2026:17:27:07 +0000] "GET /nano.php HTTP/1.1" 301 0 "-" "-"
20.48.160.90 - - [28/Aug/2026:17:27:08 +0000] "GET /nano.php HTTP/1.1" 404 79336 "-" "-"
20.48.160.90 - - [28/Aug/2026:17:27:08 +0000] "GET /ano.php HTTP/1.1" 301 0 "-" "-"
20.48.160.90 - - [28/Aug/2026:17:27:08 +0000] "GET /ano.php HTTP/1.1" 404 79334 "-" "-"
20.48.160.90 - - [28/Aug/2026:17:27:08 +0000] "GET /mgrr.php HTTP/1.1" 301 0 "-" "-"
20.48.160.90 - - [28/Aug/2026:17:27:08 +0000] "GET /mgrr.php HTTP/1.1" 404 79336 "-" "-"
20.48.160.90 - - [28/Aug/2026:17:27:09 +0000] "GET /mac.php HTTP/1.1" 301 0 "-" "-"
20.48.160.90 - - [28/Aug/2026:17:27:09 +0000] "GET /mac.php HTTP/1.1" 404 79334 "-" "-"
20.48.160.90 - - [28/Aug/2026:17:27:09 +0000] "GET /simple.php HTTP/1.1" 301 0 "-" "-"
20.48.160.90 - - [28/Aug/2026:17:27:09 +0000] "GET /simple.php HTTP/1.1" 404 79340 "-" "-"
20.48.160.90 - - [28/Aug/2026:17:27:09 +0000] "GET /xty.php?p= HTTP/1.1" 301 0 "-" "-"
20.48.160.90 - - [28/Aug/2026:17:27:10 +0000] "GET /xty.php HTTP/1.1" 404 79334 "-" "-"
20.48.160.90 - - [28/Aug/2026:17:27:10 +0000] "GET /sallu.php HTTP/1.1" 301 0 "-" "-"
20.48.160.90 - - [28/Aug/2026:17:27:10 +0000] "GET /sallu.php HTTP/1.1" 404 79338 "-" "-"
20.48.160.90 - - [28/Aug/2026:17:27:10 +0000] "GET /codex.php HTTP/1.1" 301 0 "-" "-"
20.48.160.90 - - [28/Aug/2026:17:27:10 +0000] "GET /codex.php HTTP/1.1" 404 79338 "-" "-"
20.48.160.90 - - [28/Aug/2026:17:27:10 +0000] "GET /5656.php HTTP/1.1" 301 0 "-" "-"
20.48.160.90 - - [28/Aug/2026:17:27:11 +0000] "GET /5656.php HTTP/1.1" 500 2716 "-" "-"
20.48.160.90 - - [28/Aug/2026:17:27:11 +0000] "GET /w3lls.php HTTP/1.1" 301 0 "-" "-"
20.48.160.90 - - [28/Aug/2026:17:27:11 +0000] "GET /w3lls.php HTTP/1.1" 404 79338 "-" "-"
20.48.160.90 - - [28/Aug/2026:17:27:11 +0000] "GET /fpwch.php HTTP/1.1" 301 0 "-" "-"
20.48.160.90 - - [28/Aug/2026:17:27:11 +0000] "GET /fpwch.php HTTP/1.1" 404 79338 "-" "-"
20.48.160.90 - - [28/Aug/2026:17:27:11 +0000] "GET /domvf.php HTTP/1.1" 301 0 "-" "-"
20.48.160.90 - - [28/Aug/2026:17:27:12 +0000] "GET /domvf.php HTTP/1.1" 404 79338 "-" "-"
20.48.160.90 - - [28/Aug/2026:17:27:12 +0000] "GET /biufile.php HTTP/1.1" 301 0 "-" "-"
20.48.160.90 - - [28/Aug/2026:17:27:12 +0000] "GET /biufile.php HTTP/1.1" 404 79342 "-" "-"
20.48.160.90 - - [28/Aug/2026:17:27:12 +0000] "GET /blacks.php HTTP/1.1" 301 0 "-" "-"
51.81.111.12 - - [28/Aug/2026:17:27:12 +0000] "GET /sitemap_index.xml HTTP/1.1" 200 357 "-" "Mozilla/5.0 (compatible; AhrefsBot/7.0; +http://ahrefs.com/robot/)"
20.48.160.90 - - [28/Aug/2026:17:27:12 +0000] "GET /blacks.php HTTP/1.1" 404 79340 "-" "-"
20.48.160.90 - - [28/Aug/2026:17:27:13 +0000] "GET /beck.php HTTP/1.1" 301 0 "-" "-"
20.48.160.90 - - [28/Aug/2026:17:27:13 +0000] "GET /beck.php HTTP/1.1" 404 79336 "-" "-"
20.48.160.90 - - [28/Aug/2026:17:27:13 +0000] "GET /t3.php HTTP/1.1" 301 0 "-" "-"
20.48.160.90 - - [28/Aug/2026:17:27:13 +0000] "GET /t3.php HTTP/1.1" 404 79332 "-" "-"
20.48.160.90 - - [28/Aug/2026:17:27:13 +0000] "GET /wp.php HTTP/1.1" 301 0 "-" "-"
20.48.160.90 - - [28/Aug/2026:17:27:14 +0000] "GET /wp.php HTTP/1.1" 404 79332 "-" "-"
51.81.111.142 - - [28/Aug/2026:17:27:14 +0000] "GET /post-sitemap.xml HTTP/1.1" 200 572 "-" "Mozilla/5.0 (compatible; AhrefsBot/7.0; +http://ahrefs.com/robot/)"
20.48.160.90 - - [28/Aug/2026:17:27:14 +0000] "GET //abcd.php HTTP/1.1" 301 0 "-" "-"
20.48.160.90 - - [28/Aug/2026:17:27:14 +0000] "GET /abcd.php HTTP/1.1" 404 79336 "-" "-"
84.8.106.91 - - [28/Aug/2026:17:27:14 +0000] "GET /wp-login.php HTTP/1.1" 200 2487 "https://www.google.com/" "Mozilla/5.0 (Macintosh; Intel Mac OS X 13_6_1) AppleWebKit/605.1.15 (KHTML, like Gecko) Version/17.0 Safari/605.1.15"
20.48.160.90 - - [28/Aug/2026:17:27:14 +0000] "GET /nofile.php HTTP/1.1" 301 0 "-" "-"
84.8.106.91 - - [28/Aug/2026:17:27:15 +0000] "POST /wp-login.php HTTP/1.1" 200 2650 "https://sealall.ca/wp-login.php" "Mozilla/5.0 (Macintosh; Intel Mac OS X 10_15_7) AppleWebKit/605.1.15 (KHTML, like Gecko) Version/17.1 Safari/605.1.15"
20.48.160.90 - - [28/Aug/2026:17:27:15 +0000] "GET /nofile.php HTTP/1.1" 404 79340 "-" "-"
20.48.160.90 - - [28/Aug/2026:17:27:15 +0000] "GET /run.php HTTP/1.1" 301 0 "-" "-"
84.8.106.91 - - [28/Aug/2026:17:27:15 +0000] "POST /wp-login.php HTTP/1.1" 200 2642 "https://sealall.ca/wp-login.php" "Mozilla/5.0 (X11; Linux x86_64) AppleWebKit/537.36 (KHTML, like Gecko) Chrome/121.0.0.0 Safari/537.36"
20.48.160.90 - - [28/Aug/2026:17:27:15 +0000] "GET /run.php HTTP/1.1" 404 79334 "-" "-"
51.81.110.26 - - [28/Aug/2026:17:27:15 +0000] "GET /page-sitemap.xml HTTP/1.1" 200 849 "-" "Mozilla/5.0 (compatible; AhrefsBot/7.0; +http://ahrefs.com/robot/)"
84.8.106.91 - - [28/Aug/2026:17:27:15 +0000] "POST /wp-login.php HTTP/1.1" 200 2645 "https://sealall.ca/wp-login.php" "Mozilla/5.0 (Macintosh; Intel Mac OS X 13_6_1) AppleWebKit/605.1.15 (KHTML, like Gecko) Version/16.6 Safari/605.1.15"
20.48.160.90 - - [28/Aug/2026:17:27:15 +0000] "GET /new.php HTTP/1.1" 301 0 "-" "-"
20.48.160.90 - - [28/Aug/2026:17:27:15 +0000] "GET /new.php HTTP/1.1" 404 79334 "-" "-"
84.8.106.91 - - [28/Aug/2026:17:27:16 +0000] "POST /wp-login.php HTTP/1.1" 200 2645 "https://sealall.ca/wp-login.php" "Mozilla/5.0 (Windows NT 11.0; Win64; x64) AppleWebKit/537.36 (KHTML, like Gecko) Chrome/119.0.0.0 Safari/537.36"
20.48.160.90 - - [28/Aug/2026:17:27:16 +0000] "GET /inx.php HTTP/1.1" 301 0 "-" "-"
84.8.106.91 - - [28/Aug/2026:17:27:16 +0000] "POST /wp-login.php HTTP/1.1" 200 2645 "https://sealall.ca/wp-login.php" "Mozilla/5.0 (Macintosh; Intel Mac OS X 13_6_1) AppleWebKit/605.1.15 (KHTML, like Gecko) Version/17.1 Safari/605.1.15"
20.48.160.90 - - [28/Aug/2026:17:27:16 +0000] "GET /inx.php HTTP/1.1" 404 79334 "-" "-"
20.48.160.90 - - [28/Aug/2026:17:27:16 +0000] "GET /vpn.php HTTP/1.1" 301 0 "-" "-"
84.8.106.91 - - [28/Aug/2026:17:27:16 +0000] "POST /wp-login.php HTTP/1.1" 200 2643 "https://sealall.ca/wp-login.php" "Mozilla/5.0 (Windows NT 11.0; Win64; x64; rv:119.0) Gecko/20100101 Firefox/119.0"
20.48.160.90 - - [28/Aug/2026:17:27:16 +0000] "GET /vpn.php HTTP/1.1" 404 79334 "-" "-"
51.81.111.121 - - [28/Aug/2026:17:27:17 +0000] "GET /local_seo-sitemap.xml HTTP/1.1" 200 554 "-" "Mozilla/5.0 (compatible; AhrefsBot/7.0; +http://ahrefs.com/robot/)"
84.8.106.91 - - [28/Aug/2026:17:27:17 +0000] "POST /wp-login.php HTTP/1.1" 200 2650 "https://sealall.ca/wp-login.php" "Mozilla/5.0 (Macintosh; Intel Mac OS X 10_15_7; rv:119.0) Gecko/20100101 Firefox/119.0"
20.48.160.90 - - [28/Aug/2026:17:27:17 +0000] "GET /shiny.php HTTP/1.1" 301 0 "-" "-"
20.48.160.90 - - [28/Aug/2026:17:27:17 +0000] "GET /shiny.php HTTP/1.1" 404 79338 "-" "-"
84.8.106.91 - - [28/Aug/2026:17:27:17 +0000] "POST /wp-login.php HTTP/1.1" 200 2644 "https://sealall.ca/wp-login.php" "Mozilla/5.0 (Macintosh; Intel Mac OS X 10_15_7; rv:119.0) Gecko/20100101 Firefox/119.0"
20.48.160.90 - - [28/Aug/2026:17:27:17 +0000] "GET /goods.php HTTP/1.1" 301 0 "-" "-"
84.8.106.91 - - [28/Aug/2026:17:27:17 +0000] "POST /wp-login.php HTTP/1.1" 200 2582 "https://sealall.ca/wp-login.php" "Mozilla/5.0 (Macintosh; Intel Mac OS X 13_6_1) AppleWebKit/537.36 (KHTML, like Gecko) Chrome/118.0.0.0 Safari/537.36"
20.48.160.90 - - [28/Aug/2026:17:27:17 +0000] "GET /goods.php HTTP/1.1" 404 79338 "-" "-"
20.48.160.90 - - [28/Aug/2026:17:27:18 +0000] "GET /alfa.php HTTP/1.1" 301 0 "-" "-"
84.8.106.91 - - [28/Aug/2026:17:27:18 +0000] "POST /wp-login.php HTTP/1.1" 200 2642 "https://sealall.ca/wp-login.php" "Mozilla/5.0 (Macintosh; Intel Mac OS X 10_15_7) AppleWebKit/537.36 (KHTML, like Gecko) Chrome/121.0.0.0 Safari/537.36"
20.48.160.90 - - [28/Aug/2026:17:27:18 +0000] "GET /alfa.php HTTP/1.1" 404 79336 "-" "-"
84.8.106.91 - - [28/Aug/2026:17:27:18 +0000] "POST /wp-login.php HTTP/1.1" 200 2646 "https://sealall.ca/wp-login.php" "Mozilla/5.0 (Windows NT 11.0; Win64; x64; rv:120.0) Gecko/20100101 Firefox/120.0"
20.48.160.90 - - [28/Aug/2026:17:27:18 +0000] "GET /33.php HTTP/1.1" 301 0 "-" "-"
51.81.110.93 - - [28/Aug/2026:17:27:18 +0000] "GET /service_area-sitemap.xml HTTP/1.1" 200 1286 "-" "Mozilla/5.0 (compatible; AhrefsBot/7.0; +http://ahrefs.com/robot/)"
84.8.106.91 - - [28/Aug/2026:17:27:18 +0000] "POST /wp-login.php HTTP/1.1" 200 2582 "https://sealall.ca/wp-login.php" "Mozilla/5.0 (Macintosh; Intel Mac OS X 13_6_1) AppleWebKit/537.36 (KHTML, like Gecko) Chrome/120.0.0.0 Safari/537.36"
20.48.160.90 - - [28/Aug/2026:17:27:18 +0000] "GET /33.php HTTP/1.1" 404 79332 "-" "-"
84.8.106.91 - - [28/Aug/2026:17:27:18 +0000] "POST /wp-login.php HTTP/1.1" 200 2582 "https://sealall.ca/wp-login.php" "Mozilla/5.0 (Windows NT 10.0; Win64; x64) AppleWebKit/537.36 (KHTML, like Gecko) Chrome/121.0.0.0 Safari/537.36"
20.48.160.90 - - [28/Aug/2026:17:27:18 +0000] "GET /133.php HTTP/1.1" 301 0 "-" "-"
20.48.160.90 - - [28/Aug/2026:17:27:19 +0000] "GET /133.php HTTP/1.1" 404 79334 "-" "-"
84.8.106.91 - - [28/Aug/2026:17:27:19 +0000] "POST /wp-login.php HTTP/1.1" 200 2642 "https://sealall.ca/wp-login.php" "Mozilla/5.0 (Windows NT 10.0; Win64; x64; rv:119.0) Gecko/20100101 Firefox/119.0"
20.48.160.90 - - [28/Aug/2026:17:27:19 +0000] "GET /sym.php?p= HTTP/1.1" 301 0 "-" "-"
84.8.106.91 - - [28/Aug/2026:17:27:19 +0000] "POST /wp-login.php HTTP/1.1" 200 2646 "https://sealall.ca/wp-login.php" "Mozilla/5.0 (Macintosh; Intel Mac OS X 10_15_7) AppleWebKit/537.36 (KHTML, like Gecko) Chrome/121.0.0.0 Safari/537.36"
20.48.160.90 - - [28/Aug/2026:17:27:19 +0000] "GET /sym.php HTTP/1.1" 404 79334 "-" "-"
20.48.160.90 - - [28/Aug/2026:17:27:19 +0000] "GET /8.php HTTP/1.1" 301 0 "-" "-"
84.8.106.91 - - [28/Aug/2026:17:27:19 +0000] "POST /wp-login.php HTTP/1.1" 200 2642 "https://sealall.ca/wp-login.php" "Mozilla/5.0 (Macintosh; Intel Mac OS X 13_6_1) AppleWebKit/537.36 (KHTML, like Gecko) Chrome/119.0.0.0 Safari/537.36"
51.81.103.243 - - [28/Aug/2026:17:27:19 +0000] "GET /service-sitemap.xml HTTP/1.1" 200 582 "-" "Mozilla/5.0 (compatible; AhrefsBot/7.0; +http://ahrefs.com/robot/)"
20.48.160.90 - - [28/Aug/2026:17:27:20 +0000] "GET /8.php HTTP/1.1" 404 79337 "-" "-"
84.8.106.91 - - [28/Aug/2026:17:27:20 +0000] "POST /wp-login.php HTTP/1.1" 200 2647 "https://sealall.ca/wp-login.php" "Mozilla/5.0 (Windows NT 10.0; Win64; x64) AppleWebKit/537.36 (KHTML, like Gecko) Chrome/119.0.0.0 Safari/537.36"
20.48.160.90 - - [28/Aug/2026:17:27:20 +0000] "GET /goods.php?p= HTTP/1.1" 301 0 "-" "-"
84.8.106.91 - - [28/Aug/2026:17:27:20 +0000] "POST /wp-login.php HTTP/1.1" 200 2645 "https://sealall.ca/wp-login.php" "Mozilla/5.0 (Macintosh; Intel Mac OS X 13_6_1) AppleWebKit/537.36 (KHTML, like Gecko) Chrome/119.0.0.0 Safari/537.36"
20.48.160.90 - - [28/Aug/2026:17:27:20 +0000] "GET /goods.php HTTP/1.1" 404 79338 "-" "-"
84.8.106.91 - - [28/Aug/2026:17:27:20 +0000] "POST /wp-login.php HTTP/1.1" 200 2650 "https://sealall.ca/wp-login.php" "Mozilla/5.0 (Macintosh; Intel Mac OS X 10_15_7) AppleWebKit/537.36 (KHTML, like Gecko) Chrome/118.0.0.0 Safari/537.36"
20.48.160.90 - - [28/Aug/2026:17:27:20 +0000] "GET /ah.php HTTP/1.1" 301 0 "-" "-"
84.8.106.91 - - [28/Aug/2026:17:27:21 +0000] "POST /wp-login.php HTTP/1.1" 200 2582 "https://sealall.ca/wp-login.php" "Mozilla/5.0 (X11; Linux x86_64) AppleWebKit/537.36 (KHTML, like Gecko) Chrome/121.0.0.0 Safari/537.36"
20.48.160.90 - - [28/Aug/2026:17:27:21 +0000] "GET /ah.php HTTP/1.1" 404 79332 "-" "-"
20.48.160.90 - - [28/Aug/2026:17:27:21 +0000] "GET /ws55.php?p= HTTP/1.1" 301 0 "-" "-"
84.8.106.91 - - [28/Aug/2026:17:27:21 +0000] "POST /wp-login.php HTTP/1.1" 200 2582 "https://sealall.ca/wp-login.php" "Mozilla/5.0 (Macintosh; Intel Mac OS X 13_6_1) AppleWebKit/605.1.15 (KHTML, like Gecko) Version/17.2 Safari/605.1.15"
20.48.160.90 - - [28/Aug/2026:17:27:21 +0000] "GET /ws55.php HTTP/1.1" 404 79336 "-" "-"
84.8.106.91 - - [28/Aug/2026:17:27:21 +0000] "POST /wp-login.php HTTP/1.1" 200 2582 "https://sealall.ca/wp-login.php" "Mozilla/5.0 (Macintosh; Intel Mac OS X 13_6_1) AppleWebKit/537.36 (KHTML, like Gecko) Chrome/119.0.0.0 Safari/537.36"
20.48.160.90 - - [28/Aug/2026:17:27:21 +0000] "GET /drykl.php HTTP/1.1" 301 0 "-" "-"
84.8.106.91 - - [28/Aug/2026:17:27:22 +0000] "POST /wp-login.php HTTP/1.1" 200 2582 "https://sealall.ca/wp-login.php" "Mozilla/5.0 (X11; Ubuntu; Linux x86_64) AppleWebKit/537.36 (KHTML, like Gecko) Chrome/118.0.0.0 Safari/537.36"
20.48.160.90 - - [28/Aug/2026:17:27:22 +0000] "GET /drykl.php HTTP/1.1" 404 79338 "-" "-"
20.48.160.90 - - [28/Aug/2026:17:27:22 +0000] "GET /backup.php HTTP/1.1" 301 0 "-" "-"
84.8.106.91 - - [28/Aug/2026:17:27:22 +0000] "POST /wp-login.php HTTP/1.1" 200 2645 "https://sealall.ca/wp-login.php" "Mozilla/5.0 (X11; Ubuntu; Linux x86_64) AppleWebKit/537.36 (KHTML, like Gecko) Chrome/121.0.0.0 Safari/537.36"
20.48.160.90 - - [28/Aug/2026:17:27:22 +0000] "GET /backup.php HTTP/1.1" 404 79340 "-" "-"
84.8.106.91 - - [28/Aug/2026:17:27:22 +0000] "POST /wp-login.php HTTP/1.1" 200 2643 "https://sealall.ca/wp-login.php" "Mozilla/5.0 (X11; Linux x86_64) AppleWebKit/537.36 (KHTML, like Gecko) Chrome/120.0.0.0 Safari/537.36"
20.48.160.90 - - [28/Aug/2026:17:27:22 +0000] "GET /indo.php HTTP/1.1" 301 0 "-" "-"
84.8.106.91 - - [28/Aug/2026:17:27:23 +0000] "POST /wp-login.php HTTP/1.1" 200 2649 "https://sealall.ca/wp-login.php" "Mozilla/5.0 (Macintosh; Intel Mac OS X 13_6_1) AppleWebKit/605.1.15 (KHTML, like Gecko) Version/16.6 Safari/605.1.15"
20.48.160.90 - - [28/Aug/2026:17:27:23 +0000] "GET /indo.php HTTP/1.1" 404 79336 "-" "-"
84.8.106.91 - - [28/Aug/2026:17:27:23 +0000] "POST /wp-login.php HTTP/1.1" 200 2646 "https://sealall.ca/wp-login.php" "Mozilla/5.0 (X11; Linux x86_64) AppleWebKit/537.36 (KHTML, like Gecko) Chrome/118.0.0.0 Safari/537.36"
20.48.160.90 - - [28/Aug/2026:17:27:23 +0000] "GET /sign.php?p= HTTP/1.1" 301 0 "-" "-"
20.48.160.90 - - [28/Aug/2026:17:27:23 +0000] "GET /sign.php HTTP/1.1" 404 79336 "-" "-"
84.8.106.91 - - [28/Aug/2026:17:27:23 +0000] "POST /wp-login.php HTTP/1.1" 200 2644 "https://sealall.ca/wp-login.php" "Mozilla/5.0 (Macintosh; Intel Mac OS X 10_15_7) AppleWebKit/605.1.15 (KHTML, like Gecko) Version/17.1 Safari/605.1.15"
20.48.160.90 - - [28/Aug/2026:17:27:23 +0000] "GET /wnnjpsby.php HTTP/1.1" 301 0 "-" "-"
84.8.106.91 - - [28/Aug/2026:17:27:23 +0000] "POST /wp-login.php HTTP/1.1" 500 2716 "https://sealall.ca/wp-login.php" "Mozilla/5.0 (Windows NT 10.0; Win64; x64) AppleWebKit/537.36 (KHTML, like Gecko) Chrome/119.0.0.0 Safari/537.36"
20.48.160.90 - - [28/Aug/2026:17:27:24 +0000] "GET /wnnjpsby.php HTTP/1.1" 404 79344 "-" "-"
84.8.106.91 - - [28/Aug/2026:17:27:24 +0000] "POST /wp-login.php HTTP/1.1" 200 2648 "https://sealall.ca/wp-login.php" "Mozilla/5.0 (Macintosh; Intel Mac OS X 13_6_1; rv:120.0) Gecko/20100101 Firefox/120.0"
20.48.160.90 - - [28/Aug/2026:17:27:24 +0000] "GET /gigi.php HTTP/1.1" 301 0 "-" "-"
84.8.106.91 - - [28/Aug/2026:17:27:24 +0000] "POST /wp-login.php HTTP/1.1" 200 2645 "https://sealall.ca/wp-login.php" "Mozilla/5.0 (X11; Linux x86_64) AppleWebKit/537.36 (KHTML, like Gecko) Chrome/121.0.0.0 Safari/537.36"
20.48.160.90 - - [28/Aug/2026:17:27:24 +0000] "GET /gigi.php HTTP/1.1" 404 79336 "-" "-"
20.48.160.90 - - [28/Aug/2026:17:27:24 +0000] "GET /info.php/new.php HTTP/1.1" 301 0 "-" "-"
84.8.106.91 - - [28/Aug/2026:17:27:24 +0000] "POST /wp-login.php HTTP/1.1" 200 2651 "https://sealall.ca/wp-login.php" "Mozilla/5.0 (X11; Ubuntu; Linux x86_64) AppleWebKit/537.36 (KHTML, like Gecko) Chrome/119.0.0.0 Safari/537.36"
20.48.160.90 - - [28/Aug/2026:17:27:24 +0000] "GET /info.php/new.php HTTP/1.1" 404 79354 "-" "-"
20.48.160.90 - - [28/Aug/2026:17:27:25 +0000] "GET /wp-content/uploads/ HTTP/1.1" 403 279 "-" "-"
84.8.106.91 - - [28/Aug/2026:17:27:25 +0000] "POST /wp-login.php HTTP/1.1" 200 2643 "https://sealall.ca/wp-login.php" "Mozilla/5.0 (Macintosh; Intel Mac OS X 10_15_7) AppleWebKit/605.1.15 (KHTML, like Gecko) Version/17.1 Safari/605.1.15"
20.48.160.90 - - [28/Aug/2026:17:27:25 +0000] "GET /w.php HTTP/1.1" 301 0 "-" "-"
84.8.106.91 - - [28/Aug/2026:17:27:25 +0000] "POST /wp-login.php HTTP/1.1" 200 2582 "https://sealall.ca/wp-login.php" "Mozilla/5.0 (Macintosh; Intel Mac OS X 10_15_7) AppleWebKit/537.36 (KHTML, like Gecko) Chrome/119.0.0.0 Safari/537.36"
20.48.160.90 - - [28/Aug/2026:17:27:25 +0000] "GET /w.php HTTP/1.1" 404 79330 "-" "-"
20.48.160.90 - - [28/Aug/2026:17:27:25 +0000] "GET /x.php HTTP/1.1" 301 0 "-" "-"
84.8.106.91 - - [28/Aug/2026:17:27:25 +0000] "POST /wp-login.php HTTP/1.1" 200 2643 "https://sealall.ca/wp-login.php" "Mozilla/5.0 (X11; Linux x86_64) AppleWebKit/537.36 (KHTML, like Gecko) Chrome/118.0.0.0 Safari/537.36"
20.48.160.90 - - [28/Aug/2026:17:27:26 +0000] "GET /x.php HTTP/1.1" 404 79330 "-" "-"
84.8.106.91 - - [28/Aug/2026:17:27:26 +0000] "POST /wp-login.php HTTP/1.1" 200 2582 "https://sealall.ca/wp-login.php" "Mozilla/5.0 (Macintosh; Intel Mac OS X 10_15_7) AppleWebKit/605.1.15 (KHTML, like Gecko) Version/17.0 Safari/605.1.15"
20.48.160.90 - - [28/Aug/2026:17:27:26 +0000] "GET /ssla.php HTTP/1.1" 301 0 "-" "-"
20.48.160.90 - - [28/Aug/2026:17:27:26 +0000] "GET /ssla.php HTTP/1.1" 404 79336 "-" "-"
84.8.106.91 - - [28/Aug/2026:17:27:26 +0000] "POST /wp-login.php HTTP/1.1" 200 2582 "https://sealall.ca/wp-login.php" "Mozilla/5.0 (Macintosh; Intel Mac OS X 13_6_1; rv:118.0) Gecko/20100101 Firefox/118.0"
20.48.160.90 - - [28/Aug/2026:17:27:26 +0000] "GET /wp-admin/maint/wp-is.php HTTP/1.1" 301 0 "-" "-"
84.8.106.91 - - [28/Aug/2026:17:27:26 +0000] "POST /wp-login.php HTTP/1.1" 200 2582 "https://sealall.ca/wp-login.php" "Mozilla/5.0 (Macintosh; Intel Mac OS X 10_15_7) AppleWebKit/537.36 (KHTML, like Gecko) Chrome/121.0.0.0 Safari/537.36"
20.48.160.90 - - [28/Aug/2026:17:27:27 +0000] "GET /wp-admin/maint/wp-is.php HTTP/1.1" 404 79372 "-" "-"
20.48.160.90 - - [28/Aug/2026:17:27:27 +0000] "GET /wp-aothait.php HTTP/1.1" 301 0 "-" "-"
84.8.106.91 - - [28/Aug/2026:17:27:27 +0000] "POST /wp-login.php HTTP/1.1" 200 2582 "https://sealall.ca/wp-login.php" "Mozilla/5.0 (X11; Ubuntu; Linux x86_64) AppleWebKit/537.36 (KHTML, like Gecko) Chrome/118.0.0.0 Safari/537.36"
20.48.160.90 - - [28/Aug/2026:17:27:27 +0000] "GET /wp-aothait.php HTTP/1.1" 404 79348 "-" "-"
84.8.106.91 - - [28/Aug/2026:17:27:27 +0000] "POST /wp-login.php HTTP/1.1" 200 2642 "https://sealall.ca/wp-login.php" "Mozilla/5.0 (Windows NT 10.0; Win64; x64) AppleWebKit/537.36 (KHTML, like Gecko) Chrome/119.0.0.0 Safari/537.36"
20.48.160.90 - - [28/Aug/2026:17:27:27 +0000] "GET /wp-includes/index.php HTTP/1.1" 301 0 "-" "-"
20.48.160.90 - - [28/Aug/2026:17:27:27 +0000] "GET /wp-includes/ HTTP/1.1" 403 275 "-" "-"
20.48.160.90 - - [28/Aug/2026:17:27:27 +0000] "GET /file31.php HTTP/1.1" 301 0 "-" "-"
84.8.106.91 - - [28/Aug/2026:17:27:27 +0000] "POST /wp-login.php HTTP/1.1" 200 2642 "https://sealall.ca/wp-login.php" "Mozilla/5.0 (Macintosh; Intel Mac OS X 10_15_7) AppleWebKit/605.1.15 (KHTML, like Gecko) Version/17.0 Safari/605.1.15"
20.48.160.90 - - [28/Aug/2026:17:27:28 +0000] "GET /file31.php HTTP/1.1" 404 79340 "-" "-"
84.8.106.91 - - [28/Aug/2026:17:27:28 +0000] "POST /wp-login.php HTTP/1.1" 200 2642 "https://sealall.ca/wp-login.php" "Mozilla/5.0 (X11; Linux x86_64) AppleWebKit/537.36 (KHTML, like Gecko) Chrome/118.0.0.0 Safari/537.36"
20.48.160.90 - - [28/Aug/2026:17:27:28 +0000] "GET /dk.php HTTP/1.1" 301 0 "-" "-"
20.48.160.90 - - [28/Aug/2026:17:27:28 +0000] "GET /dk.php HTTP/1.1" 404 79332 "-" "-"
84.8.106.91 - - [28/Aug/2026:17:27:28 +0000] "POST /wp-login.php HTTP/1.1" 200 2642 "https://sealall.ca/wp-login.php" "Mozilla/5.0 (X11; Ubuntu; Linux x86_64) AppleWebKit/537.36 (KHTML, like Gecko) Chrome/121.0.0.0 Safari/537.36"
20.48.160.90 - - [28/Aug/2026:17:27:28 +0000] "GET /ta.php HTTP/1.1" 301 0 "-" "-"
84.8.106.91 - - [28/Aug/2026:17:27:28 +0000] "POST /wp-login.php HTTP/1.1" 200 2644 "https://sealall.ca/wp-login.php" "Mozilla/5.0 (X11; Linux x86_64) AppleWebKit/537.36 (KHTML, like Gecko) Chrome/120.0.0.0 Safari/537.36"
20.48.160.90 - - [28/Aug/2026:17:27:28 +0000] "GET /ta.php HTTP/1.1" 404 79332 "-" "-"
84.8.106.91 - - [28/Aug/2026:17:27:29 +0000] "POST /wp-login.php HTTP/1.1" 200 2646 "https://sealall.ca/wp-login.php" "Mozilla/5.0 (Windows NT 10.0; Win64; x64; rv:121.0) Gecko/20100101 Firefox/121.0"
20.48.160.90 - - [28/Aug/2026:17:27:29 +0000] "GET /bo.php HTTP/1.1" 301 0 "-" "-"
20.48.160.90 - - [28/Aug/2026:17:27:29 +0000] "GET /bo.php HTTP/1.1" 404 79332 "-" "-"
84.8.106.91 - - [28/Aug/2026:17:27:29 +0000] "POST /wp-login.php HTTP/1.1" 200 2642 "https://sealall.ca/wp-login.php" "Mozilla/5.0 (Macintosh; Intel Mac OS X 13_6_1) AppleWebKit/537.36 (KHTML, like Gecko) Chrome/119.0.0.0 Safari/537.36"
20.48.160.90 - - [28/Aug/2026:17:27:29 +0000] "GET /44.php HTTP/1.1" 301 0 "-" "-"
84.8.106.91 - - [28/Aug/2026:17:27:29 +0000] "POST /wp-login.php HTTP/1.1" 200 2642 "https://sealall.ca/wp-login.php" "Mozilla/5.0 (Windows NT 10.0; Win64; x64; rv:121.0) Gecko/20100101 Firefox/121.0"
20.48.160.90 - - [28/Aug/2026:17:27:29 +0000] "GET /44.php HTTP/1.1" 404 79332 "-" "-"
84.8.106.91 - - [28/Aug/2026:17:27:30 +0000] "POST /wp-login.php HTTP/1.1" 200 2645 "https://sealall.ca/wp-login.php" "Mozilla/5.0 (Macintosh; Intel Mac OS X 10_15_7; rv:120.0) Gecko/20100101 Firefox/120.0"
84.8.106.91 - - [28/Aug/2026:17:27:30 +0000] "POST /wp-login.php HTTP/1.1" 200 2642 "https://sealall.ca/wp-login.php" "Mozilla/5.0 (Macintosh; Intel Mac OS X 10_15_7; rv:120.0) Gecko/20100101 Firefox/120.0"
20.48.160.90 - - [28/Aug/2026:17:27:30 +0000] "GET /h2.php HTTP/1.1" 301 0 "-" "-"
84.8.106.91 - - [28/Aug/2026:17:27:30 +0000] "POST /wp-login.php HTTP/1.1" 200 2651 "https://sealall.ca/wp-login.php" "Mozilla/5.0 (Macintosh; Intel Mac OS X 13_6_1; rv:121.0) Gecko/20100101 Firefox/121.0"
20.48.160.90 - - [28/Aug/2026:17:27:30 +0000] "GET /h2.php HTTP/1.1" 404 79332 "-" "-"
20.48.160.90 - - [28/Aug/2026:17:27:30 +0000] "GET /wp-content/mod/adminfuns.php HTTP/1.1" 301 0 "-" "-"
84.8.106.91 - - [28/Aug/2026:17:27:30 +0000] "POST /wp-login.php HTTP/1.1" 200 2651 "https://sealall.ca/wp-login.php" "Mozilla/5.0 (Windows NT 10.0; Win64; x64) AppleWebKit/537.36 (KHTML, like Gecko) Chrome/119.0.0.0 Safari/537.36"
20.48.160.90 - - [28/Aug/2026:17:27:31 +0000] "GET /wp-content/mod/adminfuns.php HTTP/1.1" 404 79380 "-" "-"
84.8.106.91 - - [28/Aug/2026:17:27:31 +0000] "POST /wp-login.php HTTP/1.1" 200 2645 "https://sealall.ca/wp-login.php" "Mozilla/5.0 (Macintosh; Intel Mac OS X 10_15_7) AppleWebKit/537.36 (KHTML, like Gecko) Chrome/121.0.0.0 Safari/537.36"
20.48.160.90 - - [28/Aug/2026:17:27:31 +0000] "GET /sao.php HTTP/1.1" 301 0 "-" "-"
84.8.106.91 - - [28/Aug/2026:17:27:31 +0000] "POST /wp-login.php HTTP/1.1" 200 2646 "https://sealall.ca/wp-login.php" "Mozilla/5.0 (Macintosh; Intel Mac OS X 10_15_7) AppleWebKit/537.36 (KHTML, like Gecko) Chrome/119.0.0.0 Safari/537.36"
20.48.160.90 - - [28/Aug/2026:17:27:31 +0000] "GET /sao.php HTTP/1.1" 404 79334 "-" "-"
84.8.106.91 - - [28/Aug/2026:17:27:31 +0000] "POST /wp-login.php HTTP/1.1" 200 2648 "https://sealall.ca/wp-login.php" "Mozilla/5.0 (Macintosh; Intel Mac OS X 10_15_7) AppleWebKit/537.36 (KHTML, like Gecko) Chrome/120.0.0.0 Safari/537.36"
20.48.160.90 - - [28/Aug/2026:17:27:31 +0000] "GET /dapa.php HTTP/1.1" 301 0 "-" "-"
84.8.106.91 - - [28/Aug/2026:17:27:32 +0000] "POST /wp-login.php HTTP/1.1" 200 2642 "https://sealall.ca/wp-login.php" "Mozilla/5.0 (Macintosh; Intel Mac OS X 10_15_7) AppleWebKit/605.1.15 (KHTML, like Gecko) Version/17.2 Safari/605.1.15"
20.48.160.90 - - [28/Aug/2026:17:27:32 +0000] "GET /dapa.php HTTP/1.1" 404 79336 "-" "-"
20.48.160.90 - - [28/Aug/2026:17:27:32 +0000] "GET /wp-content/l.php HTTP/1.1" 301 0 "-" "-"
84.8.106.91 - - [28/Aug/2026:17:27:32 +0000] "POST /wp-login.php HTTP/1.1" 200 2642 "https://sealall.ca/wp-login.php" "Mozilla/5.0 (Macintosh; Intel Mac OS X 10_15_7; rv:119.0) Gecko/20100101 Firefox/119.0"
20.48.160.90 - - [28/Aug/2026:17:27:32 +0000] "GET /wp-content/l.php HTTP/1.1" 404 79354 "-" "-"
84.8.106.91 - - [28/Aug/2026:17:27:32 +0000] "POST /wp-login.php HTTP/1.1" 200 2643 "https://sealall.ca/wp-login.php" "Mozilla/5.0 (X11; Ubuntu; Linux x86_64) AppleWebKit/537.36 (KHTML, like Gecko) Chrome/118.0.0.0 Safari/537.36"
20.48.160.90 - - [28/Aug/2026:17:27:32 +0000] "GET /wp-admin/w.php HTTP/1.1" 301 0 "-" "-"
93.92.20.18 - - [28/Aug/2026:17:27:33 +0000] "GET /area/cobourg/polymeric-sand/ HTTP/1.1" 200 18990 "-" "Mozilla/5.0 (Macintosh; Intel Mac OS X 10_15_7) AppleWebKit/537.36 (KHTML, like Gecko) Chrome/104.0.0.0 Safari/537.36"
84.8.106.91 - - [28/Aug/2026:17:27:33 +0000] "POST /wp-login.php HTTP/1.1" 200 2644 "https://sealall.ca/wp-login.php" "Mozilla/5.0 (Macintosh; Intel Mac OS X 13_6_1) AppleWebKit/537.36 (KHTML, like Gecko) Chrome/118.0.0.0 Safari/537.36"
20.48.160.90 - - [28/Aug/2026:17:27:33 +0000] "GET /wp-admin/w.php HTTP/1.1" 404 79350 "-" "-"
93.92.20.18 - - [28/Aug/2026:17:27:33 +0000] "GET /area/milton/pressure-washing/ HTTP/1.1" 200 18970 "-" "Mozilla/5.0 (Macintosh; Intel Mac OS X 10_15_7) AppleWebKit/537.36 (KHTML, like Gecko) Chrome/104.0.0.0 Safari/537.36"
84.8.106.91 - - [28/Aug/2026:17:27:33 +0000] "POST /wp-login.php HTTP/1.1" 200 2582 "https://sealall.ca/wp-login.php" "Mozilla/5.0 (Macintosh; Intel Mac OS X 10_15_7; rv:121.0) Gecko/20100101 Firefox/121.0"
20.48.160.90 - - [28/Aug/2026:17:27:33 +0000] "GET /wp-content/k.php HTTP/1.1" 301 0 "-" "-"
84.8.106.91 - - [28/Aug/2026:17:27:34 +0000] "POST /wp-login.php HTTP/1.1" 200 2642 "https://sealall.ca/wp-login.php" "Mozilla/5.0 (Windows NT 10.0; Win64; x64) AppleWebKit/537.36 (KHTML, like Gecko) Chrome/121.0.0.0 Safari/537.36"
20.48.160.90 - - [28/Aug/2026:17:27:34 +0000] "GET /wp-content/k.php HTTP/1.1" 404 79354 "-" "-"
93.92.20.18 - - [28/Aug/2026:17:27:34 +0000] "GET /area/leaside/stamped-concrete-sealing/ HTTP/1.1" 200 18986 "-" "Mozilla/5.0 (Macintosh; Intel Mac OS X 10_15_7) AppleWebKit/537.36 (KHTML, like Gecko) Chrome/104.0.0.0 Safari/537.36"
20.48.160.90 - - [28/Aug/2026:17:27:34 +0000] "GET /os.php HTTP/1.1" 301 0 "-" "-"
84.8.106.91 - - [28/Aug/2026:17:27:34 +0000] "POST /wp-login.php HTTP/1.1" 200 2582 "https://sealall.ca/wp-login.php" "Mozilla/5.0 (Macintosh; Intel Mac OS X 10_15_7) AppleWebKit/537.36 (KHTML, like Gecko) Chrome/119.0.0.0 Safari/537.36"
84.8.106.91 - - [28/Aug/2026:17:27:34 +0000] "POST /wp-login.php HTTP/1.1" 500 2716 "https://sealall.ca/wp-login.php" "Mozilla/5.0 (Macintosh; Intel Mac OS X 13_6_1; rv:119.0) Gecko/20100101 Firefox/119.0"
20.48.160.90 - - [28/Aug/2026:17:27:34 +0000] "GET /os.php HTTP/1.1" 404 79332 "-" "-"
93.92.20.18 - - [28/Aug/2026:17:27:34 +0000] "GET /area/king-city/stamped-concrete-sealing/ HTTP/1.1" 200 18989 "-" "Mozilla/5.0 (Macintosh; Intel Mac OS X 10_15_7) AppleWebKit/537.36 (KHTML, like Gecko) Chrome/104.0.0.0 Safari/537.36"
84.8.106.91 - - [28/Aug/2026:17:27:34 +0000] "POST /wp-login.php HTTP/1.1" 200 2582 "https://sealall.ca/wp-login.php" "Mozilla/5.0 (X11; Linux x86_64) AppleWebKit/537.36 (KHTML, like Gecko) Chrome/119.0.0.0 Safari/537.36"
20.48.160.90 - - [28/Aug/2026:17:27:34 +0000] "GET /htio.php HTTP/1.1" 301 0 "-" "-"
20.48.160.90 - - [28/Aug/2026:17:27:35 +0000] "GET /htio.php HTTP/1.1" 404 79336 "-" "-"
84.8.106.91 - - [28/Aug/2026:17:27:35 +0000] "POST /wp-login.php HTTP/1.1" 200 2643 "https://sealall.ca/wp-login.php" "Mozilla/5.0 (Macintosh; Intel Mac OS X 13_6_1) AppleWebKit/605.1.15 (KHTML, like Gecko) Version/16.6 Safari/605.1.15"
20.48.160.90 - - [28/Aug/2026:17:27:35 +0000] "GET /dev.php?p HTTP/1.1" 500 2716 "-" "-"
93.92.20.18 - - [28/Aug/2026:17:27:35 +0000] "GET /area/scarborough/stamped-concrete-sealing/ HTTP/1.1" 200 18990 "-" "Mozilla/5.0 (Macintosh; Intel Mac OS X 10_15_7) AppleWebKit/537.36 (KHTML, like Gecko) Chrome/104.0.0.0 Safari/537.36"
20.48.160.90 - - [28/Aug/2026:17:27:35 +0000] "GET /gos.php HTTP/1.1" 301 0 "-" "-"
84.8.106.91 - - [28/Aug/2026:17:27:35 +0000] "POST /wp-login.php HTTP/1.1" 200 2643 "https://sealall.ca/wp-login.php" "Mozilla/5.0 (Macintosh; Intel Mac OS X 13_6_1) AppleWebKit/605.1.15 (KHTML, like Gecko) Version/16.6 Safari/605.1.15"
20.48.160.90 - - [28/Aug/2026:17:27:35 +0000] "GET /gos.php HTTP/1.1" 404 79334 "-" "-"
84.8.106.91 - - [28/Aug/2026:17:27:36 +0000] "POST /wp-login.php HTTP/1.1" 200 2643 "https://sealall.ca/wp-login.php" "Mozilla/5.0 (Macintosh; Intel Mac OS X 13_6_1) AppleWebKit/605.1.15 (KHTML, like Gecko) Version/17.0 Safari/605.1.15"
20.48.160.90 - - [28/Aug/2026:17:27:36 +0000] "GET /132.php HTTP/1.1" 301 0 "-" "-"
93.92.20.18 - - [28/Aug/2026:17:27:36 +0000] "GET /area/scarborough/polymeric-sand/ HTTP/1.1" 200 18990 "-" "Mozilla/5.0 (Macintosh; Intel Mac OS X 10_15_7) AppleWebKit/537.36 (KHTML, like Gecko) Chrome/104.0.0.0 Safari/537.36"
84.8.106.91 - - [28/Aug/2026:17:27:36 +0000] "POST /wp-login.php HTTP/1.1" 200 2643 "https://sealall.ca/wp-login.php" "Mozilla/5.0 (Macintosh; Intel Mac OS X 10_15_7) AppleWebKit/605.1.15 (KHTML, like Gecko) Version/17.0 Safari/605.1.15"
20.48.160.90 - - [28/Aug/2026:17:27:36 +0000] "GET /132.php HTTP/1.1" 404 79334 "-" "-"
84.8.106.91 - - [28/Aug/2026:17:27:36 +0000] "POST /wp-login.php HTTP/1.1" 200 2582 "https://sealall.ca/wp-login.php" "Mozilla/5.0 (X11; Linux x86_64) AppleWebKit/537.36 (KHTML, like Gecko) Chrome/119.0.0.0 Safari/537.36"
20.48.160.90 - - [28/Aug/2026:17:27:36 +0000] "GET /v22.php HTTP/1.1" 301 0 "-" "-"
93.92.20.18 - - [28/Aug/2026:17:27:37 +0000] "GET /area/niagara-falls/stamped-concrete-sealing/ HTTP/1.1" 200 18998 "-" "Mozilla/5.0 (Macintosh; Intel Mac OS X 10_15_7) AppleWebKit/537.36 (KHTML, like Gecko) Chrome/104.0.0.0 Safari/537.36"
192.178.6.167 - - [28/Aug/2026:17:27:37 +0000] "GET /services/concrete-sealing/ HTTP/1.1" 301 0 "-" "Mozilla/5.0 (Linux; Android 6.0.1; Nexus 5X Build/MMB29P) AppleWebKit/537.36 (KHTML, like Gecko) Chrome/151.0.7922.173 Mobile Safari/537.36 (compatible; Googlebot/2.1; +http://www.google.com/bot.html)"
84.8.106.91 - - [28/Aug/2026:17:27:37 +0000] "POST /wp-login.php HTTP/1.1" 200 2582 "https://sealall.ca/wp-login.php" "Mozilla/5.0 (Windows NT 10.0; Win64; x64; rv:119.0) Gecko/20100101 Firefox/119.0"
20.48.160.90 - - [28/Aug/2026:17:27:37 +0000] "GET /v22.php HTTP/1.1" 404 79334 "-" "-"
20.48.160.90 - - [28/Aug/2026:17:27:37 +0000] "GET /wp-activate.php HTTP/1.1" 302 0 "-" "-"
84.8.106.91 - - [28/Aug/2026:17:27:37 +0000] "POST /wp-login.php HTTP/1.1" 200 2582 "https://sealall.ca/wp-login.php" "Mozilla/5.0 (Macintosh; Intel Mac OS X 10_15_7; rv:118.0) Gecko/20100101 Firefox/118.0"
20.48.160.90 - - [28/Aug/2026:17:27:37 +0000] "GET /wp-login.php?action=register HTTP/1.1" 302 0 "-" "-"
93.92.20.18 - - [28/Aug/2026:17:27:37 +0000] "GET /area/port-hope/interlock-repair/ HTTP/1.1" 200 18988 "-" "Mozilla/5.0 (Macintosh; Intel Mac OS X 10_15_7) AppleWebKit/537.36 (KHTML, like Gecko) Chrome/104.0.0.0 Safari/537.36"
129.153.70.84 - - [28/Aug/2026:17:27:38 +0000] "GET /area/brantford/polymeric-sand HTTP/1.1" 200 18992 "-" "Mozilla/5.0 (X11; Linux aarch64) AppleWebKit/537.36 (KHTML, like Gecko) Chrome/139.0.0.0 Safari/537.36"
192.178.6.166 - - [28/Aug/2026:17:27:38 +0000] "GET /service/concrete-sealing/ HTTP/1.1" 301 0 "-" "Mozilla/5.0 (Linux; Android 6.0.1; Nexus 5X Build/MMB29P) AppleWebKit/537.36 (KHTML, like Gecko) Chrome/151.0.7922.173 Mobile Safari/537.36 (compatible; Googlebot/2.1; +http://www.google.com/bot.html)"
20.48.160.90 - - [28/Aug/2026:17:27:38 +0000] "GET /wp-login.php?registration=disabled HTTP/1.1" 200 7707 "-" "-"
84.8.106.91 - - [28/Aug/2026:17:27:38 +0000] "POST /wp-login.php HTTP/1.1" 200 2646 "https://sealall.ca/wp-login.php" "Mozilla/5.0 (Macintosh; Intel Mac OS X 10_15_7) AppleWebKit/537.36 (KHTML, like Gecko) Chrome/119.0.0.0 Safari/537.36"
20.48.160.90 - - [28/Aug/2026:17:27:38 +0000] "GET /wp-trackback.php HTTP/1.1" 404 146 "-" "-"
93.92.20.18 - - [28/Aug/2026:17:27:38 +0000] "GET /service/landscaping/ HTTP/1.1" 200 18985 "-" "Mozilla/5.0 (Macintosh; Intel Mac OS X 10_15_7) AppleWebKit/537.36 (KHTML, like Gecko) Chrome/104.0.0.0 Safari/537.36"
84.8.106.91 - - [28/Aug/2026:17:27:38 +0000] "POST /wp-login.php HTTP/1.1" 200 2645 "https://sealall.ca/wp-login.php" "Mozilla/5.0 (Macintosh; Intel Mac OS X 13_6_1) AppleWebKit/537.36 (KHTML, like Gecko) Chrome/120.0.0.0 Safari/537.36"
20.48.160.90 - - [28/Aug/2026:17:27:38 +0000] "GET /pri.php HTTP/1.1" 301 0 "-" "-"
192.178.7.67 - - [28/Aug/2026:17:27:39 +0000] "GET /service/concrete-sealing/ HTTP/1.1" 200 16075 "-" "Mozilla/5.0 (Linux; Android 6.0.1; Nexus 5X Build/MMB29P) AppleWebKit/537.36 (KHTML, like Gecko) Chrome/151.0.7922.173 Mobile Safari/537.36 (compatible; Googlebot/2.1; +http://www.google.com/bot.html)"
84.8.106.91 - - [28/Aug/2026:17:27:39 +0000] "POST /wp-login.php HTTP/1.1" 200 2646 "https://sealall.ca/wp-login.php" "Mozilla/5.0 (Macintosh; Intel Mac OS X 13_6_1) AppleWebKit/605.1.15 (KHTML, like Gecko) Version/17.0 Safari/605.1.15"
20.48.160.90 - - [28/Aug/2026:17:27:39 +0000] "GET /pri.php HTTP/1.1" 404 79341 "-" "-"
93.92.20.18 - - [28/Aug/2026:17:27:39 +0000] "GET /area/kawartha-lakes/stamped-concrete-sealing/ HTTP/1.1" 200 18998 "-" "Mozilla/5.0 (Macintosh; Intel Mac OS X 10_15_7) AppleWebKit/537.36 (KHTML, like Gecko) Chrome/104.0.0.0 Safari/537.36"
84.8.106.91 - - [28/Aug/2026:17:27:39 +0000] "POST /wp-login.php HTTP/1.1" 200 2642 "https://sealall.ca/wp-login.php" "Mozilla/5.0 (X11; Ubuntu; Linux x86_64) AppleWebKit/537.36 (KHTML, like Gecko) Chrome/121.0.0.0 Safari/537.36"
20.48.160.90 - - [28/Aug/2026:17:27:39 +0000] "GET /wp_blog_footer.php HTTP/1.1" 301 0 "-" "-"
20.48.160.90 - - [28/Aug/2026:17:27:39 +0000] "GET /wp_blog_footer.php HTTP/1.1" 404 79356 "-" "-"
84.8.106.91 - - [28/Aug/2026:17:27:39 +0000] "POST /wp-login.php HTTP/1.1" 200 2645 "https://sealall.ca/wp-login.php" "Mozilla/5.0 (Windows NT 10.0; Win64; x64; rv:119.0) Gecko/20100101 Firefox/119.0"
20.48.160.90 - - [28/Aug/2026:17:27:40 +0000] "GET /sushi.php HTTP/1.1" 301 0 "-" "-"
84.8.106.91 - - [28/Aug/2026:17:27:40 +0000] "POST /wp-login.php HTTP/1.1" 200 2642 "https://sealall.ca/wp-login.php" "Mozilla/5.0 (Macintosh; Intel Mac OS X 10_15_7; rv:121.0) Gecko/20100101 Firefox/121.0"
20.48.160.90 - - [28/Aug/2026:17:27:40 +0000] "GET /sushi.php HTTP/1.1" 404 79338 "-" "-"
84.8.106.91 - - [28/Aug/2026:17:27:40 +0000] "POST /wp-login.php HTTP/1.1" 200 2649 "https://sealall.ca/wp-login.php" "Mozilla/5.0 (Windows NT 10.0; Win64; x64) AppleWebKit/537.36 (KHTML, like Gecko) Chrome/119.0.0.0 Safari/537.36"
20.48.160.90 - - [28/Aug/2026:17:27:40 +0000] "GET /manga.php HTTP/1.1" 301 0 "-" "-"
84.8.106.91 - - [28/Aug/2026:17:27:40 +0000] "POST /wp-login.php HTTP/1.1" 200 2582 "https://sealall.ca/wp-login.php" "Mozilla/5.0 (Windows NT 11.0; Win64; x64; rv:120.0) Gecko/20100101 Firefox/120.0"
20.48.160.90 - - [28/Aug/2026:17:27:41 +0000] "GET /manga.php HTTP/1.1" 404 79338 "-" "-"
84.8.106.91 - - [28/Aug/2026:17:27:41 +0000] "POST /wp-login.php HTTP/1.1" 200 2643 "https://sealall.ca/wp-login.php" "Mozilla/5.0 (Macintosh; Intel Mac OS X 10_15_7) AppleWebKit/537.36 (KHTML, like Gecko) Chrome/120.0.0.0 Safari/537.36"
20.48.160.90 - - [28/Aug/2026:17:27:41 +0000] "GET /asdfghj.php?p= HTTP/1.1" 301 0 "-" "-"
20.48.160.90 - - [28/Aug/2026:17:27:41 +0000] "GET /asdfghj.php HTTP/1.1" 404 79342 "-" "-"
84.8.106.91 - - [28/Aug/2026:17:27:41 +0000] "POST /wp-login.php HTTP/1.1" 200 2643 "https://sealall.ca/wp-login.php" "Mozilla/5.0 (Macintosh; Intel Mac OS X 10_15_7) AppleWebKit/605.1.15 (KHTML, like Gecko) Version/17.1 Safari/605.1.15"
20.48.160.90 - - [28/Aug/2026:17:27:41 +0000] "GET /dragonshell.php HTTP/1.1" 301 0 "-" "-"
84.8.106.91 - - [28/Aug/2026:17:27:41 +0000] "POST /wp-login.php HTTP/1.1" 200 2646 "https://sealall.ca/wp-login.php" "Mozilla/5.0 (Windows NT 10.0; Win64; x64; rv:119.0) Gecko/20100101 Firefox/119.0"
20.48.160.90 - - [28/Aug/2026:17:27:42 +0000] "GET /dragonshell.php HTTP/1.1" 404 79350 "-" "-"
84.8.106.91 - - [28/Aug/2026:17:27:42 +0000] "POST /wp-login.php HTTP/1.1" 200 2645 "https://sealall.ca/wp-login.php" "Mozilla/5.0 (Macintosh; Intel Mac OS X 13_6_1; rv:119.0) Gecko/20100101 Firefox/119.0"
20.48.160.90 - - [28/Aug/2026:17:27:42 +0000] "GET /wp-safe.php HTTP/1.1" 301 0 "-" "-"
84.8.106.91 - - [28/Aug/2026:17:27:42 +0000] "POST /wp-login.php HTTP/1.1" 200 2642 "https://sealall.ca/wp-login.php" "Mozilla/5.0 (Macintosh; Intel Mac OS X 10_15_7; rv:121.0) Gecko/20100101 Firefox/121.0"
20.48.160.90 - - [28/Aug/2026:17:27:42 +0000] "GET /wp-safe.php HTTP/1.1" 404 79342 "-" "-"
20.48.160.90 - - [28/Aug/2026:17:27:42 +0000] "GET /gjewuagf.php HTTP/1.1" 301 0 "-" "-"
84.8.106.91 - - [28/Aug/2026:17:27:42 +0000] "POST /wp-login.php HTTP/1.1" 200 2646 "https://sealall.ca/wp-login.php" "Mozilla/5.0 (Windows NT 10.0; Win64; x64) AppleWebKit/537.36 (KHTML, like Gecko) Chrome/121.0.0.0 Safari/537.36"
20.48.160.90 - - [28/Aug/2026:17:27:43 +0000] "GET /gjewuagf.php HTTP/1.1" 404 79344 "-" "-"
84.8.106.91 - - [28/Aug/2026:17:27:43 +0000] "POST /wp-login.php HTTP/1.1" 200 2642 "https://sealall.ca/wp-login.php" "Mozilla/5.0 (Macintosh; Intel Mac OS X 10_15_7; rv:120.0) Gecko/20100101 Firefox/120.0"
20.48.160.90 - - [28/Aug/2026:17:27:43 +0000] "GET /tnglzqmv.php HTTP/1.1" 301 0 "-" "-"
84.8.106.91 - - [28/Aug/2026:17:27:43 +0000] "POST /wp-login.php HTTP/1.1" 200 2644 "https://sealall.ca/wp-login.php" "Mozilla/5.0 (Macintosh; Intel Mac OS X 10_15_7; rv:120.0) Gecko/20100101 Firefox/120.0"
20.48.160.90 - - [28/Aug/2026:17:27:43 +0000] "GET /tnglzqmv.php HTTP/1.1" 404 79344 "-" "-"
20.48.160.90 - - [28/Aug/2026:17:27:43 +0000] "GET /wefile.php HTTP/1.1" 301 0 "-" "-"
84.8.106.91 - - [28/Aug/2026:17:27:43 +0000] "POST /wp-login.php HTTP/1.1" 200 2644 "https://sealall.ca/wp-login.php" "Mozilla/5.0 (X11; Linux x86_64) AppleWebKit/537.36 (KHTML, like Gecko) Chrome/120.0.0.0 Safari/537.36"
20.48.160.90 - - [28/Aug/2026:17:27:43 +0000] "GET /wefile.php HTTP/1.1" 404 79340 "-" "-"
20.48.160.90 - - [28/Aug/2026:17:27:44 +0000] "GET /blog.php HTTP/1.1" 500 2716 "-" "-"
84.8.106.91 - - [28/Aug/2026:17:27:44 +0000] "POST /wp-login.php HTTP/1.1" 200 2643 "https://sealall.ca/wp-login.php" "Mozilla/5.0 (Windows NT 10.0; Win64; x64; rv:120.0) Gecko/20100101 Firefox/120.0"
20.48.160.90 - - [28/Aug/2026:17:27:44 +0000] "GET /wp-admin/js/wp-load.php HTTP/1.1" 301 0 "-" "-"
84.8.106.91 - - [28/Aug/2026:17:27:44 +0000] "POST /wp-login.php HTTP/1.1" 200 2642 "https://sealall.ca/wp-login.php" "Mozilla/5.0 (Macintosh; Intel Mac OS X 13_6_1) AppleWebKit/537.36 (KHTML, like Gecko) Chrome/118.0.0.0 Safari/537.36"
20.48.160.90 - - [28/Aug/2026:17:27:44 +0000] "GET /wp-admin/js/wp-load.php HTTP/1.1" 404 79370 "-" "-"
20.48.160.90 - - [28/Aug/2026:17:27:44 +0000] "GET /robot.php HTTP/1.1" 301 0 "-" "-"
84.8.106.91 - - [28/Aug/2026:17:27:44 +0000] "POST /wp-login.php HTTP/1.1" 200 2642 "https://sealall.ca/wp-login.php" "Mozilla/5.0 (Windows NT 11.0; Win64; x64; rv:119.0) Gecko/20100101 Firefox/119.0"
20.48.160.90 - - [28/Aug/2026:17:27:44 +0000] "GET /robot.php HTTP/1.1" 404 79338 "-" "-"
84.8.106.91 - - [28/Aug/2026:17:27:45 +0000] "POST /wp-login.php HTTP/1.1" 200 2647 "https://sealall.ca/wp-login.php" "Mozilla/5.0 (Macintosh; Intel Mac OS X 10_15_7) AppleWebKit/537.36 (KHTML, like Gecko) Chrome/120.0.0.0 Safari/537.36"
20.48.160.90 - - [28/Aug/2026:17:27:45 +0000] "GET /revo.php HTTP/1.1" 301 0 "-" "-"
20.48.160.90 - - [28/Aug/2026:17:27:45 +0000] "GET /revo.php HTTP/1.1" 404 79336 "-" "-"
84.8.106.91 - - [28/Aug/2026:17:27:45 +0000] "POST /wp-login.php HTTP/1.1" 200 2648 "https://sealall.ca/wp-login.php" "Mozilla/5.0 (Macintosh; Intel Mac OS X 10_15_7) AppleWebKit/605.1.15 (KHTML, like Gecko) Version/16.6 Safari/605.1.15"
20.48.160.90 - - [28/Aug/2026:17:27:45 +0000] "GET /birrs.php HTTP/1.1" 301 0 "-" "-"
84.8.106.91 - - [28/Aug/2026:17:27:45 +0000] "POST /wp-login.php HTTP/1.1" 200 2648 "https://sealall.ca/wp-login.php" "Mozilla/5.0 (Macintosh; Intel Mac OS X 13_6_1) AppleWebKit/605.1.15 (KHTML, like Gecko) Version/17.0 Safari/605.1.15"
20.48.160.90 - - [28/Aug/2026:17:27:45 +0000] "GET /birrs.php HTTP/1.1" 404 79338 "-" "-"
84.8.106.91 - - [28/Aug/2026:17:27:46 +0000] "POST /wp-login.php HTTP/1.1" 200 2649 "https://sealall.ca/wp-login.php" "Mozilla/5.0 (Macintosh; Intel Mac OS X 13_6_1) AppleWebKit/537.36 (KHTML, like Gecko) Chrome/121.0.0.0 Safari/537.36"
20.48.160.90 - - [28/Aug/2026:17:27:46 +0000] "GET /sss.php?p= HTTP/1.1" 301 0 "-" "-"
84.8.106.91 - - [28/Aug/2026:17:27:46 +0000] "POST /wp-login.php HTTP/1.1" 200 2643 "https://sealall.ca/wp-login.php" "Mozilla/5.0 (Windows NT 10.0; Win64; x64; rv:118.0) Gecko/20100101 Firefox/118.0"
20.48.160.90 - - [28/Aug/2026:17:27:46 +0000] "GET /sss.php HTTP/1.1" 404 79334 "-" "-"
20.48.160.90 - - [28/Aug/2026:17:27:46 +0000] "GET /wp-content/themes/gaukingo/ HTTP/1.1" 301 0 "-" "-"
84.8.106.91 - - [28/Aug/2026:17:27:46 +0000] "POST /wp-login.php HTTP/1.1" 200 2642 "https://sealall.ca/wp-login.php" "Mozilla/5.0 (Windows NT 11.0; Win64; x64; rv:120.0) Gecko/20100101 Firefox/120.0"
20.48.160.90 - - [28/Aug/2026:17:27:46 +0000] "GET /wp-content/themes/gaukingo/ HTTP/1.1" 404 79380 "-" "-"
84.8.106.91 - - [28/Aug/2026:17:27:46 +0000] "POST /wp-login.php HTTP/1.1" 200 2650 "https://sealall.ca/wp-login.php" "Mozilla/5.0 (Macintosh; Intel Mac OS X 10_15_7) AppleWebKit/605.1.15 (KHTML, like Gecko) Version/17.0 Safari/605.1.15"
20.48.160.90 - - [28/Aug/2026:17:27:47 +0000] "GET /wp-includes/ID3/moon.php HTTP/1.1" 301 0 "-" "-"
84.8.106.91 - - [28/Aug/2026:17:27:47 +0000] "POST /wp-login.php HTTP/1.1" 200 2645 "https://sealall.ca/wp-login.php" "Mozilla/5.0 (Macintosh; Intel Mac OS X 13_6_1) AppleWebKit/605.1.15 (KHTML, like Gecko) Version/17.2 Safari/605.1.15"
20.48.160.90 - - [28/Aug/2026:17:27:47 +0000] "GET /wp-includes/ID3/moon.php HTTP/1.1" 404 79372 "-" "-"
20.48.160.90 - - [28/Aug/2026:17:27:47 +0000] "GET /xmini4.php HTTP/1.1" 301 0 "-" "-"
20.48.160.90 - - [28/Aug/2026:17:27:47 +0000] "GET /xmini4.php HTTP/1.1" 404 79340 "-" "-"
84.8.106.91 - - [28/Aug/2026:17:27:47 +0000] "POST /wp-login.php HTTP/1.1" 200 2643 "https://sealall.ca/wp-login.php" "Mozilla/5.0 (Windows NT 10.0; Win64; x64; rv:119.0) Gecko/20100101 Firefox/119.0"
20.48.160.90 - - [28/Aug/2026:17:27:47 +0000] "GET /gulu.php HTTP/1.1" 301 0 "-" "-"
20.48.160.90 - - [28/Aug/2026:17:27:48 +0000] "GET /gulu.php HTTP/1.1" 404 79336 "-" "-"
84.8.106.91 - - [28/Aug/2026:17:27:48 +0000] "POST /wp-login.php HTTP/1.1" 200 2645 "https://sealall.ca/wp-login.php" "Mozilla/5.0 (Windows NT 11.0; Win64; x64) AppleWebKit/537.36 (KHTML, like Gecko) Chrome/118.0.0.0 Safari/537.36"
84.8.106.91 - - [28/Aug/2026:17:27:48 +0000] "POST /wp-login.php HTTP/1.1" 200 2644 "https://sealall.ca/wp-login.php" "Mozilla/5.0 (X11; Linux x86_64) AppleWebKit/537.36 (KHTML, like Gecko) Chrome/121.0.0.0 Safari/537.36"
84.8.106.91 - - [28/Aug/2026:17:27:48 +0000] "POST /wp-login.php HTTP/1.1" 200 2646 "https://sealall.ca/wp-login.php" "Mozilla/5.0 (Windows NT 10.0; Win64; x64; rv:121.0) Gecko/20100101 Firefox/121.0"
