95.65.191.98 - - [28/Aug/2026:12:33:54 +0000] "GET /wp-includes/js/imgareaselect/jquery.imgareaselect.min.js?ver=7.0.3 HTTP/1.1" 200 3718 "https://sealall.ca/wp-admin/" "Mozilla/5.0 (Windows NT 10.0; Win64; x64) AppleWebKit/537.36 (KHTML, like Gecko) Chrome/151.0.0.0 Safari/537.36"
95.65.191.98 - - [28/Aug/2026:12:33:54 +0000] "GET /wp-admin/js/image-edit.min.js?ver=7.0.3 HTTP/1.1" 200 4766 "https://sealall.ca/wp-admin/" "Mozilla/5.0 (Windows NT 10.0; Win64; x64) AppleWebKit/537.36 (KHTML, like Gecko) Chrome/151.0.0.0 Safari/537.36"
95.65.191.98 - - [28/Aug/2026:12:33:54 +0000] "GET /wp-content/plugins/happyfiles-pro/assets/js/happyfiles.min.js?ver=1763923328 HTTP/1.1" 200 86621 "https://sealall.ca/wp-admin/" "Mozilla/5.0 (Windows NT 10.0; Win64; x64) AppleWebKit/537.36 (KHTML, like Gecko) Chrome/151.0.0.0 Safari/537.36"
95.65.191.98 - - [28/Aug/2026:12:33:54 +0000] "GET /wp-content/plugins/redis-cache/assets/js/admin.js?ver=2.8.0 HTTP/1.1" 200 3261 "https://sealall.ca/wp-admin/" "Mozilla/5.0 (Windows NT 10.0; Win64; x64) AppleWebKit/537.36 (KHTML, like Gecko) Chrome/151.0.0.0 Safari/537.36"
95.65.191.98 - - [28/Aug/2026:12:33:54 +0000] "GET /wp-content/plugins/redis-cache/assets/js/apexcharts.min.js?ver=2.8.0 HTTP/1.1" 200 125756 "https://sealall.ca/wp-admin/" "Mozilla/5.0 (Windows NT 10.0; Win64; x64) AppleWebKit/537.36 (KHTML, like Gecko) Chrome/151.0.0.0 Safari/537.36"
95.65.191.98 - - [28/Aug/2026:12:33:54 +0000] "GET /wp-content/plugins/gravityforms/assets/js/dist/scripts-admin.min.js?ver=96bcecebcbe18464e6fad9441490e385 HTTP/1.1" 200 17184 "https://sealall.ca/wp-admin/" "Mozilla/5.0 (Windows NT 10.0; Win64; x64) AppleWebKit/537.36 (KHTML, like Gecko) Chrome/151.0.0.0 Safari/537.36"
95.65.191.98 - - [28/Aug/2026:12:33:54 +0000] "GET /wp-includes/js/dist/vendor/lodash.min.js?ver=4.18.1 HTTP/1.1" 200 25840 "https://sealall.ca/wp-admin/" "Mozilla/5.0 (Windows NT 10.0; Win64; x64) AppleWebKit/537.36 (KHTML, like Gecko) Chrome/151.0.0.0 Safari/537.36"
95.65.191.98 - - [28/Aug/2026:12:33:54 +0000] "GET /wp-content/plugins/seo-by-rank-math/assets/admin/js/components.js?ver=1.0.270 HTTP/1.1" 200 49475 "https://sealall.ca/wp-admin/" "Mozilla/5.0 (Windows NT 10.0; Win64; x64) AppleWebKit/537.36 (KHTML, like Gecko) Chrome/151.0.0.0 Safari/537.36"
95.65.191.98 - - [28/Aug/2026:12:33:54 +0000] "GET /wp-content/plugins/seo-by-rank-math/assets/admin/js/dashboard.js?ver=1.0.270 HTTP/1.1" 200 1234 "https://sealall.ca/wp-admin/" "Mozilla/5.0 (Windows NT 10.0; Win64; x64) AppleWebKit/537.36 (KHTML, like Gecko) Chrome/151.0.0.0 Safari/537.36"
95.65.191.98 - - [28/Aug/2026:12:33:55 +0000] "GET /wp-content/plugins/litespeed-cache/assets/js/litespeed-cache-admin.js?ver=7.8.1 HTTP/1.1" 200 3488 "https://sealall.ca/wp-admin/" "Mozilla/5.0 (Windows NT 10.0; Win64; x64) AppleWebKit/537.36 (KHTML, like Gecko) Chrome/151.0.0.0 Safari/537.36"
95.65.191.98 - - [28/Aug/2026:12:33:55 +0000] "GET /wp-content/themes/bricks/assets/js/admin.min.js?ver=1763923838 HTTP/1.1" 200 11785 "https://sealall.ca/wp-admin/" "Mozilla/5.0 (Windows NT 10.0; Win64; x64) AppleWebKit/537.36 (KHTML, like Gecko) Chrome/151.0.0.0 Safari/537.36"
95.65.191.98 - - [28/Aug/2026:12:33:55 +0000] "GET /wp-content/plugins/all-in-one-wp-migration/lib/view/assets/img/logo-20x20.png HTTP/1.1" 200 876 "https://sealall.ca/wp-admin/" "Mozilla/5.0 (Windows NT 10.0; Win64; x64) AppleWebKit/537.36 (KHTML, like Gecko) Chrome/151.0.0.0 Safari/537.36"
95.65.191.98 - - [28/Aug/2026:12:33:55 +0000] "GET /wp-admin/plugins.php HTTP/1.1" 499 0 "https://sealall.ca/wp-admin/" "Mozilla/5.0 (Windows NT 10.0; Win64; x64) AppleWebKit/537.36 (KHTML, like Gecko) Chrome/151.0.0.0 Safari/537.36"
95.65.191.98 - - [28/Aug/2026:12:33:55 +0000] "GET /wp-json/wp/v2/users/me?context=edit&_locale=user HTTP/1.1" 200 4788 "https://sealall.ca/wp-admin/" "Mozilla/5.0 (Windows NT 10.0; Win64; x64) AppleWebKit/537.36 (KHTML, like Gecko) Chrome/151.0.0.0 Safari/537.36"
95.65.191.98 - - [28/Aug/2026:12:33:56 +0000] "GET /wp-admin/plugins.php HTTP/1.1" 200 79253 "https://sealall.ca/wp-admin/" "Mozilla/5.0 (Windows NT 10.0; Win64; x64) AppleWebKit/537.36 (KHTML, like Gecko) Chrome/151.0.0.0 Safari/537.36"
95.65.191.98 - - [28/Aug/2026:12:33:57 +0000] "GET /wp-content/plugins/all-in-one-wp-migration/lib/view/assets/css/updater.min.css?v=7.105&ver=7.0.3 HTTP/1.1" 200 82 "https://sealall.ca/wp-admin/plugins.php" "Mozilla/5.0 (Windows NT 10.0; Win64; x64) AppleWebKit/537.36 (KHTML, like Gecko) Chrome/151.0.0.0 Safari/537.36"
95.65.191.98 - - [28/Aug/2026:12:33:57 +0000] "GET /wp-content/plugins/independent-analytics/freemius/assets/css/admin/dialog-boxes.css?ver=7.0.3 HTTP/1.1" 200 2431 "https://sealall.ca/wp-admin/plugins.php" "Mozilla/5.0 (Windows NT 10.0; Win64; x64) AppleWebKit/537.36 (KHTML, like Gecko) Chrome/151.0.0.0 Safari/537.36"
95.65.191.98 - - [28/Aug/2026:12:33:57 +0000] "GET /wp-content/plugins/litespeed-cache/assets/css/iziModal.min.css?ver=7.8.1 HTTP/1.1" 200 16192 "https://sealall.ca/wp-admin/plugins.php" "Mozilla/5.0 (Windows NT 10.0; Win64; x64) AppleWebKit/537.36 (KHTML, like Gecko) Chrome/151.0.0.0 Safari/537.36"
95.65.191.98 - - [28/Aug/2026:12:33:57 +0000] "GET /wp-admin/load-styles.php?c=0&dir=ltr&load%5Bchunk_0%5D=dashicons,admin-bar,common,forms,admin-menu,dashboard,list-tables,edit,revisions,media,themes,about,nav-menus,wp-pointer,widgets&load%5Bchunk_1%5D=,site-icon,l10n,wp-base-styles,buttons,wp-auth-check,wp-components,wp-commands&ver=7.0.3 HTTP/1.1" 200 118379 "https://sealall.ca/wp-admin/plugins.php" "Mozilla/5.0 (Windows NT 10.0; Win64; x64) AppleWebKit/537.36 (KHTML, like Gecko) Chrome/151.0.0.0 Safari/537.36"
95.65.191.98 - - [28/Aug/2026:12:33:57 +0000] "GET /wp-admin/load-scripts.php?c=0&load%5Bchunk_0%5D=jquery-core,jquery-migrate,utils,jquery-ui-core,jquery-ui-tooltip&ver=7.0.3 HTTP/1.1" 200 43304 "https://sealall.ca/wp-admin/plugins.php" "Mozilla/5.0 (Windows NT 10.0; Win64; x64) AppleWebKit/537.36 (KHTML, like Gecko) Chrome/151.0.0.0 Safari/537.36"
95.65.191.98 - - [28/Aug/2026:12:33:57 +0000] "GET /wp-content/plugins/independent-analytics/freemius/assets/css/admin/optout.css?ver=7.0.3 HTTP/1.1" 200 1035 "https://sealall.ca/wp-admin/plugins.php" "Mozilla/5.0 (Windows NT 10.0; Win64; x64) AppleWebKit/537.36 (KHTML, like Gecko) Chrome/151.0.0.0 Safari/537.36"
95.65.191.98 - - [28/Aug/2026:12:33:57 +0000] "GET /wp-admin/load-scripts.php?c=0&load%5Bchunk_0%5D=hoverIntent,wp-dom-ready,wp-hooks&ver=7.0.3 HTTP/1.1" 200 2668 "https://sealall.ca/wp-admin/plugins.php" "Mozilla/5.0 (Windows NT 10.0; Win64; x64) AppleWebKit/537.36 (KHTML, like Gecko) Chrome/151.0.0.0 Safari/537.36"
95.65.191.98 - - [28/Aug/2026:12:33:57 +0000] "GET /wp-content/plugins/litespeed-cache/assets/js/iziModal.min.js?ver=7.8.1 HTTP/1.1" 200 6583 "https://sealall.ca/wp-admin/plugins.php" "Mozilla/5.0 (Windows NT 10.0; Win64; x64) AppleWebKit/537.36 (KHTML, like Gecko) Chrome/151.0.0.0 Safari/537.36"
95.65.191.98 - - [28/Aug/2026:12:33:57 +0000] "GET /wp-content/plugins/max-addons-for-bricks/includes/admin/feedback/js/feedback.js?ver=1.7.1 HTTP/1.1" 200 3602 "https://sealall.ca/wp-admin/plugins.php" "Mozilla/5.0 (Windows NT 10.0; Win64; x64) AppleWebKit/537.36 (KHTML, like Gecko) Chrome/151.0.0.0 Safari/537.36"
95.65.191.98 - - [28/Aug/2026:12:33:58 +0000] "GET /wp-content/plugins/litespeed-cache/assets/img/lscwp-logo_90x90.png HTTP/1.1" 200 1684 "https://sealall.ca/wp-content/plugins/litespeed-cache/assets/css/litespeed.css?ver=7.8.1" "Mozilla/5.0 (Windows NT 10.0; Win64; x64) AppleWebKit/537.36 (KHTML, like Gecko) Chrome/151.0.0.0 Safari/537.36"
95.65.191.98 - - [28/Aug/2026:12:33:58 +0000] "GET /wp-includes/js/dist/block-editor.min.js?ver=f3d941bcb2e86c269881 HTTP/1.1" 200 328374 "https://sealall.ca/wp-admin/plugins.php" "Mozilla/5.0 (Windows NT 10.0; Win64; x64) AppleWebKit/537.36 (KHTML, like Gecko) Chrome/151.0.0.0 Safari/537.36"
95.65.191.98 - - [28/Aug/2026:12:33:58 +0000] "GET /wp-admin/images/spinner.gif HTTP/1.1" 200 3656 "https://sealall.ca/wp-admin/load-styles.php?c=0&dir=ltr&load%5Bchunk_0%5D=dashicons,admin-bar,common,forms,admin-menu,dashboard,list-tables,edit,revisions,media,themes,about,nav-menus,wp-pointer,widgets&load%5Bchunk_1%5D=,site-icon,l10n,wp-base-styles,buttons,wp-auth-check,wp-components,wp-commands&ver=7.0.3" "Mozilla/5.0 (Windows NT 10.0; Win64; x64) AppleWebKit/537.36 (KHTML, like Gecko) Chrome/151.0.0.0 Safari/537.36"
95.65.191.98 - - [28/Aug/2026:12:33:59 +0000] "GET /wp-json/wp/v2/users/me?context=edit&_locale=user HTTP/1.1" 200 4833 "https://sealall.ca/wp-admin/plugins.php" "Mozilla/5.0 (Windows NT 10.0; Win64; x64) AppleWebKit/537.36 (KHTML, like Gecko) Chrome/151.0.0.0 Safari/537.36"
95.65.191.98 - - [28/Aug/2026:12:33:59 +0000] "GET /wp-includes/js/thickbox/loadingAnimation.gif HTTP/1.1" 200 15238 "https://sealall.ca/wp-admin/plugins.php" "Mozilla/5.0 (Windows NT 10.0; Win64; x64) AppleWebKit/537.36 (KHTML, like Gecko) Chrome/151.0.0.0 Safari/537.36"
95.65.191.98 - - [28/Aug/2026:12:34:00 +0000] "GET /wp-includes/js/wp-emoji-release.min.js?ver=7.0.3 HTTP/1.1" 200 5386 "https://sealall.ca/wp-admin/plugins.php" "Mozilla/5.0 (Windows NT 10.0; Win64; x64) AppleWebKit/537.36 (KHTML, like Gecko) Chrome/151.0.0.0 Safari/537.36"
95.65.191.98 - - [28/Aug/2026:12:34:00 +0000] "GET /favicon.ico HTTP/1.1" 302 0 "https://sealall.ca/wp-admin/plugins.php" "Mozilla/5.0 (Windows NT 10.0; Win64; x64) AppleWebKit/537.36 (KHTML, like Gecko) Chrome/151.0.0.0 Safari/537.36"
66.249.93.199 - - [28/Aug/2026:12:34:09 +0000] "GET /.well-known/traffic-advice HTTP/1.1" 404 20617 "-" "Chrome Privacy Preserving Prefetch Proxy"
66.249.93.200 - - [28/Aug/2026:12:34:10 +0000] "GET /.well-known/traffic-advice HTTP/1.1" 404 20458 "-" "Chrome Privacy Preserving Prefetch Proxy"
193.186.4.36 - - [28/Aug/2026:12:34:13 +0000] "GET / HTTP/1.1" 499 0 "https://www.google.com/" "Mozilla/5.0 (Windows NT 10.0; Win64; x64) AppleWebKit/537.36 (KHTML, like Gecko) Chrome/151.0.0.0 Safari/537.36"
162.120.188.94 - - [28/Aug/2026:12:34:13 +0000] "GET /pricing/ HTTP/1.1" 499 0 "https://www.google.com/" "Mozilla/5.0 (Windows NT 10.0; Win64; x64) AppleWebKit/537.36 (KHTML, like Gecko) Chrome/151.0.0.0 Safari/537.36"
103.121.17.220 - - [28/Aug/2026:12:34:19 +0000] "GET /service/concrete-sealing/ HTTP/1.1" 200 34138 "-" "IsonSearchBot/2.0 (+https://search.isonai.com/bot)"
45.79.207.110 - - [28/Aug/2026:12:34:26 +0000] "GET / HTTP/1.1" 400 264 "-" "Mozilla/5.0 zgrab/0.x"
95.65.191.98 - - [28/Aug/2026:12:35:01 +0000] "POST /wp-admin/admin-ajax.php HTTP/1.1" 200 58 "https://sealall.ca/wp-admin/plugins.php" "Mozilla/5.0 (Windows NT 10.0; Win64; x64) AppleWebKit/537.36 (KHTML, like Gecko) Chrome/151.0.0.0 Safari/537.36"
17.166.153.81 - - [28/Aug/2026:12:35:10 +0000] "POST /wp-content/plugins/litespeed-cache/guest.vary.php HTTP/1.1" 200 22 "https://sealall.ca/area/new-tecumseth/pressure-washing/" "Mozilla/5.0 (Macintosh; Intel Mac OS X 10_15_7) AppleWebKit/605.1.15 (KHTML, like Gecko) Version/17.4 Safari/605.1.15 (Applebot/0.1; +http://www.apple.com/go/applebot)"
95.65.191.98 - - [28/Aug/2026:12:37:01 +0000] "POST /wp-admin/admin-ajax.php HTTP/1.1" 200 58 "https://sealall.ca/wp-admin/plugins.php" "Mozilla/5.0 (Windows NT 10.0; Win64; x64) AppleWebKit/537.36 (KHTML, like Gecko) Chrome/151.0.0.0 Safari/537.36"
45.148.10.166 - - [28/Aug/2026:12:37:35 +0000] "GET /.git/config HTTP/1.1" 403 248 "-" "Mozilla/5.0 (Linux; Android 8.0.0; WAS-LX1) AppleWebKit/537.36 (KHTML, like Gecko) Chrome/75.0.3770.143 Mobile Safari/537.36"
114.119.132.242 - - [28/Aug/2026:12:37:47 +0000] "GET /area/north-york/polymeric-sand/ HTTP/1.1" 200 31430 "https://sealall.ca/area/waterdown/polymeric-sand/" "Mozilla/5.0 (Linux; Android 7.0;) AppleWebKit/537.36 (HTML, like Gecko) Mobile Safari/537.36 (compatible; PetalBot;+https://webmaster.petalsearch.com/site/petalbot)"
47.128.54.15 - - [28/Aug/2026:12:37:58 +0000] "GET /robots.txt HTTP/1.1" 301 0 "-" "Mozilla/5.0 (Linux; Android 5.0) AppleWebKit/537.36 (KHTML, like Gecko) Mobile Safari/537.36 (compatible; Bytespider; spider-feedback@bytedance.com)"
47.128.54.15 - - [28/Aug/2026:12:37:59 +0000] "GET /robots.txt HTTP/1.1" 200 110 "-" "Mozilla/5.0 (Linux; Android 5.0) AppleWebKit/537.36 (KHTML, like Gecko) Mobile Safari/537.36 (compatible; Bytespider; spider-feedback@bytedance.com)"
216.244.66.233 - - [28/Aug/2026:12:38:37 +0000] "GET /area/brampton/concrete-sealing/ HTTP/1.1" 200 253913 "-" "Mozilla/5.0 (compatible; DotBot/1.2; +https://opensiteexplorer.org/dotbot; help@moz.com)"
95.65.191.98 - - [28/Aug/2026:12:39:03 +0000] "POST /wp-admin/admin-ajax.php HTTP/1.1" 200 58 "https://sealall.ca/wp-admin/plugins.php" "Mozilla/5.0 (Windows NT 10.0; Win64; x64) AppleWebKit/537.36 (KHTML, like Gecko) Chrome/151.0.0.0 Safari/537.36"
84.139.11.228 - - [28/Aug/2026:12:39:07 +0000] "GET /services/polymeric-sand/ HTTP/1.1" 301 0 "-" "Mozilla/5.0 (Windows NT 10.0; Win64; x64) AppleWebKit/537.36 (KHTML, like Gecko) Chrome/91.0.4472.114 Safari/537.36 Edg/91.0.864.54"
84.139.11.228 - - [28/Aug/2026:12:39:10 +0000] "GET /service/polymeric-sand/ HTTP/1.1" 200 34731 "-" "Mozilla/5.0 (Windows NT 10.0; Win64; x64) AppleWebKit/537.36 (KHTML, like Gecko) Chrome/91.0.4472.114 Safari/537.36 Edg/91.0.864.54"
95.65.191.98 - - [28/Aug/2026:12:41:03 +0000] "POST /wp-admin/admin-ajax.php HTTP/1.1" 200 58 "https://sealall.ca/wp-admin/plugins.php" "Mozilla/5.0 (Windows NT 10.0; Win64; x64) AppleWebKit/537.36 (KHTML, like Gecko) Chrome/151.0.0.0 Safari/537.36"
77.75.79.72 - - [28/Aug/2026:12:42:53 +0000] "GET /area/mississauga/ HTTP/1.1" 200 37516 "-" "Mozilla/5.0 (compatible; SeznamBot/4.0; +https://o-seznam.cz/napoveda/vyhledavani/en/seznambot-crawler/)"
95.65.191.98 - - [28/Aug/2026:12:43:04 +0000] "POST /wp-admin/admin-ajax.php HTTP/1.1" 200 58 "https://sealall.ca/wp-admin/plugins.php" "Mozilla/5.0 (Windows NT 10.0; Win64; x64) AppleWebKit/537.36 (KHTML, like Gecko) Chrome/151.0.0.0 Safari/537.36"
20.104.81.161 - - [28/Aug/2026:12:44:45 +0000] "GET //wp-content/plugins/fix/up.php HTTP/1.1" 301 0 "-" "Mozilla/5.0 (Windows NT 10.0; Win64; x64) AppleWebKit/537.36 (KHTML, like Gecko) Chrome/85.0.4183.102 Safari/537.36"
20.104.81.161 - - [28/Aug/2026:12:44:45 +0000] "GET /wp-content/plugins/fix/up.php HTTP/1.1" 404 20452 "-" "Mozilla/5.0 (Windows NT 10.0; Win64; x64) AppleWebKit/537.36 (KHTML, like Gecko) Chrome/85.0.4183.102 Safari/537.36"
51.89.71.147 - - [28/Aug/2026:12:44:50 +0000] "GET /robots.txt HTTP/1.1" 200 110 "-" "Mozilla/5.0 (compatible; AhrefsBot/7.0; +http://ahrefs.com/robot/)"
15.235.96.215 - - [28/Aug/2026:12:44:51 +0000] "GET /sitemap_index.xml HTTP/1.1" 200 357 "-" "Mozilla/5.0 (compatible; AhrefsBot/7.0; +http://ahrefs.com/robot/)"
51.222.95.155 - - [28/Aug/2026:12:44:53 +0000] "GET /post-sitemap.xml HTTP/1.1" 200 572 "-" "Mozilla/5.0 (compatible; AhrefsBot/7.0; +http://ahrefs.com/robot/)"
142.44.220.152 - - [28/Aug/2026:12:44:54 +0000] "GET /page-sitemap.xml HTTP/1.1" 200 849 "-" "Mozilla/5.0 (compatible; AhrefsBot/7.0; +http://ahrefs.com/robot/)"
142.44.228.116 - - [28/Aug/2026:12:44:55 +0000] "GET /local_seo-sitemap.xml HTTP/1.1" 200 554 "-" "Mozilla/5.0 (compatible; AhrefsBot/7.0; +http://ahrefs.com/robot/)"
142.44.233.183 - - [28/Aug/2026:12:44:56 +0000] "GET /service_area-sitemap.xml HTTP/1.1" 200 1286 "-" "Mozilla/5.0 (compatible; AhrefsBot/7.0; +http://ahrefs.com/robot/)"
142.44.233.27 - - [28/Aug/2026:12:44:58 +0000] "GET /service-sitemap.xml HTTP/1.1" 200 582 "-" "Mozilla/5.0 (compatible; AhrefsBot/7.0; +http://ahrefs.com/robot/)"
95.65.191.98 - - [28/Aug/2026:12:45:05 +0000] "POST /wp-admin/admin-ajax.php HTTP/1.1" 200 58 "https://sealall.ca/wp-admin/plugins.php" "Mozilla/5.0 (Windows NT 10.0; Win64; x64) AppleWebKit/537.36 (KHTML, like Gecko) Chrome/151.0.0.0 Safari/537.36"
34.225.24.180 - - [28/Aug/2026:12:46:04 +0000] "GET /hamilton/services/interlock-sealing/ HTTP/1.1" 301 0 "-" "Mozilla/5.0 AppleWebKit/537.36 (KHTML, like Gecko; compatible; Amazonbot/0.1; +https://developer.amazon.com/support/amazonbot) Chrome/119.0.6045.214 Safari/537.36"
3.227.180.70 - - [28/Aug/2026:12:46:07 +0000] "GET /area/hamilton/interlock-sealing/ HTTP/1.1" 200 37539 "-" "Mozilla/5.0 AppleWebKit/537.36 (KHTML, like Gecko; compatible; Amazonbot/0.1; +https://developer.amazon.com/support/amazonbot) Chrome/119.0.6045.214 Safari/537.36"
95.65.191.98 - - [28/Aug/2026:12:47:06 +0000] "POST /wp-admin/admin-ajax.php HTTP/1.1" 200 58 "https://sealall.ca/wp-admin/plugins.php" "Mozilla/5.0 (Windows NT 10.0; Win64; x64) AppleWebKit/537.36 (KHTML, like Gecko) Chrome/151.0.0.0 Safari/537.36"
216.73.216.136 - - [28/Aug/2026:12:48:04 +0000] "GET /sitemap_index.xml HTTP/1.1" 200 357 "-" "Mozilla/5.0 AppleWebKit/537.36 (KHTML, like Gecko; compatible; ClaudeBot/1.0; +claudebot@anthropic.com)"
95.65.191.98 - - [28/Aug/2026:12:49:07 +0000] "POST /wp-admin/admin-ajax.php HTTP/1.1" 200 58 "https://sealall.ca/wp-admin/plugins.php" "Mozilla/5.0 (Windows NT 10.0; Win64; x64) AppleWebKit/537.36 (KHTML, like Gecko) Chrome/151.0.0.0 Safari/537.36"
78.85.5.147 - - [28/Aug/2026:12:49:08 +0000] "GET /kitchener/faqs/ HTTP/1.1" 301 0 "-" "Mozilla/5.0 (Macintosh; Intel Mac OS X 13.7; rv:126.0) Gecko/20100101 Firefox/126.0"
78.85.5.147 - - [28/Aug/2026:12:49:09 +0000] "GET / HTTP/1.1" 301 0 "-" "Mozilla/5.0 (Macintosh; Intel Mac OS X 13.7; rv:126.0) Gecko/20100101 Firefox/126.0"
93.176.129.203 - - [28/Aug/2026:12:49:13 +0000] "GET / HTTP/1.1" 200 45211 "-" "Mozilla/5.0 (Macintosh; Intel Mac OS X 13.7; rv:126.0) Gecko/20100101 Firefox/126.0"
47.128.54.106 - - [28/Aug/2026:12:49:46 +0000] "GET /robots.txt HTTP/1.1" 301 0 "-" "Mozilla/5.0 (Linux; Android 5.0) AppleWebKit/537.36 (KHTML, like Gecko) Mobile Safari/537.36 (compatible; Bytespider; spider-feedback@bytedance.com)"
47.128.54.106 - - [28/Aug/2026:12:49:49 +0000] "GET /robots.txt HTTP/1.1" 200 110 "-" "Mozilla/5.0 (Linux; Android 5.0) AppleWebKit/537.36 (KHTML, like Gecko) Mobile Safari/537.36 (compatible; Bytespider; spider-feedback@bytedance.com)"
103.121.17.220 - - [28/Aug/2026:12:50:51 +0000] "GET /areas HTTP/1.1" 301 0 "-" "IsonSearchBot/2.0 (+https://search.isonai.com/bot)"
103.121.17.220 - - [28/Aug/2026:12:50:54 +0000] "GET /areas/ HTTP/1.1" 200 27248 "-" "IsonSearchBot/2.0 (+https://search.isonai.com/bot)"
95.65.191.98 - - [28/Aug/2026:12:51:08 +0000] "POST /wp-admin/admin-ajax.php HTTP/1.1" 200 58 "https://sealall.ca/wp-admin/plugins.php" "Mozilla/5.0 (Windows NT 10.0; Win64; x64) AppleWebKit/537.36 (KHTML, like Gecko) Chrome/151.0.0.0 Safari/537.36"
198.98.59.181 - - [28/Aug/2026:12:51:13 +0000] "GET /wp-login.php HTTP/1.1" 200 7444 "-" "Mozilla/5.0 (Macintosh; Intel Mac OS X 10.8; rv:30.0) Gecko/20100101 Firefox/30.0"
198.98.59.181 - - [28/Aug/2026:12:51:14 +0000] "POST /wp-login.php HTTP/1.1" 200 7874 "-" "Mozilla/5.0 (Macintosh; Intel Mac OS X 10.8; rv:30.0) Gecko/20100101 Firefox/30.0"
95.65.191.98 - - [28/Aug/2026:12:53:09 +0000] "POST /wp-admin/admin-ajax.php HTTP/1.1" 200 58 "https://sealall.ca/wp-admin/plugins.php" "Mozilla/5.0 (Windows NT 10.0; Win64; x64) AppleWebKit/537.36 (KHTML, like Gecko) Chrome/151.0.0.0 Safari/537.36"
172.235.40.131 - - [28/Aug/2026:12:53:34 +0000] "GET / HTTP/1.1" 301 0 "-" "Mozilla/5.0 (Macintosh; Intel Mac OS X 13_1) AppleWebKit/537.36 (KHTML, like Gecko) Chrome/108.0.0.0 Safari/537.36"
144.202.92.17 - - [28/Aug/2026:12:53:52 +0000] "GET / HTTP/1.1" 301 0 "-" "Mozilla/5.0 (compatible; CyberConvoyScout/1.0; +https://scout.cyberconvoy.co)"
144.202.92.17 - - [28/Aug/2026:12:53:55 +0000] "GET / HTTP/1.1" 200 45220 "https://146.190.190.85/" "Mozilla/5.0 (compatible; CyberConvoyScout/1.0; +https://scout.cyberconvoy.co)"
95.65.191.98 - - [28/Aug/2026:12:55:10 +0000] "POST /wp-admin/admin-ajax.php HTTP/1.1" 200 58 "https://sealall.ca/wp-admin/plugins.php" "Mozilla/5.0 (Windows NT 10.0; Win64; x64) AppleWebKit/537.36 (KHTML, like Gecko) Chrome/151.0.0.0 Safari/537.36"
52.205.181.150 - - [28/Aug/2026:12:55:45 +0000] "GET /area/maple/concrete-sealing/ HTTP/1.1" 200 34219 "-" "Mozilla/5.0 (Macintosh; Intel Mac OS X 10_15_7) AppleWebKit/605.1.15 (KHTML, like Gecko) Chrome/139.0.0.0 Safari/605.1.15"
111.228.38.90 - - [28/Aug/2026:12:56:10 +0000] "POST /cgi-bin/.%2e/.%2e/.%2e/.%2e/.%2e/.%2e/.%2e/.%2e/.%2e/.%2e/bin/sh HTTP/1.1" 400 166 "-" "-"
111.228.38.90 - - [28/Aug/2026:12:56:38 +0000] "POST /cgi-bin/%%32%65%%32%65/%%32%65%%32%65/%%32%65%%32%65/%%32%65%%32%65/%%32%65%%32%65/%%32%65%%32%65/%%32%65%%32%65/bin/sh HTTP/1.1" 400 166 "-" "-"
111.228.38.90 - - [28/Aug/2026:12:56:48 +0000] "POST /hello.world?%ADd+allow_url_include%3d1+%ADd+auto_prepend_file%3dphp://input HTTP/1.1" 404 71855 "-" "libredtail-http"
95.65.191.98 - - [28/Aug/2026:12:57:11 +0000] "POST /wp-admin/admin-ajax.php HTTP/1.1" 200 58 "https://sealall.ca/wp-admin/plugins.php" "Mozilla/5.0 (Windows NT 10.0; Win64; x64) AppleWebKit/537.36 (KHTML, like Gecko) Chrome/151.0.0.0 Safari/537.36"
18.207.27.67 - - [28/Aug/2026:12:57:18 +0000] "GET /area/acton/interlock-sealing/ HTTP/1.1" 200 37525 "-" "Mozilla/5.0 (Macintosh; Intel Mac OS X 10_15_7) AppleWebKit/605.1.15 (KHTML, like Gecko) Chrome/139.0.0.0 Safari/605.1.15"
192.178.6.165 - - [28/Aug/2026:12:57:45 +0000] "GET /why-us/ HTTP/1.1" 301 0 "-" "Mozilla/5.0 (Linux; Android 6.0.1; Nexus 5X Build/MMB29P) AppleWebKit/537.36 (KHTML, like Gecko) Chrome/151.0.7922.173 Mobile Safari/537.36 (compatible; Googlebot/2.1; +http://www.google.com/bot.html)"
192.178.6.166 - - [28/Aug/2026:12:57:47 +0000] "GET /about-us/ HTTP/1.1" 301 0 "-" "Mozilla/5.0 (Linux; Android 6.0.1; Nexus 5X Build/MMB29P) AppleWebKit/537.36 (KHTML, like Gecko) Chrome/151.0.7922.173 Mobile Safari/537.36 (compatible; Googlebot/2.1; +http://www.google.com/bot.html)"
192.178.7.67 - - [28/Aug/2026:12:57:48 +0000] "GET /about-us/ HTTP/1.1" 200 28213 "-" "Mozilla/5.0 (Linux; Android 6.0.1; Nexus 5X Build/MMB29P) AppleWebKit/537.36 (KHTML, like Gecko) Chrome/151.0.7922.173 Mobile Safari/537.36 (compatible; Googlebot/2.1; +http://www.google.com/bot.html)"
111.228.38.90 - - [28/Aug/2026:12:57:50 +0000] "POST /?%ADd+allow_url_include%3d1+%ADd+auto_prepend_file%3dphp://input HTTP/1.1" 200 114142 "-" "libredtail-http"
192.178.7.67 - - [28/Aug/2026:12:57:55 +0000] "GET /wp-content/litespeed/css/6da64ae8635b615c9a7afd97977a15fa.css?ver=4e446 HTTP/1.1" 200 71071 "https://sealall.ca/about-us/" "Mozilla/5.0 (Linux; Android 6.0.1; Nexus 5X Build/MMB29P) AppleWebKit/537.36 (KHTML, like Gecko) Chrome/151.0.7922.173 Mobile Safari/537.36 (compatible; Googlebot/2.1; +http://www.google.com/bot.html)"
66.132.224.224 - - [28/Aug/2026:12:58:49 +0000] "GET /robots.txt HTTP/1.1" 200 110 "-" "Mozilla/5.0 (compatible; CensysInspect/1.1; +https://about.censys.io/)"
66.132.224.224 - - [28/Aug/2026:12:58:56 +0000] "GET /favicon.ico HTTP/1.1" 302 0 "-" "Mozilla/5.0 (compatible; CensysInspect/1.1; +https://about.censys.io/)"
66.132.224.224 - - [28/Aug/2026:12:59:01 +0000] "GET /lm7ngapuvlb HTTP/1.1" 404 20464 "-" "Mozilla/5.0 (compatible; CensysInspect/1.1; +https://about.censys.io/)"
95.65.191.98 - - [28/Aug/2026:12:59:12 +0000] "POST /wp-admin/admin-ajax.php HTTP/1.1" 200 58 "https://sealall.ca/wp-admin/plugins.php" "Mozilla/5.0 (Windows NT 10.0; Win64; x64) AppleWebKit/537.36 (KHTML, like Gecko) Chrome/151.0.0.0 Safari/537.36"
116.202.229.220 - - [28/Aug/2026:12:59:29 +0000] "GET /images/ HTTP/1.1" 301 0 "-" "Mozilla/5.0 (Windows NT 10.0; Win64; x64) AppleWebKit/537.36 (KHTML, like Gecko) Chrome/91.0.4472.114 Safari/537.36 Edg/91.0.864.54"
116.202.229.220 - - [28/Aug/2026:12:59:30 +0000] "GET /gallery/ HTTP/1.1" 200 23019 "-" "Mozilla/5.0 (Windows NT 10.0; Win64; x64) AppleWebKit/537.36 (KHTML, like Gecko) Chrome/91.0.4472.114 Safari/537.36 Edg/91.0.864.54"
159.203.84.92 - - [28/Aug/2026:13:00:44 +0000] "\x00V8\xE2HG\xAB\x9C\x19\xFA\xA8\x04\xCCi(\xD6a@\x93\xD9\xFB\xA1\xCB\xEC\x98R\x92]\xEA\x17\xBEA%a\x1DZ\xBA\x04\xC0\x8A\x17\x08u\xC6\xAE\xE4i$Q\xE1\xBD\xB7\xFA\x9F\xF3vn\x0FA\x16\x8C\xF9\xC5\x0Bu\xFFOi\xE3o_\xCE\xFF\x91\x08`d\x9E\x1Dj\x91\x86|\x00\x00\x00\x00\x00" 400 166 "-" "-"
95.65.191.98 - - [28/Aug/2026:13:01:13 +0000] "POST /wp-admin/admin-ajax.php HTTP/1.1" 200 58 "https://sealall.ca/wp-admin/plugins.php" "Mozilla/5.0 (Windows NT 10.0; Win64; x64) AppleWebKit/537.36 (KHTML, like Gecko) Chrome/151.0.0.0 Safari/537.36"
23.20.230.149 - - [28/Aug/2026:13:02:39 +0000] "GET /area/kitchener/polymeric-sand/ HTTP/1.1" 500 2716 "-" "Mozilla/5.0 (Macintosh; Intel Mac OS X 10_15_7) AppleWebKit/605.1.15 (KHTML, like Gecko) Chrome/139.0.0.0 Safari/605.1.15"
95.65.191.98 - - [28/Aug/2026:13:03:14 +0000] "POST /wp-admin/admin-ajax.php HTTP/1.1" 200 58 "https://sealall.ca/wp-admin/plugins.php" "Mozilla/5.0 (Windows NT 10.0; Win64; x64) AppleWebKit/537.36 (KHTML, like Gecko) Chrome/151.0.0.0 Safari/537.36"
144.76.163.143 - - [28/Aug/2026:13:04:25 +0000] "GET / HTTP/1.1" 301 0 "-" "Mozilla/5.0 (Macintosh; Intel Mac OS X 14_0) AppleWebKit/537.36 (KHTML, like Gecko) Chrome/124.0.0.0 Safari/537.36"
144.76.163.143 - - [28/Aug/2026:13:04:28 +0000] "GET / HTTP/1.1" 200 247684 "https://www.sealall.ca/" "Mozilla/5.0 (Macintosh; Intel Mac OS X 14_0) AppleWebKit/537.36 (KHTML, like Gecko) Chrome/124.0.0.0 Safari/537.36"
95.65.191.98 - - [28/Aug/2026:13:05:15 +0000] "POST /wp-admin/admin-ajax.php HTTP/1.1" 200 58 "https://sealall.ca/wp-admin/plugins.php" "Mozilla/5.0 (Windows NT 10.0; Win64; x64) AppleWebKit/537.36 (KHTML, like Gecko) Chrome/151.0.0.0 Safari/537.36"
57.141.4.57 - - [28/Aug/2026:13:06:15 +0000] "GET /area/hamilton/ HTTP/1.1" 200 37500 "-" "Mozilla/5.0 (Windows NT 10.0; Win64; x64) AppleWebKit/537.36 (KHTML, like Gecko) Chrome/145.0.0.0 Safari/537.36 (compatible; meta-externalagent/1.1 (+https://developers.facebook.com/docs/sharing/webmasters/crawler))"
95.65.191.98 - - [28/Aug/2026:13:07:16 +0000] "POST /wp-admin/admin-ajax.php HTTP/1.1" 200 58 "https://sealall.ca/wp-admin/plugins.php" "Mozilla/5.0 (Windows NT 10.0; Win64; x64) AppleWebKit/537.36 (KHTML, like Gecko) Chrome/151.0.0.0 Safari/537.36"
95.65.191.98 - - [28/Aug/2026:13:09:17 +0000] "POST /wp-admin/admin-ajax.php HTTP/1.1" 200 58 "https://sealall.ca/wp-admin/plugins.php" "Mozilla/5.0 (Windows NT 10.0; Win64; x64) AppleWebKit/537.36 (KHTML, like Gecko) Chrome/151.0.0.0 Safari/537.36"
51.68.236.114 - - [28/Aug/2026:13:11:15 +0000] "GET /robots.txt HTTP/1.1" 200 110 "-" "Mozilla/5.0 (compatible; MJ12bot/v2.0.5; http://mj12bot.com/)"
51.68.236.114 - - [28/Aug/2026:13:11:17 +0000] "GET / HTTP/1.1" 200 45217 "-" "Mozilla/5.0 (compatible; MJ12bot/v2.0.5; http://mj12bot.com/)"
95.65.191.98 - - [28/Aug/2026:13:11:18 +0000] "POST /wp-admin/admin-ajax.php HTTP/1.1" 200 58 "https://sealall.ca/wp-admin/plugins.php" "Mozilla/5.0 (Windows NT 10.0; Win64; x64) AppleWebKit/537.36 (KHTML, like Gecko) Chrome/151.0.0.0 Safari/537.36"
216.244.66.233 - - [28/Aug/2026:13:11:50 +0000] "GET /area/keswick/pressure-washing/ HTTP/1.1" 200 259184 "-" "Mozilla/5.0 (compatible; DotBot/1.2; +https://opensiteexplorer.org/dotbot; help@moz.com)"
95.65.191.98 - - [28/Aug/2026:13:13:19 +0000] "POST /wp-admin/admin-ajax.php HTTP/1.1" 200 58 "https://sealall.ca/wp-admin/plugins.php" "Mozilla/5.0 (Windows NT 10.0; Win64; x64) AppleWebKit/537.36 (KHTML, like Gecko) Chrome/151.0.0.0 Safari/537.36"
93.116.48.17 - - [28/Aug/2026:13:13:44 +0000] "GET /service/stamped-concrete-sealing/ HTTP/1.1" 200 36983 "-" "Mozilla/5.0 (Macintosh; Intel Mac OS X 10_15_7) AppleWebKit/537.36 (KHTML, like Gecko) Chrome/143.0.0.0 Safari/537.36"
75.102.11.39 - - [28/Aug/2026:13:13:54 +0000] "GET /service/stamped-concrete-sealing/ HTTP/1.1" 200 36983 "-" "Mozilla/5.0 (Macintosh; Intel Mac OS X 10_15_7) AppleWebKit/605.1.15 (KHTML, like Gecko) Version/26.2 Safari/605.1.15"
8.234.151.8 - - [28/Aug/2026:13:14:11 +0000] "GET / HTTP/1.1" 301 0 "http://www.sealall.ca" "Mozilla/5.0 (compatible; CMS-Checker/1.0; +https://example.com)"
8.234.151.8 - - [28/Aug/2026:13:14:14 +0000] "GET / HTTP/1.1" 200 45218 "https://www.sealall.ca/" "Mozilla/5.0 (compatible; CMS-Checker/1.0; +https://example.com)"
206.189.201.2 - - [28/Aug/2026:13:14:43 +0000] "GET /.git/config HTTP/1.1" 403 244 "-" "Mozilla/5.0 (X11; Linux x86_64) AppleWebKit/537.36 (KHTML, like Gecko) Chrome/81.0.4044.129 Safari/537.36"
36.80.119.35 - - [28/Aug/2026:13:14:56 +0000] "GET /areas HTTP/1.1" 301 0 "-" "IsonSearchBot/2.0 (+https://search.isonai.com/bot)"
36.80.119.35 - - [28/Aug/2026:13:14:58 +0000] "GET /areas/ HTTP/1.1" 200 27248 "-" "IsonSearchBot/2.0 (+https://search.isonai.com/bot)"
84.37.110.91 - - [28/Aug/2026:13:15:17 +0000] "GET /service/interlock-repair/ HTTP/1.1" 200 35023 "-" "Mozilla/5.0 (Macintosh; Intel Mac OS X 10_15_7) AppleWebKit/605.1.15 (KHTML, like Gecko) Version/26.2 Safari/605.1.15"
95.65.191.98 - - [28/Aug/2026:13:15:20 +0000] "POST /wp-admin/admin-ajax.php HTTP/1.1" 200 58 "https://sealall.ca/wp-admin/plugins.php" "Mozilla/5.0 (Windows NT 10.0; Win64; x64) AppleWebKit/537.36 (KHTML, like Gecko) Chrome/151.0.0.0 Safari/537.36"
216.244.66.233 - - [28/Aug/2026:13:15:28 +0000] "GET /area/innisfil/line-painting/ HTTP/1.1" 200 245424 "-" "Mozilla/5.0 (compatible; DotBot/1.2; +https://opensiteexplorer.org/dotbot; help@moz.com)"
95.65.191.98 - - [28/Aug/2026:13:17:21 +0000] "POST /wp-admin/admin-ajax.php HTTP/1.1" 200 58 "https://sealall.ca/wp-admin/plugins.php" "Mozilla/5.0 (Windows NT 10.0; Win64; x64) AppleWebKit/537.36 (KHTML, like Gecko) Chrome/151.0.0.0 Safari/537.36"
95.65.191.98 - - [28/Aug/2026:13:19:22 +0000] "POST /wp-admin/admin-ajax.php HTTP/1.1" 200 58 "https://sealall.ca/wp-admin/plugins.php" "Mozilla/5.0 (Windows NT 10.0; Win64; x64) AppleWebKit/537.36 (KHTML, like Gecko) Chrome/151.0.0.0 Safari/537.36"
57.141.4.48 - - [28/Aug/2026:13:20:39 +0000] "GET /sitemap.xml HTTP/1.1" 301 0 "-" "Mozilla/5.0 (Windows NT 10.0; Win64; x64) AppleWebKit/537.36 (KHTML, like Gecko) Chrome/145.0.0.0 Safari/537.36 (compatible; meta-externalagent/1.1 (+https://developers.facebook.com/docs/sharing/webmasters/crawler))"
57.141.4.21 - - [28/Aug/2026:13:20:40 +0000] "GET /sitemap_index.xml HTTP/1.1" 200 357 "-" "Mozilla/5.0 (Windows NT 10.0; Win64; x64) AppleWebKit/537.36 (KHTML, like Gecko) Chrome/145.0.0.0 Safari/537.36 (compatible; meta-externalagent/1.1 (+https://developers.facebook.com/docs/sharing/webmasters/crawler))"
57.141.4.43 - - [28/Aug/2026:13:20:40 +0000] "GET /main-sitemap.xsl HTTP/1.1" 200 2068 "https://sealall.ca/sitemap_index.xml" "Mozilla/5.0 (Windows NT 10.0; Win64; x64) AppleWebKit/537.36 (KHTML, like Gecko) Chrome/145.0.0.0 Safari/537.36 (compatible; meta-externalagent/1.1 (+https://developers.facebook.com/docs/sharing/webmasters/crawler))"
9.129.24.14 - - [28/Aug/2026:13:20:55 +0000] "GET / HTTP/1.1" 499 0 "-" "Mozilla/5.0 AppleWebKit/537.36 (KHTML, like Gecko); compatible; ChatGPT-User/1.0; +https://openai.com/bot"
95.65.191.98 - - [28/Aug/2026:13:21:23 +0000] "POST /wp-admin/admin-ajax.php HTTP/1.1" 200 58 "https://sealall.ca/wp-admin/plugins.php" "Mozilla/5.0 (Windows NT 10.0; Win64; x64) AppleWebKit/537.36 (KHTML, like Gecko) Chrome/151.0.0.0 Safari/537.36"
95.65.191.98 - - [28/Aug/2026:13:23:24 +0000] "POST /wp-admin/admin-ajax.php HTTP/1.1" 200 58 "https://sealall.ca/wp-admin/plugins.php" "Mozilla/5.0 (Windows NT 10.0; Win64; x64) AppleWebKit/537.36 (KHTML, like Gecko) Chrome/151.0.0.0 Safari/537.36"
114.119.136.254 - - [28/Aug/2026:13:24:22 +0000] "GET /brampton/services/polymeric-sand/ HTTP/1.1" 301 0 "https://www.sealall.ca/brampton/reviews/" "Mozilla/5.0 (Linux; Android 7.0;) AppleWebKit/537.36 (HTML, like Gecko) Mobile Safari/537.36 (compatible; PetalBot;+https://webmaster.petalsearch.com/site/petalbot)"
114.119.136.254 - - [28/Aug/2026:13:24:25 +0000] "GET /area/brampton/polymeric-sand/ HTTP/1.1" 200 31427 "https://www.sealall.ca/brampton/reviews/" "Mozilla/5.0 (Linux; Android 7.0;) AppleWebKit/537.36 (HTML, like Gecko) Mobile Safari/537.36 (compatible; PetalBot;+https://webmaster.petalsearch.com/site/petalbot)"
57.141.4.52 - - [28/Aug/2026:13:25:19 +0000] "GET /area/waterloo/ HTTP/1.1" 200 37446 "-" "Mozilla/5.0 (Windows NT 10.0; Win64; x64) AppleWebKit/537.36 (KHTML, like Gecko) Chrome/145.0.0.0 Safari/537.36 Edg/145.0.0.0 (compatible; meta-externalagent/1.1 (+https://developers.facebook.com/docs/sharing/webmasters/crawler))"
95.65.191.98 - - [28/Aug/2026:13:25:25 +0000] "POST /wp-admin/admin-ajax.php HTTP/1.1" 200 58 "https://sealall.ca/wp-admin/plugins.php" "Mozilla/5.0 (Windows NT 10.0; Win64; x64) AppleWebKit/537.36 (KHTML, like Gecko) Chrome/151.0.0.0 Safari/537.36"
114.119.136.254 - - [28/Aug/2026:13:25:46 +0000] "GET /innisfil HTTP/1.1" 301 0 "https://www.sealall.ca/mississauga/services/natural-stone-sealing/" "Mozilla/5.0 (Linux; Android 7.0;) AppleWebKit/537.36 (HTML, like Gecko) Mobile Safari/537.36 (compatible; PetalBot;+https://webmaster.petalsearch.com/site/petalbot)"
114.119.136.254 - - [28/Aug/2026:13:25:49 +0000] "GET /area/innisfil/ HTTP/1.1" 200 34046 "https://www.sealall.ca/mississauga/services/natural-stone-sealing/" "Mozilla/5.0 (Linux; Android 7.0;) AppleWebKit/537.36 (HTML, like Gecko) Mobile Safari/537.36 (compatible; PetalBot;+https://webmaster.petalsearch.com/site/petalbot)"
114.119.138.33 - - [28/Aug/2026:13:27:11 +0000] "GET /area/whitby/interlock-sealing/ HTTP/1.1" 200 34131 "https://sealall.ca/area/whitby/" "Mozilla/5.0 (Linux; Android 7.0;) AppleWebKit/537.36 (HTML, like Gecko) Mobile Safari/537.36 (compatible; PetalBot;+https://webmaster.petalsearch.com/site/petalbot)"
95.65.191.98 - - [28/Aug/2026:13:27:26 +0000] "POST /wp-admin/admin-ajax.php HTTP/1.1" 200 58 "https://sealall.ca/wp-admin/plugins.php" "Mozilla/5.0 (Windows NT 10.0; Win64; x64) AppleWebKit/537.36 (KHTML, like Gecko) Chrome/151.0.0.0 Safari/537.36"
114.119.138.33 - - [28/Aug/2026:13:28:34 +0000] "GET /area/nobleton/driveway-sealing/ HTTP/1.1" 200 31183 "https://sealall.ca/area/grimsby/driveway-sealing/" "Mozilla/5.0 (Linux; Android 7.0;) AppleWebKit/537.36 (HTML, like Gecko) Mobile Safari/537.36 (compatible; PetalBot;+https://webmaster.petalsearch.com/site/petalbot)"
20.63.81.20 - - [28/Aug/2026:13:28:39 +0000] "GET /wp-content/plugins/hellopress/wp_filemanager.php HTTP/1.1" 404 74518 "-" "-"
20.63.81.20 - - [28/Aug/2026:13:28:40 +0000] "GET /this_is_a_new_hello_world.php HTTP/1.1" 404 74455 "-" "-"
20.63.81.20 - - [28/Aug/2026:13:28:40 +0000] "GET /filefuns.php HTTP/1.1" 404 74404 "-" "-"
20.63.81.20 - - [28/Aug/2026:13:28:40 +0000] "GET /wp-cron.php HTTP/1.1" 200 0 "-" "-"
20.63.81.20 - - [28/Aug/2026:13:28:41 +0000] "GET /lock360.php HTTP/1.1" 404 74401 "-" "-"
20.63.81.20 - - [28/Aug/2026:13:28:43 +0000] "GET /wp-theme.php HTTP/1.1" 404 74404 "-" "-"
20.63.81.20 - - [28/Aug/2026:13:28:43 +0000] "GET /2d7433/index.php HTTP/1.1" 301 0 "-" "-"
20.63.81.20 - - [28/Aug/2026:13:28:44 +0000] "GET /2d7433/ HTTP/1.1" 404 74390 "-" "-"
20.63.81.20 - - [28/Aug/2026:13:28:44 +0000] "GET /wp-login.php HTTP/1.1" 200 7444 "-" "-"
20.63.81.20 - - [28/Aug/2026:13:28:45 +0000] "GET /images.php HTTP/1.1" 404 74398 "-" "-"
20.63.81.20 - - [28/Aug/2026:13:28:45 +0000] "GET /ops.php HTTP/1.1" 404 74389 "-" "-"
20.63.81.20 - - [28/Aug/2026:13:28:46 +0000] "GET /4PJcpMFsD8B.php HTTP/1.1" 404 74413 "-" "-"
20.63.81.20 - - [28/Aug/2026:13:28:47 +0000] "GET /3PJcpMFsD8B.php HTTP/1.1" 404 74413 "-" "-"
20.63.81.20 - - [28/Aug/2026:13:28:47 +0000] "GET /about.php HTTP/1.1" 404 74395 "-" "-"
20.63.81.20 - - [28/Aug/2026:13:28:48 +0000] "GET /admin.php/admin.php HTTP/1.1" 404 74427 "-" "-"
20.63.81.20 - - [28/Aug/2026:13:28:48 +0000] "GET /media.php HTTP/1.1" 404 74395 "-" "-"
20.63.81.20 - - [28/Aug/2026:13:28:49 +0000] "GET /mac.php HTTP/1.1" 404 74389 "-" "-"
20.63.81.20 - - [28/Aug/2026:13:28:49 +0000] "GET /1.php HTTP/1.1" 404 74383 "-" "-"
20.63.81.20 - - [28/Aug/2026:13:28:50 +0000] "GET /classwithtostring.php?p= HTTP/1.1" 301 0 "-" "-"
20.63.81.20 - - [28/Aug/2026:13:28:50 +0000] "GET /classwithtostring.php HTTP/1.1" 404 74431 "-" "-"
20.63.81.20 - - [28/Aug/2026:13:28:50 +0000] "GET /wp-ws68.php?p= HTTP/1.1" 301 0 "-" "-"
20.63.81.20 - - [28/Aug/2026:13:28:51 +0000] "GET /wp-ws68.php HTTP/1.1" 404 74401 "-" "-"
20.63.81.20 - - [28/Aug/2026:13:28:51 +0000] "GET /simple.php HTTP/1.1" 404 74398 "-" "-"
20.63.81.20 - - [28/Aug/2026:13:28:52 +0000] "GET /aaa.php?p= HTTP/1.1" 301 0 "-" "-"
20.63.81.20 - - [28/Aug/2026:13:28:52 +0000] "GET /aaa.php HTTP/1.1" 404 74389 "-" "-"
20.63.81.20 - - [28/Aug/2026:13:28:52 +0000] "GET /wp-admin/css/colors/modern/ HTTP/1.1" 403 275 "-" "-"
20.63.81.20 - - [28/Aug/2026:13:28:52 +0000] "GET /wp-admin/css/colors/sunrise/ HTTP/1.1" 403 275 "-" "-"
20.63.81.20 - - [28/Aug/2026:13:28:53 +0000] "GET /shiny.php HTTP/1.1" 404 74395 "-" "-"
20.63.81.20 - - [28/Aug/2026:13:28:53 +0000] "GET /goods.php HTTP/1.1" 404 74395 "-" "-"
20.63.81.20 - - [28/Aug/2026:13:28:54 +0000] "GET /000.php/index.php HTTP/1.1" 301 0 "-" "-"
20.63.81.20 - - [28/Aug/2026:13:28:54 +0000] "GET /000.php/ HTTP/1.1" 404 74393 "-" "-"
20.63.81.20 - - [28/Aug/2026:13:28:55 +0000] "GET /Jcrop.php HTTP/1.1" 404 74395 "-" "-"
20.63.81.20 - - [28/Aug/2026:13:28:55 +0000] "GET /35iDq8NAjLu.php HTTP/1.1" 404 74413 "-" "-"
20.63.81.20 - - [28/Aug/2026:13:28:56 +0000] "GET /btx25.php HTTP/1.1" 404 74395 "-" "-"
20.63.81.20 - - [28/Aug/2026:13:28:56 +0000] "GET /radio.php HTTP/1.1" 404 74395 "-" "-"
20.63.81.20 - - [28/Aug/2026:13:28:57 +0000] "GET /dex.php HTTP/1.1" 404 74389 "-" "-"
20.63.81.20 - - [28/Aug/2026:13:28:58 +0000] "GET /giodywky.php HTTP/1.1" 404 74404 "-" "-"
20.63.81.20 - - [28/Aug/2026:13:28:58 +0000] "GET /wp-kz.php HTTP/1.1" 404 74395 "-" "-"
20.63.81.20 - - [28/Aug/2026:13:28:59 +0000] "GET /wp-includes/ID3/getid.php HTTP/1.1" 404 74447 "-" "-"
20.63.81.20 - - [28/Aug/2026:13:29:00 +0000] "GET /session.php HTTP/1.1" 404 74401 "-" "-"
20.63.81.20 - - [28/Aug/2026:13:29:00 +0000] "GET /eagle.php HTTP/1.1" 404 74395 "-" "-"
20.63.81.20 - - [28/Aug/2026:13:29:01 +0000] "GET /up-kon.php HTTP/1.1" 404 74398 "-" "-"
20.63.81.20 - - [28/Aug/2026:13:29:01 +0000] "GET /tinny.php HTTP/1.1" 404 74395 "-" "-"
20.63.81.20 - - [28/Aug/2026:13:29:02 +0000] "GET /wp-easy.php HTTP/1.1" 404 74401 "-" "-"
20.63.81.20 - - [28/Aug/2026:13:29:03 +0000] "GET /d7.php HTTP/1.1" 404 74386 "-" "-"
20.63.81.20 - - [28/Aug/2026:13:29:03 +0000] "GET /v5.php HTTP/1.1" 404 74386 "-" "-"
20.63.81.20 - - [28/Aug/2026:13:29:04 +0000] "GET /az.php HTTP/1.1" 404 74386 "-" "-"
20.63.81.20 - - [28/Aug/2026:13:29:04 +0000] "GET /js.php HTTP/1.1" 404 74386 "-" "-"
20.63.81.20 - - [28/Aug/2026:13:29:05 +0000] "GET /hd.php HTTP/1.1" 404 74386 "-" "-"
20.63.81.20 - - [28/Aug/2026:13:29:06 +0000] "GET /xl2023.php HTTP/1.1" 404 74398 "-" "-"
20.63.81.20 - - [28/Aug/2026:13:29:06 +0000] "GET /V2.php HTTP/1.1" 404 74386 "-" "-"
20.63.81.20 - - [28/Aug/2026:13:29:07 +0000] "GET /mad.php HTTP/1.1" 404 74389 "-" "-"
20.63.81.20 - - [28/Aug/2026:13:29:07 +0000] "GET /st.php HTTP/1.1" 404 74386 "-" "-"
20.63.81.20 - - [28/Aug/2026:13:29:08 +0000] "GET /alfanew.php HTTP/1.1" 404 74401 "-" "-"
20.63.81.20 - - [28/Aug/2026:13:29:08 +0000] "GET /ioxi.php HTTP/1.1" 404 74392 "-" "-"
20.63.81.20 - - [28/Aug/2026:13:29:09 +0000] "GET /TNT.php HTTP/1.1" 404 74389 "-" "-"
20.63.81.20 - - [28/Aug/2026:13:29:09 +0000] "GET /cd.php HTTP/1.1" 404 74386 "-" "-"
20.63.81.20 - - [28/Aug/2026:13:29:10 +0000] "GET /luuf.php HTTP/1.1" 404 74392 "-" "-"
20.63.81.20 - - [28/Aug/2026:13:29:11 +0000] "GET /fex.php HTTP/1.1" 404 74389 "-" "-"
20.63.81.20 - - [28/Aug/2026:13:29:11 +0000] "GET /l.php HTTP/1.1" 404 74383 "-" "-"
20.63.81.20 - - [28/Aug/2026:13:29:12 +0000] "GET /xr.php HTTP/1.1" 404 74386 "-" "-"
20.63.81.20 - - [28/Aug/2026:13:29:12 +0000] "GET /Q3.php HTTP/1.1" 404 74386 "-" "-"
20.63.81.20 - - [28/Aug/2026:13:29:13 +0000] "GET /Q1.php HTTP/1.1" 404 74386 "-" "-"
20.63.81.20 - - [28/Aug/2026:13:29:14 +0000] "GET /nz.php HTTP/1.1" 404 74386 "-" "-"
20.63.81.20 - - [28/Aug/2026:13:29:14 +0000] "GET /sg.php HTTP/1.1" 404 74386 "-" "-"
20.63.81.20 - - [28/Aug/2026:13:29:15 +0000] "GET /hypo.php HTTP/1.1" 404 74392 "-" "-"
20.63.81.20 - - [28/Aug/2026:13:29:15 +0000] "GET /Hd.php HTTP/1.1" 404 74386 "-" "-"
20.63.81.20 - - [28/Aug/2026:13:29:16 +0000] "GET /im.php HTTP/1.1" 404 74386 "-" "-"
20.63.81.20 - - [28/Aug/2026:13:29:16 +0000] "GET /fc.php HTTP/1.1" 404 74386 "-" "-"
20.63.81.20 - - [28/Aug/2026:13:29:17 +0000] "GET /du.php HTTP/1.1" 404 74386 "-" "-"
20.63.81.20 - - [28/Aug/2026:13:29:18 +0000] "GET /ke.php HTTP/1.1" 404 74386 "-" "-"
20.63.81.20 - - [28/Aug/2026:13:29:18 +0000] "GET /tf.php HTTP/1.1" 404 74386 "-" "-"
20.63.81.20 - - [28/Aug/2026:13:29:19 +0000] "GET /px.php HTTP/1.1" 404 74386 "-" "-"
20.63.81.20 - - [28/Aug/2026:13:29:19 +0000] "GET /jg.php HTTP/1.1" 404 74386 "-" "-"
20.63.81.20 - - [28/Aug/2026:13:29:20 +0000] "GET /yj.php HTTP/1.1" 404 74386 "-" "-"
20.63.81.20 - - [28/Aug/2026:13:29:20 +0000] "GET /zi.php HTTP/1.1" 404 74386 "-" "-"
20.63.81.20 - - [28/Aug/2026:13:29:21 +0000] "GET /ue.php HTTP/1.1" 404 74386 "-" "-"
20.63.81.20 - - [28/Aug/2026:13:29:22 +0000] "GET /nv.php HTTP/1.1" 404 74386 "-" "-"
20.63.81.20 - - [28/Aug/2026:13:29:22 +0000] "GET /jw.php HTTP/1.1" 404 74386 "-" "-"
20.63.81.20 - - [28/Aug/2026:13:29:23 +0000] "GET /or.php HTTP/1.1" 404 74386 "-" "-"
20.63.81.20 - - [28/Aug/2026:13:29:23 +0000] "GET /ile56.php HTTP/1.1" 404 74395 "-" "-"
20.63.81.20 - - [28/Aug/2026:13:29:24 +0000] "GET /emmh.php HTTP/1.1" 404 74392 "-" "-"
20.63.81.20 - - [28/Aug/2026:13:29:25 +0000] "GET /em.php HTTP/1.1" 404 74386 "-" "-"
20.63.81.20 - - [28/Aug/2026:13:29:25 +0000] "GET /dvve.php HTTP/1.1" 404 74392 "-" "-"
20.63.81.20 - - [28/Aug/2026:13:29:26 +0000] "GET /doo.php HTTP/1.1" 404 74389 "-" "-"
20.63.81.20 - - [28/Aug/2026:13:29:26 +0000] "GET /adminer-4.6.6.php HTTP/1.1" 404 74419 "-" "-"
20.63.81.20 - - [28/Aug/2026:13:29:27 +0000] "GET /gelap1.php HTTP/1.1" 404 74398 "-" "-"
95.65.191.98 - - [28/Aug/2026:13:29:27 +0000] "POST /wp-admin/admin-ajax.php HTTP/1.1" 200 58 "https://sealall.ca/wp-admin/plugins.php" "Mozilla/5.0 (Windows NT 10.0; Win64; x64) AppleWebKit/537.36 (KHTML, like Gecko) Chrome/151.0.0.0 Safari/537.36"
20.63.81.20 - - [28/Aug/2026:13:29:28 +0000] "GET /rsjlrria.php HTTP/1.1" 404 74404 "-" "-"
20.63.81.20 - - [28/Aug/2026:13:29:28 +0000] "GET /AxAo.php HTTP/1.1" 404 74392 "-" "-"
20.63.81.20 - - [28/Aug/2026:13:29:29 +0000] "GET /class17.php HTTP/1.1" 404 74401 "-" "-"
20.63.81.20 - - [28/Aug/2026:13:29:29 +0000] "GET /okxoby.php HTTP/1.1" 404 74398 "-" "-"
154.80.27.31 - - [28/Aug/2026:13:29:50 +0000] "GET /pricing HTTP/1.1" 301 0 "https://sealall.ca/terms-conditions" "Mozilla/5.0 (Windows NT 10.0; Win64; x64) AppleWebKit/537.36 (KHTML, like Gecko) Chrome/123.0.6312.122 Safari/537.36"
154.80.27.31 - - [28/Aug/2026:13:29:53 +0000] "GET /pricing/ HTTP/1.1" 200 27233 "https://sealall.ca/terms-conditions" "Mozilla/5.0 (Windows NT 10.0; Win64; x64) AppleWebKit/537.36 (KHTML, like Gecko) Chrome/123.0.6312.122 Safari/537.36"
114.119.150.32 - - [28/Aug/2026:13:29:58 +0000] "GET /area/oakville/interlock-sealing/ HTTP/1.1" 200 34144 "https://www.sealall.ca/area/oakville/interlock-sealing/" "Mozilla/5.0 (Linux; Android 7.0;) AppleWebKit/537.36 (HTML, like Gecko) Mobile Safari/537.36 (compatible; PetalBot;+https://webmaster.petalsearch.com/site/petalbot)"
40.77.167.35 - - [28/Aug/2026:13:30:09 +0000] "GET /area/collingwood/line-painting/ HTTP/1.1" 200 33291 "-" "Mozilla/5.0 AppleWebKit/537.36 (KHTML, like Gecko; compatible; bingbot/2.0; +http://www.bing.com/bingbot.htm) Chrome/116.0.1938.76 Safari/537.36"
114.119.144.88 - - [28/Aug/2026:13:31:22 +0000] "GET /area/georgina/polymeric-sand/ HTTP/1.1" 200 31431 "https://sealall.ca/area/waterdown/polymeric-sand/" "Mozilla/5.0 (Linux; Android 7.0;) AppleWebKit/537.36 (HTML, like Gecko) Mobile Safari/537.36 (compatible; PetalBot;+https://webmaster.petalsearch.com/site/petalbot)"
95.65.191.98 - - [28/Aug/2026:13:31:28 +0000] "POST /wp-admin/admin-ajax.php HTTP/1.1" 200 58 "https://sealall.ca/wp-admin/plugins.php" "Mozilla/5.0 (Windows NT 10.0; Win64; x64) AppleWebKit/537.36 (KHTML, like Gecko) Chrome/151.0.0.0 Safari/537.36"
135.181.102.135 - - [28/Aug/2026:13:32:51 +0000] "HEAD / HTTP/1.1" 301 0 "-" "updown.io daemon 2.11"
135.181.102.135 - - [28/Aug/2026:13:32:51 +0000] "HEAD / HTTP/1.1" 200 0 "-" "updown.io daemon 2.11"
3.221.222.168 - - [28/Aug/2026:13:33:20 +0000] "GET /area/north-york/ HTTP/1.1" 200 37508 "-" "Mozilla/5.0 AppleWebKit/537.36 (KHTML, like Gecko; compatible; Amazonbot/0.1; +https://developer.amazon.com/support/amazonbot) Chrome/119.0.6045.214 Safari/537.36"
95.65.191.98 - - [28/Aug/2026:13:33:29 +0000] "POST /wp-admin/admin-ajax.php HTTP/1.1" 200 58 "https://sealall.ca/wp-admin/plugins.php" "Mozilla/5.0 (Windows NT 10.0; Win64; x64) AppleWebKit/537.36 (KHTML, like Gecko) Chrome/151.0.0.0 Safari/537.36"
54.91.122.193 - - [28/Aug/2026:13:35:10 +0000] "GET /wp-content/uploads/2025/12/polymeric-sand-benefits-1-300x300.webp HTTP/1.1" 200 21998 "-" "Mozilla/5.0 AppleWebKit/537.36 (KHTML, like Gecko; compatible; Amazonbot/0.1; +https://developer.amazon.com/support/amazonbot) Chrome/119.0.6045.214 Safari/537.36"
95.65.191.98 - - [28/Aug/2026:13:35:30 +0000] "POST /wp-admin/admin-ajax.php HTTP/1.1" 200 58 "https://sealall.ca/wp-admin/plugins.php" "Mozilla/5.0 (Windows NT 10.0; Win64; x64) AppleWebKit/537.36 (KHTML, like Gecko) Chrome/151.0.0.0 Safari/537.36"
195.178.110.48 - - [28/Aug/2026:13:35:49 +0000] "GET /wp-content/litespeed/js/b9bb89238e1f0aea2c2f2e550b137352.js?ver=4e446 HTTP/1.1" 200 180218 "-" "Mozilla/5.0 (Windows NT 10.0; Win64; x64) AppleWebKit/537.0"
95.65.191.98 - - [28/Aug/2026:13:37:31 +0000] "POST /wp-admin/admin-ajax.php HTTP/1.1" 200 58 "https://sealall.ca/wp-admin/plugins.php" "Mozilla/5.0 (Windows NT 10.0; Win64; x64) AppleWebKit/537.36 (KHTML, like Gecko) Chrome/151.0.0.0 Safari/537.36"
95.65.191.98 - - [28/Aug/2026:13:39:32 +0000] "POST /wp-admin/admin-ajax.php HTTP/1.1" 200 58 "https://sealall.ca/wp-admin/plugins.php" "Mozilla/5.0 (Windows NT 10.0; Win64; x64) AppleWebKit/537.36 (KHTML, like Gecko) Chrome/151.0.0.0 Safari/537.36"
209.141.37.250 - - [28/Aug/2026:13:40:30 +0000] "GET /wp-login.php HTTP/1.1" 200 7444 "-" "Mozilla/5.0 (Macintosh; Intel Mac OS X 10_9_3) AppleWebKit/537.36 (KHTML, like Gecko) Chrome/35.0.1916.153 Safari/537.36"
209.141.37.250 - - [28/Aug/2026:13:40:52 +0000] "POST /wp-login.php HTTP/1.1" 200 7874 "-" "Mozilla/5.0 (Macintosh; Intel Mac OS X 10_9_3) AppleWebKit/537.36 (KHTML, like Gecko) Chrome/35.0.1916.153 Safari/537.36"
192.155.89.215 - - [28/Aug/2026:13:41:28 +0000] "GET /rss HTTP/1.1" 301 0 "-" "Mozilla/5.0 (X11; Linux x86_64) AppleWebKit/537.36 (KHTML, like Gecko) Chrome/51.0.2704.63 Safari/537.36"
192.155.89.215 - - [28/Aug/2026:13:41:28 +0000] "GET /feed/ HTTP/1.1" 200 33197 "-" "Mozilla/5.0 (X11; Linux x86_64) AppleWebKit/537.36 (KHTML, like Gecko) Chrome/51.0.2704.63 Safari/537.36"
95.65.191.98 - - [28/Aug/2026:13:41:33 +0000] "POST /wp-admin/admin-ajax.php HTTP/1.1" 200 58 "https://sealall.ca/wp-admin/plugins.php" "Mozilla/5.0 (Windows NT 10.0; Win64; x64) AppleWebKit/537.36 (KHTML, like Gecko) Chrome/151.0.0.0 Safari/537.36"
172.104.11.34 - - [28/Aug/2026:13:41:43 +0000] "GET / HTTP/1.1" 301 0 "-" "Mozilla/5.0 (Macintosh; Intel Mac OS X 13_1) AppleWebKit/537.36 (KHTML, like Gecko) Chrome/108.0.0.0 Safari/537.36"
17.166.154.193 - - [28/Aug/2026:13:42:49 +0000] "GET /oakville/services/interlock-sealing/ HTTP/1.1" 301 0 "-" "Mozilla/5.0 (Macintosh; Intel Mac OS X 10_15_7) AppleWebKit/605.1.15 (KHTML, like Gecko) Version/17.4 Safari/605.1.15 (Applebot/0.1; +http://www.apple.com/go/applebot)"
17.166.154.193 - - [28/Aug/2026:13:42:53 +0000] "GET /area/oakville/interlock-sealing/ HTTP/1.1" 200 37545 "-" "Mozilla/5.0 (Macintosh; Intel Mac OS X 10_15_7) AppleWebKit/605.1.15 (KHTML, like Gecko) Version/17.4 Safari/605.1.15 (Applebot/0.1; +http://www.apple.com/go/applebot)"
95.65.191.98 - - [28/Aug/2026:13:43:34 +0000] "POST /wp-admin/admin-ajax.php HTTP/1.1" 200 58 "https://sealall.ca/wp-admin/plugins.php" "Mozilla/5.0 (Windows NT 10.0; Win64; x64) AppleWebKit/537.36 (KHTML, like Gecko) Chrome/151.0.0.0 Safari/537.36"
185.191.171.16 - - [28/Aug/2026:13:43:51 +0000] "GET /robots.txt HTTP/1.1" 200 110 "-" "Mozilla/5.0 (compatible; SemrushBot/7~bl; +http://www.semrush.com/bot.html)"
185.191.171.2 - - [28/Aug/2026:13:44:00 +0000] "GET /area/tiny-township/ HTTP/1.1" 500 446 "-" "Mozilla/5.0 (compatible; SemrushBot/7~bl; +http://www.semrush.com/bot.html)"
216.73.216.136 - - [28/Aug/2026:13:44:35 +0000] "GET /robots.txt HTTP/1.1" 200 110 "-" "Mozilla/5.0 AppleWebKit/537.36 (KHTML, like Gecko; compatible; ClaudeBot/1.0; +claudebot@anthropic.com)"
216.73.216.136 - - [28/Aug/2026:13:44:35 +0000] "GET /sitemap_index.xml HTTP/1.1" 200 357 "-" "Mozilla/5.0 AppleWebKit/537.36 (KHTML, like Gecko; compatible; ClaudeBot/1.0; +claudebot@anthropic.com)"
95.65.191.98 - - [28/Aug/2026:13:45:35 +0000] "POST /wp-admin/admin-ajax.php HTTP/1.1" 200 58 "https://sealall.ca/wp-admin/plugins.php" "Mozilla/5.0 (Windows NT 10.0; Win64; x64) AppleWebKit/537.36 (KHTML, like Gecko) Chrome/151.0.0.0 Safari/537.36"
8.234.151.8 - - [28/Aug/2026:13:46:32 +0000] "GET / HTTP/1.1" 200 247711 "-" "Mozilla/5.0 (Windows NT 10.0; Win64; x64) AppleWebKit/537.36 (KHTML, like Gecko) Chrome/78.0.3904.108 Safari/537.36"
8.234.151.8 - - [28/Aug/2026:13:46:33 +0000] "GET //wp-includes/wlwmanifest.xml HTTP/1.1" 301 0 "-" "Mozilla/5.0 (Windows NT 10.0; Win64; x64) AppleWebKit/537.36 (KHTML, like Gecko) Chrome/78.0.3904.108 Safari/537.36"
8.234.151.8 - - [28/Aug/2026:13:46:33 +0000] "GET //xmlrpc.php?rsd HTTP/1.1" 403 275 "-" "Mozilla/5.0 (Windows NT 10.0; Win64; x64) AppleWebKit/537.36 (KHTML, like Gecko) Chrome/78.0.3904.108 Safari/537.36"
8.234.151.8 - - [28/Aug/2026:13:46:35 +0000] "GET / HTTP/1.1" 200 247790 "-" "Mozilla/5.0 (Windows NT 10.0; Win64; x64) AppleWebKit/537.36 (KHTML, like Gecko) Chrome/78.0.3904.108 Safari/537.36"
