213.111.144.104 - - [28/Aug/2026:06:57:10 +0000] "POST /wp-login.php HTTP/1.1" 200 2618 "https://sealall.ca/wp-login.php" "Mozilla/5.0 (Macintosh; Intel Mac OS X 13_6_1) AppleWebKit/605.1.15 (KHTML, like Gecko) Version/17.1 Safari/605.1.15"
213.111.144.104 - - [28/Aug/2026:06:57:10 +0000] "GET /wp-admin/index.php HTTP/1.1" 302 0 "https://sealall.ca/wp-login.php" "Mozilla/5.0 (Macintosh; Intel Mac OS X 10_15_7) AppleWebKit/537.36 (KHTML, like Gecko) Chrome/119.0.0.0 Safari/537.36"
213.111.144.104 - - [28/Aug/2026:06:57:10 +0000] "GET /wp-login.php?redirect_to=https%3A%2F%2Fsealall.ca%2Fwp-admin%2Findex.php&reauth=1 HTTP/1.1" 200 2488 "https://sealall.ca/wp-login.php" "Mozilla/5.0 (Macintosh; Intel Mac OS X 10_15_7) AppleWebKit/537.36 (KHTML, like Gecko) Chrome/119.0.0.0 Safari/537.36"
213.111.144.104 - - [28/Aug/2026:06:57:10 +0000] "POST /wp-login.php HTTP/1.1" 200 2618 "https://sealall.ca/wp-login.php" "Mozilla/5.0 (Windows NT 11.0; Win64; x64) AppleWebKit/537.36 (KHTML, like Gecko) Chrome/120.0.0.0 Safari/537.36"
213.111.144.104 - - [28/Aug/2026:06:57:10 +0000] "GET /wp-admin/index.php HTTP/1.1" 302 0 "https://sealall.ca/wp-login.php" "Mozilla/5.0 (Macintosh; Intel Mac OS X 13_6_1; rv:119.0) Gecko/20100101 Firefox/119.0"
213.111.144.104 - - [28/Aug/2026:06:57:11 +0000] "GET /wp-login.php?redirect_to=https%3A%2F%2Fsealall.ca%2Fwp-admin%2Findex.php&reauth=1 HTTP/1.1" 200 2488 "https://sealall.ca/wp-login.php" "Mozilla/5.0 (Macintosh; Intel Mac OS X 13_6_1; rv:119.0) Gecko/20100101 Firefox/119.0"
213.111.144.104 - - [28/Aug/2026:06:57:11 +0000] "POST /wp-login.php HTTP/1.1" 200 2618 "https://sealall.ca/wp-login.php" "Mozilla/5.0 (Macintosh; Intel Mac OS X 10_15_7) AppleWebKit/537.36 (KHTML, like Gecko) Chrome/119.0.0.0 Safari/537.36"
213.111.144.104 - - [28/Aug/2026:06:57:11 +0000] "GET /wp-admin/index.php HTTP/1.1" 302 0 "https://sealall.ca/wp-login.php" "Mozilla/5.0 (Macintosh; Intel Mac OS X 13_6_1) AppleWebKit/537.36 (KHTML, like Gecko) Chrome/121.0.0.0 Safari/537.36"
213.111.144.104 - - [28/Aug/2026:06:57:11 +0000] "GET /wp-login.php?redirect_to=https%3A%2F%2Fsealall.ca%2Fwp-admin%2Findex.php&reauth=1 HTTP/1.1" 200 2488 "https://sealall.ca/wp-login.php" "Mozilla/5.0 (Macintosh; Intel Mac OS X 13_6_1) AppleWebKit/537.36 (KHTML, like Gecko) Chrome/121.0.0.0 Safari/537.36"
213.111.144.104 - - [28/Aug/2026:06:57:12 +0000] "POST /wp-login.php HTTP/1.1" 200 2618 "https://sealall.ca/wp-login.php" "Mozilla/5.0 (Windows NT 11.0; Win64; x64; rv:120.0) Gecko/20100101 Firefox/120.0"
213.111.144.104 - - [28/Aug/2026:06:57:12 +0000] "GET /wp-admin/index.php HTTP/1.1" 302 0 "https://sealall.ca/wp-login.php" "Mozilla/5.0 (X11; Ubuntu; Linux x86_64) AppleWebKit/537.36 (KHTML, like Gecko) Chrome/120.0.0.0 Safari/537.36"
213.111.144.104 - - [28/Aug/2026:06:57:12 +0000] "GET /wp-login.php?redirect_to=https%3A%2F%2Fsealall.ca%2Fwp-admin%2Findex.php&reauth=1 HTTP/1.1" 200 2488 "https://sealall.ca/wp-login.php" "Mozilla/5.0 (X11; Ubuntu; Linux x86_64) AppleWebKit/537.36 (KHTML, like Gecko) Chrome/120.0.0.0 Safari/537.36"
213.111.144.104 - - [28/Aug/2026:06:57:12 +0000] "POST /wp-login.php HTTP/1.1" 200 2618 "https://sealall.ca/wp-login.php" "Mozilla/5.0 (Macintosh; Intel Mac OS X 10_15_7) AppleWebKit/537.36 (KHTML, like Gecko) Chrome/120.0.0.0 Safari/537.36"
213.111.144.104 - - [28/Aug/2026:06:57:12 +0000] "GET /wp-admin/index.php HTTP/1.1" 302 0 "https://sealall.ca/wp-login.php" "Mozilla/5.0 (Macintosh; Intel Mac OS X 13_6_1) AppleWebKit/605.1.15 (KHTML, like Gecko) Version/17.1 Safari/605.1.15"
213.111.144.104 - - [28/Aug/2026:06:57:13 +0000] "GET /wp-login.php?redirect_to=https%3A%2F%2Fsealall.ca%2Fwp-admin%2Findex.php&reauth=1 HTTP/1.1" 500 2716 "https://sealall.ca/wp-login.php" "Mozilla/5.0 (Macintosh; Intel Mac OS X 13_6_1) AppleWebKit/605.1.15 (KHTML, like Gecko) Version/17.1 Safari/605.1.15"
213.111.144.104 - - [28/Aug/2026:06:57:13 +0000] "GET /wp-admin/profile.php HTTP/1.1" 302 0 "https://sealall.ca/wp-login.php" "Mozilla/5.0 (Macintosh; Intel Mac OS X 13_6_1) AppleWebKit/605.1.15 (KHTML, like Gecko) Version/17.1 Safari/605.1.15"
213.111.144.104 - - [28/Aug/2026:06:57:13 +0000] "GET /wp-login.php?redirect_to=https%3A%2F%2Fsealall.ca%2Fwp-admin%2Fprofile.php&reauth=1 HTTP/1.1" 200 2489 "https://sealall.ca/wp-login.php" "Mozilla/5.0 (Macintosh; Intel Mac OS X 13_6_1) AppleWebKit/605.1.15 (KHTML, like Gecko) Version/17.1 Safari/605.1.15"
213.111.144.104 - - [28/Aug/2026:06:57:13 +0000] "POST /wp-login.php HTTP/1.1" 200 2618 "https://sealall.ca/wp-login.php" "Mozilla/5.0 (Windows NT 11.0; Win64; x64) AppleWebKit/537.36 (KHTML, like Gecko) Chrome/120.0.0.0 Safari/537.36"
213.111.144.104 - - [28/Aug/2026:06:57:13 +0000] "GET /wp-admin/index.php HTTP/1.1" 302 0 "https://sealall.ca/wp-login.php" "Mozilla/5.0 (Macintosh; Intel Mac OS X 13_6_1; rv:119.0) Gecko/20100101 Firefox/119.0"
213.111.144.104 - - [28/Aug/2026:06:57:14 +0000] "GET /wp-login.php?redirect_to=https%3A%2F%2Fsealall.ca%2Fwp-admin%2Findex.php&reauth=1 HTTP/1.1" 200 2488 "https://sealall.ca/wp-login.php" "Mozilla/5.0 (Macintosh; Intel Mac OS X 13_6_1; rv:119.0) Gecko/20100101 Firefox/119.0"
213.111.144.104 - - [28/Aug/2026:06:57:14 +0000] "POST /wp-login.php HTTP/1.1" 200 2618 "https://sealall.ca/wp-login.php" "Mozilla/5.0 (Macintosh; Intel Mac OS X 10_15_7) AppleWebKit/605.1.15 (KHTML, like Gecko) Version/17.0 Safari/605.1.15"
213.111.144.104 - - [28/Aug/2026:06:57:14 +0000] "GET /wp-admin/index.php HTTP/1.1" 302 0 "https://sealall.ca/wp-login.php" "Mozilla/5.0 (Macintosh; Intel Mac OS X 13_6_1) AppleWebKit/537.36 (KHTML, like Gecko) Chrome/119.0.0.0 Safari/537.36"
213.111.144.104 - - [28/Aug/2026:06:57:14 +0000] "GET /wp-login.php?redirect_to=https%3A%2F%2Fsealall.ca%2Fwp-admin%2Findex.php&reauth=1 HTTP/1.1" 200 2488 "https://sealall.ca/wp-login.php" "Mozilla/5.0 (Macintosh; Intel Mac OS X 13_6_1) AppleWebKit/537.36 (KHTML, like Gecko) Chrome/119.0.0.0 Safari/537.36"
213.111.144.104 - - [28/Aug/2026:06:57:15 +0000] "POST /wp-login.php HTTP/1.1" 200 2618 "https://sealall.ca/wp-login.php" "Mozilla/5.0 (Windows NT 10.0; Win64; x64; rv:119.0) Gecko/20100101 Firefox/119.0"
213.111.144.104 - - [28/Aug/2026:06:57:15 +0000] "GET /wp-admin/index.php HTTP/1.1" 302 0 "https://sealall.ca/wp-login.php" "Mozilla/5.0 (Windows NT 10.0; Win64; x64) AppleWebKit/537.36 (KHTML, like Gecko) Chrome/119.0.0.0 Safari/537.36"
213.111.144.104 - - [28/Aug/2026:06:57:15 +0000] "GET /wp-login.php?redirect_to=https%3A%2F%2Fsealall.ca%2Fwp-admin%2Findex.php&reauth=1 HTTP/1.1" 200 2488 "https://sealall.ca/wp-login.php" "Mozilla/5.0 (Windows NT 10.0; Win64; x64) AppleWebKit/537.36 (KHTML, like Gecko) Chrome/119.0.0.0 Safari/537.36"
213.111.144.104 - - [28/Aug/2026:06:57:15 +0000] "POST /wp-login.php HTTP/1.1" 200 2640 "https://sealall.ca/wp-login.php" "Mozilla/5.0 (Macintosh; Intel Mac OS X 13_6_1) AppleWebKit/605.1.15 (KHTML, like Gecko) Version/17.1 Safari/605.1.15"
213.111.144.104 - - [28/Aug/2026:06:57:15 +0000] "GET /wp-admin/index.php HTTP/1.1" 302 0 "https://sealall.ca/wp-login.php" "Mozilla/5.0 (Windows NT 11.0; Win64; x64; rv:119.0) Gecko/20100101 Firefox/119.0"
213.111.144.104 - - [28/Aug/2026:06:57:16 +0000] "GET /wp-login.php?redirect_to=https%3A%2F%2Fsealall.ca%2Fwp-admin%2Findex.php&reauth=1 HTTP/1.1" 200 2488 "https://sealall.ca/wp-login.php" "Mozilla/5.0 (Windows NT 11.0; Win64; x64; rv:119.0) Gecko/20100101 Firefox/119.0"
213.111.144.104 - - [28/Aug/2026:06:57:16 +0000] "POST /wp-login.php HTTP/1.1" 200 2640 "https://sealall.ca/wp-login.php" "Mozilla/5.0 (Macintosh; Intel Mac OS X 10_15_7) AppleWebKit/537.36 (KHTML, like Gecko) Chrome/119.0.0.0 Safari/537.36"
213.111.144.104 - - [28/Aug/2026:06:57:16 +0000] "GET /wp-admin/index.php HTTP/1.1" 302 0 "https://sealall.ca/wp-login.php" "Mozilla/5.0 (Macintosh; Intel Mac OS X 13_6_1) AppleWebKit/605.1.15 (KHTML, like Gecko) Version/17.0 Safari/605.1.15"
213.111.144.104 - - [28/Aug/2026:06:57:16 +0000] "GET /wp-login.php?redirect_to=https%3A%2F%2Fsealall.ca%2Fwp-admin%2Findex.php&reauth=1 HTTP/1.1" 200 2488 "https://sealall.ca/wp-login.php" "Mozilla/5.0 (Macintosh; Intel Mac OS X 13_6_1) AppleWebKit/605.1.15 (KHTML, like Gecko) Version/17.0 Safari/605.1.15"
213.111.144.104 - - [28/Aug/2026:06:57:16 +0000] "POST /wp-login.php HTTP/1.1" 200 2640 "https://sealall.ca/wp-login.php" "Mozilla/5.0 (Macintosh; Intel Mac OS X 13_6_1) AppleWebKit/537.36 (KHTML, like Gecko) Chrome/119.0.0.0 Safari/537.36"
213.111.144.104 - - [28/Aug/2026:06:57:17 +0000] "GET /wp-admin/index.php HTTP/1.1" 302 0 "https://sealall.ca/wp-login.php" "Mozilla/5.0 (Macintosh; Intel Mac OS X 13_6_1; rv:121.0) Gecko/20100101 Firefox/121.0"
213.111.144.104 - - [28/Aug/2026:06:57:17 +0000] "GET /wp-login.php?redirect_to=https%3A%2F%2Fsealall.ca%2Fwp-admin%2Findex.php&reauth=1 HTTP/1.1" 200 2488 "https://sealall.ca/wp-login.php" "Mozilla/5.0 (Macintosh; Intel Mac OS X 13_6_1; rv:121.0) Gecko/20100101 Firefox/121.0"
213.111.144.104 - - [28/Aug/2026:06:57:17 +0000] "POST /wp-login.php HTTP/1.1" 200 2640 "https://sealall.ca/wp-login.php" "Mozilla/5.0 (Macintosh; Intel Mac OS X 13_6_1; rv:120.0) Gecko/20100101 Firefox/120.0"
213.111.144.104 - - [28/Aug/2026:06:57:17 +0000] "GET /wp-admin/index.php HTTP/1.1" 302 0 "https://sealall.ca/wp-login.php" "Mozilla/5.0 (X11; Ubuntu; Linux x86_64) AppleWebKit/537.36 (KHTML, like Gecko) Chrome/120.0.0.0 Safari/537.36"
213.111.144.104 - - [28/Aug/2026:06:57:17 +0000] "GET /wp-login.php?redirect_to=https%3A%2F%2Fsealall.ca%2Fwp-admin%2Findex.php&reauth=1 HTTP/1.1" 200 2488 "https://sealall.ca/wp-login.php" "Mozilla/5.0 (X11; Ubuntu; Linux x86_64) AppleWebKit/537.36 (KHTML, like Gecko) Chrome/120.0.0.0 Safari/537.36"
114.119.131.11 - - [28/Aug/2026:06:57:27 +0000] "GET /robots.txt HTTP/1.1" 200 110 "http://sealall.ca/robots.txt" "Mozilla/5.0 (compatible;PetalBot;+https://webmaster.petalsearch.com/site/petalbot)"
192.178.6.165 - - [28/Aug/2026:06:57:40 +0000] "GET /mississauga/services/stamped-concrete-sealing/ HTTP/1.1" 301 0 "-" "Mozilla/5.0 (Linux; Android 6.0.1; Nexus 5X Build/MMB29P) AppleWebKit/537.36 (KHTML, like Gecko) Chrome/151.0.7922.173 Mobile Safari/537.36 (compatible; Googlebot/2.1; +http://www.google.com/bot.html)"
192.178.6.166 - - [28/Aug/2026:06:57:43 +0000] "GET /area/mississauga/stamped-concrete-sealing/ HTTP/1.1" 200 33671 "-" "Mozilla/5.0 (Linux; Android 6.0.1; Nexus 5X Build/MMB29P) AppleWebKit/537.36 (KHTML, like Gecko) Chrome/151.0.7922.173 Mobile Safari/537.36 (compatible; Googlebot/2.1; +http://www.google.com/bot.html)"
47.128.54.0 - - [28/Aug/2026:06:58:26 +0000] "GET /mississauga/blog/ HTTP/1.1" 301 0 "-" "Mozilla/5.0 (Linux; Android 5.0) AppleWebKit/537.36 (KHTML, like Gecko) Mobile Safari/537.36 (compatible; Bytespider; spider-feedback@bytedance.com)"
47.128.54.0 - - [28/Aug/2026:06:58:28 +0000] "GET /blog/ HTTP/1.1" 200 17195 "-" "Mozilla/5.0 (Linux; Android 5.0) AppleWebKit/537.36 (KHTML, like Gecko) Mobile Safari/537.36 (compatible; Bytespider; spider-feedback@bytedance.com)"
47.128.54.0 - - [28/Aug/2026:06:58:29 +0000] "POST /wp-content/plugins/litespeed-cache/guest.vary.php HTTP/1.1" 200 22 "https://sealall.ca/blog/" "Mozilla/5.0 (Linux; Android 5.0) AppleWebKit/537.36 (KHTML, like Gecko) Mobile Safari/537.36 (compatible; Bytespider; spider-feedback@bytedance.com)"
143.92.74.131 - - [28/Aug/2026:06:59:29 +0000] "GET / HTTP/1.1" 200 45215 "-" "Mozilla/5.0 (Windows NT 10.0; Win64; x64) AppleWebKit/537.36 Chrome/120.0 Safari/537.36"
162.241.2.179 - - [28/Aug/2026:06:59:35 +0000] "GET /wp-login.php HTTP/1.1" 200 2484 "-" "Mozilla/5.0 (Windows NT 10.0; Win64; x64) AppleWebKit/537.36 (KHTML, like Gecko) Chrome/151.0.0.0 Safari/537.36"
162.241.2.179 - - [28/Aug/2026:06:59:36 +0000] "POST /wp-login.php HTTP/1.1" 200 2626 "https://sealall.ca/wp-login.php" "Mozilla/5.0 (Windows NT 10.0; Win64; x64) AppleWebKit/537.36 (KHTML, like Gecko) Chrome/151.0.0.0 Safari/537.36"
135.236.141.8 - - [28/Aug/2026:06:59:37 +0000] "GET /wp-login.php HTTP/1.1" 200 2484 "-" "Mozilla/5.0 (Windows NT 10.0; Win64; x64) AppleWebKit/537.36 (KHTML, like Gecko) Chrome/151.0.0.0 Safari/537.36"
135.236.141.8 - - [28/Aug/2026:06:59:38 +0000] "POST /wp-login.php HTTP/1.1" 200 2626 "https://sealall.ca/wp-login.php" "Mozilla/5.0 (Windows NT 10.0; Win64; x64) AppleWebKit/537.36 (KHTML, like Gecko) Chrome/151.0.0.0 Safari/537.36"
57.141.4.28 - - [28/Aug/2026:07:01:29 +0000] "GET /videos-sitemap.xml HTTP/1.1" 404 19775 "-" "Mozilla/5.0 (Macintosh; Intel Mac OS X 10_15_7) AppleWebKit/537.36 (KHTML, like Gecko) Chrome/145.0.0.0 Safari/537.36 (compatible; meta-webindexer/1.1 (+https://developers.facebook.com/docs/sharing/webmasters/crawler))"
195.2.67.184 - - [28/Aug/2026:07:02:08 +0000] "GET / HTTP/1.0" 301 0 "https://www.sealall.ca/" "Mozilla/5.0 (Windows NT 10.0; Win64; x64) AppleWebKit/537.36 (KHTML, like Gecko) Chrome/131.0.0.0 Safari/537.36"
195.2.67.184 - - [28/Aug/2026:07:02:11 +0000] "GET / HTTP/1.0" 200 247558 "https://sealall.ca/" "Mozilla/5.0 (Windows NT 10.0; Win64; x64) AppleWebKit/537.36 (KHTML, like Gecko) Chrome/131.0.0.0 Safari/537.36"
195.2.67.184 - - [28/Aug/2026:07:02:13 +0000] "GET /blog/ HTTP/1.0" 200 94608 "https://sealall.ca/blog/" "Mozilla/5.0 (Windows NT 10.0; Win64; x64) AppleWebKit/537.36 (KHTML, like Gecko) Chrome/131.0.0.0 Safari/537.36"
195.2.67.184 - - [28/Aug/2026:07:02:14 +0000] "GET /reviews/ HTTP/1.0" 200 104709 "https://sealall.ca/reviews/" "Mozilla/5.0 (Windows NT 10.0; Win64; x64) AppleWebKit/537.36 (KHTML, like Gecko) Chrome/131.0.0.0 Safari/537.36"
114.119.136.254 - - [28/Aug/2026:07:03:26 +0000] "GET /area/whitby/ HTTP/1.1" 200 34059 "https://sealall.ca/area/whitby/" "Mozilla/5.0 (Linux; Android 7.0;) AppleWebKit/537.36 (HTML, like Gecko) Mobile Safari/537.36 (compatible; PetalBot;+https://webmaster.petalsearch.com/site/petalbot)"
114.119.132.242 - - [28/Aug/2026:07:04:13 +0000] "GET /stouffville/images/ HTTP/1.1" 301 0 "https://www.sealall.ca/stouffville/services/interlock-repairs" "Mozilla/5.0 (Linux; Android 7.0;) AppleWebKit/537.36 (HTML, like Gecko) Mobile Safari/537.36 (compatible; PetalBot;+https://webmaster.petalsearch.com/site/petalbot)"
114.119.132.242 - - [28/Aug/2026:07:04:16 +0000] "GET /stouffville/images/ HTTP/1.1" 404 16978 "https://www.sealall.ca/stouffville/services/interlock-repairs" "Mozilla/5.0 (Linux; Android 7.0;) AppleWebKit/537.36 (HTML, like Gecko) Mobile Safari/537.36 (compatible; PetalBot;+https://webmaster.petalsearch.com/site/petalbot)"
45.76.104.117 - - [28/Aug/2026:07:04:43 +0000] "HEAD / HTTP/1.1" 301 0 "-" "updown.io daemon 2.11"
45.76.104.117 - - [28/Aug/2026:07:04:43 +0000] "HEAD / HTTP/1.1" 200 0 "-" "updown.io daemon 2.11"
190.92.174.30 - - [28/Aug/2026:07:05:16 +0000] "GET /wp-login.php HTTP/1.1" 200 2484 "-" "Mozilla/5.0 (Windows NT 10.0; Win64; x64) AppleWebKit/537.36 (KHTML, like Gecko) Chrome/151.0.0.0 Safari/537.36"
190.92.174.30 - - [28/Aug/2026:07:05:16 +0000] "POST /wp-login.php HTTP/1.1" 200 2667 "https://sealall.ca/wp-login.php" "Mozilla/5.0 (Windows NT 10.0; Win64; x64) AppleWebKit/537.36 (KHTML, like Gecko) Chrome/151.0.0.0 Safari/537.36"
177.107.31.118 - - [28/Aug/2026:07:05:31 +0000] "GET / HTTP/1.1" 200 45216 "https://sealall.ca/" "Mozilla/5.0 (Macintosh; Intel Mac OS X 14_0) AppleWebKit/605.1.15 (KHTML, like Gecko) Version/17.0 Safari/605.1.15"
114.119.158.83 - - [28/Aug/2026:07:05:34 +0000] "GET /oakville/services/pressure-washing HTTP/1.1" 301 0 "https://www.sealall.ca/oakville" "Mozilla/5.0 (Linux; Android 7.0;) AppleWebKit/537.36 (HTML, like Gecko) Mobile Safari/537.36 (compatible; PetalBot;+https://webmaster.petalsearch.com/site/petalbot)"
114.119.158.83 - - [28/Aug/2026:07:05:37 +0000] "GET /area/oakville/pressure-washing/ HTTP/1.1" 200 31965 "https://www.sealall.ca/oakville" "Mozilla/5.0 (Linux; Android 7.0;) AppleWebKit/537.36 (HTML, like Gecko) Mobile Safari/537.36 (compatible; PetalBot;+https://webmaster.petalsearch.com/site/petalbot)"
47.128.53.98 - - [28/Aug/2026:07:05:42 +0000] "GET /newmarket/blog/ HTTP/1.1" 301 0 "-" "Mozilla/5.0 (Linux; Android 5.0) AppleWebKit/537.36 (KHTML, like Gecko) Mobile Safari/537.36 (compatible; Bytespider; spider-feedback@bytedance.com)"
47.128.53.98 - - [28/Aug/2026:07:05:44 +0000] "GET /blog/ HTTP/1.1" 200 17196 "-" "Mozilla/5.0 (Linux; Android 5.0) AppleWebKit/537.36 (KHTML, like Gecko) Mobile Safari/537.36 (compatible; Bytespider; spider-feedback@bytedance.com)"
47.128.53.98 - - [28/Aug/2026:07:05:44 +0000] "POST /wp-content/plugins/litespeed-cache/guest.vary.php HTTP/1.1" 200 22 "https://sealall.ca/blog/" "Mozilla/5.0 (Linux; Android 5.0) AppleWebKit/537.36 (KHTML, like Gecko) Mobile Safari/537.36 (compatible; Bytespider; spider-feedback@bytedance.com)"
192.178.7.66 - - [28/Aug/2026:07:05:52 +0000] "GET /area/burlington/polymeric-sand/ HTTP/1.1" 200 31437 "-" "Mozilla/5.0 (Linux; Android 6.0.1; Nexus 5X Build/MMB29P) AppleWebKit/537.36 (KHTML, like Gecko) Chrome/151.0.7922.173 Mobile Safari/537.36 (compatible; Googlebot/2.1; +http://www.google.com/bot.html)"
173.208.212.162 - - [28/Aug/2026:07:06:32 +0000] "GET / HTTP/1.1" 200 45230 "-" "python-requests/2.32.5"
173.208.212.162 - - [28/Aug/2026:07:06:32 +0000] "POST /wp-login.php HTTP/1.1" 200 2633 "https://sealall.ca/wp-login.php" "Mozilla/5.0 (Windows NT 10.0; Win64; x64; rv:92.0) Gecko/20100101 Firefox/92.0"
173.208.212.162 - - [28/Aug/2026:07:06:33 +0000] "GET /wp-admin/index.php HTTP/1.1" 200 94974 "https://sealall.ca/wp-login.php" "Mozilla/5.0 (X11; Linux x86_64) AppleWebKit/537.36 (KHTML, like Gecko) Chrome/92.0.4515.131 Safari/537.36"
114.119.144.88 - - [28/Aug/2026:07:06:57 +0000] "GET /kitchener HTTP/1.1" 301 0 "https://www.sealall.ca/innisfil/services/concrete-sealing/" "Mozilla/5.0 (Linux; Android 7.0;) AppleWebKit/537.36 (HTML, like Gecko) Mobile Safari/537.36 (compatible; PetalBot;+https://webmaster.petalsearch.com/site/petalbot)"
114.119.144.88 - - [28/Aug/2026:07:07:00 +0000] "GET /area/kitchener/ HTTP/1.1" 200 34062 "https://www.sealall.ca/innisfil/services/concrete-sealing/" "Mozilla/5.0 (Linux; Android 7.0;) AppleWebKit/537.36 (HTML, like Gecko) Mobile Safari/537.36 (compatible; PetalBot;+https://webmaster.petalsearch.com/site/petalbot)"
103.189.176.87 - - [28/Aug/2026:07:07:45 +0000] "GET / HTTP/1.1" 200 45213 "https://niiyo.ca/" "Mozilla/5.0 (Windows NT 10.0; Win64; x64; rv:126.0) Gecko/20100101 Firefox/126.0"
114.119.136.254 - - [28/Aug/2026:07:08:21 +0000] "GET /forest-hill/services/pressure-washing/ HTTP/1.1" 301 0 "https://www.sealall.ca/forest-hill/about/" "Mozilla/5.0 (Linux; Android 7.0;) AppleWebKit/537.36 (HTML, like Gecko) Mobile Safari/537.36 (compatible; PetalBot;+https://webmaster.petalsearch.com/site/petalbot)"
192.178.6.167 - - [28/Aug/2026:07:08:23 +0000] "GET /innisfil/services/natural-stone-sealing/ HTTP/1.1" 301 0 "-" "Mozilla/5.0 (Linux; Android 6.0.1; Nexus 5X Build/MMB29P) AppleWebKit/537.36 (KHTML, like Gecko) Chrome/151.0.7922.173 Mobile Safari/537.36 (compatible; Googlebot/2.1; +http://www.google.com/bot.html)"
114.119.136.254 - - [28/Aug/2026:07:08:25 +0000] "GET /area/forest-hill/pressure-washing/ HTTP/1.1" 200 31971 "https://www.sealall.ca/forest-hill/about/" "Mozilla/5.0 (Linux; Android 7.0;) AppleWebKit/537.36 (HTML, like Gecko) Mobile Safari/537.36 (compatible; PetalBot;+https://webmaster.petalsearch.com/site/petalbot)"
173.252.87.54 - - [28/Aug/2026:07:08:25 +0000] "GET /barrie/services/natural-stone-sealing/ HTTP/1.1" 301 0 "-" "Mozilla/5.0 (Windows NT 10.0; Win64; x64) AppleWebKit/537.36 (KHTML, like Gecko) Chrome/145.0.0.0 Safari/537.36 (compatible; meta-webindexer/1.1 (+https://developers.facebook.com/docs/sharing/webmasters/crawler))"
192.178.6.166 - - [28/Aug/2026:07:08:28 +0000] "GET /area/innisfil/natural-stone-sealing/ HTTP/1.1" 200 33710 "-" "Mozilla/5.0 (Linux; Android 6.0.1; Nexus 5X Build/MMB29P) AppleWebKit/537.36 (KHTML, like Gecko) Chrome/151.0.7922.173 Mobile Safari/537.36 (compatible; Googlebot/2.1; +http://www.google.com/bot.html)"
173.252.82.52 - - [28/Aug/2026:07:08:29 +0000] "GET /area/barrie/natural-stone-sealing/ HTTP/1.1" 200 37099 "-" "Mozilla/5.0 (Windows NT 10.0; Win64; x64) AppleWebKit/537.36 (KHTML, like Gecko) Chrome/145.0.0.0 Safari/537.36 (compatible; meta-webindexer/1.1 (+https://developers.facebook.com/docs/sharing/webmasters/crawler))"
173.252.95.0 - - [28/Aug/2026:07:08:30 +0000] "GET /wp-content/litespeed/css/7508e12d0c0bdfcba05f82577c2f9170.css?ver=4e446 HTTP/1.1" 200 58074 "https://www.sealall.ca/" "Mozilla/5.0 (Windows NT 10.0; Win64; x64) AppleWebKit/537.36 (KHTML, like Gecko) Chrome/145.0.0.0 Safari/537.36 (compatible; meta-webindexer/1.1 (+https://developers.facebook.com/docs/sharing/webmasters/crawler))"
173.252.70.5 - - [28/Aug/2026:07:08:31 +0000] "GET /wp-content/uploads/2025/11/check-circle-fill.svg HTTP/1.1" 200 332 "https://www.sealall.ca/" "Mozilla/5.0 (Windows NT 10.0; Win64; x64) AppleWebKit/537.36 (KHTML, like Gecko) Chrome/145.0.0.0 Safari/537.36 (compatible; meta-webindexer/1.1 (+https://developers.facebook.com/docs/sharing/webmasters/crawler))"
173.252.69.23 - - [28/Aug/2026:07:08:31 +0000] "POST /wp-content/plugins/litespeed-cache/guest.vary.php HTTP/1.1" 200 36 "https://www.sealall.ca/area/barrie/natural-stone-sealing/" "Mozilla/5.0 (Windows NT 10.0; Win64; x64) AppleWebKit/537.36 (KHTML, like Gecko) Chrome/145.0.0.0 Safari/537.36 (compatible; meta-webindexer/1.1 (+https://developers.facebook.com/docs/sharing/webmasters/crawler))"
173.252.82.77 - - [28/Aug/2026:07:08:31 +0000] "GET /wp-content/uploads/2025/11/Inter_18pt-Medium.ttf HTTP/1.1" 200 343200 "https://www.sealall.ca/" "Mozilla/5.0 (Windows NT 10.0; Win64; x64) AppleWebKit/537.36 (KHTML, like Gecko) Chrome/145.0.0.0 Safari/537.36 (compatible; meta-webindexer/1.1 (+https://developers.facebook.com/docs/sharing/webmasters/crawler))"
173.252.82.80 - - [28/Aug/2026:07:08:31 +0000] "GET /wp-content/uploads/2025/11/Inter_18pt-Medium.ttf HTTP/1.1" 206 65536 "https://www.sealall.ca/" "Mozilla/5.0 (Windows NT 10.0; Win64; x64) AppleWebKit/537.36 (KHTML, like Gecko) Chrome/145.0.0.0 Safari/537.36 (compatible; meta-webindexer/1.1 (+https://developers.facebook.com/docs/sharing/webmasters/crawler))"
173.252.82.80 - - [28/Aug/2026:07:08:32 +0000] "GET /wp-content/uploads/2025/11/Inter_18pt-Medium.ttf HTTP/1.1" 206 277664 "https://www.sealall.ca/" "Mozilla/5.0 (Windows NT 10.0; Win64; x64) AppleWebKit/537.36 (KHTML, like Gecko) Chrome/145.0.0.0 Safari/537.36 (compatible; meta-webindexer/1.1 (+https://developers.facebook.com/docs/sharing/webmasters/crawler))"
173.252.82.19 - - [28/Aug/2026:07:08:32 +0000] "GET /wp-content/uploads/2025/11/Google_Symbol_0.svg HTTP/1.1" 200 9866 "https://www.sealall.ca/" "Mozilla/5.0 (Windows NT 10.0; Win64; x64) AppleWebKit/537.36 (KHTML, like Gecko) Chrome/145.0.0.0 Safari/537.36 (compatible; meta-webindexer/1.1 (+https://developers.facebook.com/docs/sharing/webmasters/crawler))"
173.252.82.77 - - [28/Aug/2026:07:08:32 +0000] "GET /wp-content/uploads/2025/11/cropped-SealAll-Stone-Restoration_FAW-32x32.webp HTTP/1.1" 200 834 "https://www.sealall.ca/" "Mozilla/5.0 (Windows NT 10.0; Win64; x64) AppleWebKit/537.36 (KHTML, like Gecko) Chrome/145.0.0.0 Safari/537.36 (compatible; meta-webindexer/1.1 (+https://developers.facebook.com/docs/sharing/webmasters/crawler))"
173.252.82.33 - - [28/Aug/2026:07:08:32 +0000] "GET /wp-content/uploads/2025/11/homestars-logo-svg.svg HTTP/1.1" 200 1556 "https://www.sealall.ca/" "Mozilla/5.0 (Windows NT 10.0; Win64; x64) AppleWebKit/537.36 (KHTML, like Gecko) Chrome/145.0.0.0 Safari/537.36 (compatible; meta-webindexer/1.1 (+https://developers.facebook.com/docs/sharing/webmasters/crawler))"
173.252.82.33 - - [28/Aug/2026:07:08:32 +0000] "GET /wp-content/uploads/2025/11/SealAll-Stone-Restoration_FAW.webp HTTP/1.1" 200 77272 "https://www.sealall.ca/" "Mozilla/5.0 (Windows NT 10.0; Win64; x64) AppleWebKit/537.36 (KHTML, like Gecko) Chrome/145.0.0.0 Safari/537.36 (compatible; meta-webindexer/1.1 (+https://developers.facebook.com/docs/sharing/webmasters/crawler))"
135.233.98.63 - - [28/Aug/2026:07:09:22 +0000] "GET /open/ HTTP/1.1" 404 20457 "-" "Mozilla/5.0 (Windows NT 10.0; Win64; x64) AppleWebKit/537.36 (KHTML, like Gecko) Chrome/149.0.0.0 Safari/537.36 Edg/149.0.4022.98"
114.119.136.254 - - [28/Aug/2026:07:09:44 +0000] "GET /faqs HTTP/1.1" 301 0 "https://www.sealall.ca/videos" "Mozilla/5.0 (Linux; Android 7.0;) AppleWebKit/537.36 (HTML, like Gecko) Mobile Safari/537.36 (compatible; PetalBot;+https://webmaster.petalsearch.com/site/petalbot)"
114.119.136.254 - - [28/Aug/2026:07:09:45 +0000] "GET / HTTP/1.1" 301 0 "https://www.sealall.ca/videos" "Mozilla/5.0 (Linux; Android 7.0;) AppleWebKit/537.36 (HTML, like Gecko) Mobile Safari/537.36 (compatible; PetalBot;+https://webmaster.petalsearch.com/site/petalbot)"
114.119.136.254 - - [28/Aug/2026:07:09:48 +0000] "GET / HTTP/1.1" 200 41661 "https://www.sealall.ca/videos" "Mozilla/5.0 (Linux; Android 7.0;) AppleWebKit/537.36 (HTML, like Gecko) Mobile Safari/537.36 (compatible; PetalBot;+https://webmaster.petalsearch.com/site/petalbot)"
114.119.136.254 - - [28/Aug/2026:07:11:08 +0000] "GET /testimonials/1/ HTTP/1.1" 301 0 "https://www.sealall.ca/testimonials/1/" "Mozilla/5.0 (Linux; Android 7.0;) AppleWebKit/537.36 (HTML, like Gecko) Mobile Safari/537.36 (compatible; PetalBot;+https://webmaster.petalsearch.com/site/petalbot)"
114.119.136.254 - - [28/Aug/2026:07:11:09 +0000] "GET /reviews/ HTTP/1.1" 301 0 "https://www.sealall.ca/testimonials/1/" "Mozilla/5.0 (Linux; Android 7.0;) AppleWebKit/537.36 (HTML, like Gecko) Mobile Safari/537.36 (compatible; PetalBot;+https://webmaster.petalsearch.com/site/petalbot)"
114.119.136.254 - - [28/Aug/2026:07:11:11 +0000] "GET /reviews/ HTTP/1.1" 200 22416 "https://www.sealall.ca/testimonials/1/" "Mozilla/5.0 (Linux; Android 7.0;) AppleWebKit/537.36 (HTML, like Gecko) Mobile Safari/537.36 (compatible; PetalBot;+https://webmaster.petalsearch.com/site/petalbot)"
114.119.150.32 - - [28/Aug/2026:07:12:34 +0000] "GET /area/forest-hill/interlock-repair/ HTTP/1.1" 200 31723 "https://www.sealall.ca/forest-hill/services/interlock-repairs/" "Mozilla/5.0 (Linux; Android 7.0;) AppleWebKit/537.36 (HTML, like Gecko) Mobile Safari/537.36 (compatible; PetalBot;+https://webmaster.petalsearch.com/site/petalbot)"
151.243.11.16 - - [28/Aug/2026:07:12:59 +0000] "GET / HTTP/1.1" 400 264 "-" "Mozilla/5.0 (compatible; FlowIQ/1.0; +https://flowiq-labs.com/scanning-info)"
44.207.19.137 - - [28/Aug/2026:07:13:48 +0000] "GET /area/wasaga-beach/ HTTP/1.1" 200 37104 "-" "Mozilla/5.0 (Macintosh; Intel Mac OS X 10_15_7) AppleWebKit/605.1.15 (KHTML, like Gecko) Chrome/139.0.0.0 Safari/605.1.15"
114.119.136.254 - - [28/Aug/2026:07:13:58 +0000] "GET /service/pressure-washing/ HTTP/1.1" 200 31883 "https://sealall.ca/area/uxbridge/commercial-services/" "Mozilla/5.0 (Linux; Android 7.0;) AppleWebKit/537.36 (HTML, like Gecko) Mobile Safari/537.36 (compatible; PetalBot;+https://webmaster.petalsearch.com/site/petalbot)"
192.250.229.214 - - [28/Aug/2026:07:14:17 +0000] "GET /wp-login.php HTTP/1.1" 200 2484 "-" "Mozilla/5.0 (Windows NT 10.0; Win64; x64) AppleWebKit/537.36 (KHTML, like Gecko) Chrome/151.0.0.0 Safari/537.36"
192.250.229.214 - - [28/Aug/2026:07:14:17 +0000] "POST /wp-login.php HTTP/1.1" 200 2626 "https://sealall.ca/wp-login.php" "Mozilla/5.0 (Windows NT 10.0; Win64; x64) AppleWebKit/537.36 (KHTML, like Gecko) Chrome/151.0.0.0 Safari/537.36"
44.198.10.67 - - [28/Aug/2026:07:14:48 +0000] "GET /area/welland/color-restoration/ HTTP/1.1" 200 34564 "-" "Mozilla/5.0 (Macintosh; Intel Mac OS X 10_15_7) AppleWebKit/605.1.15 (KHTML, like Gecko) Chrome/139.0.0.0 Safari/605.1.15"
114.119.132.242 - - [28/Aug/2026:07:15:19 +0000] "GET /newmarket/about/ HTTP/1.1" 301 0 "https://sealall.ca/kitchener/" "Mozilla/5.0 (Linux; Android 7.0;) AppleWebKit/537.36 (HTML, like Gecko) Mobile Safari/537.36 (compatible; PetalBot;+https://webmaster.petalsearch.com/site/petalbot)"
114.119.132.242 - - [28/Aug/2026:07:15:21 +0000] "GET /about-us/ HTTP/1.1" 200 28215 "https://sealall.ca/kitchener/" "Mozilla/5.0 (Linux; Android 7.0;) AppleWebKit/537.36 (HTML, like Gecko) Mobile Safari/537.36 (compatible; PetalBot;+https://webmaster.petalsearch.com/site/petalbot)"
192.178.7.68 - - [28/Aug/2026:07:16:33 +0000] "GET /robots.txt HTTP/1.1" 200 110 "-" "Mozilla/5.0 (compatible; Googlebot/2.1; +http://www.google.com/bot.html)"
192.178.7.66 - - [28/Aug/2026:07:16:34 +0000] "GET /pricing/ HTTP/1.1" 200 23824 "-" "Mozilla/5.0 (Linux; Android 6.0.1; Nexus 5X Build/MMB29P) AppleWebKit/537.36 (KHTML, like Gecko) Chrome/151.0.7922.173 Mobile Safari/537.36 (compatible; Googlebot/2.1; +http://www.google.com/bot.html)"
114.119.158.83 - - [28/Aug/2026:07:16:42 +0000] "GET /innisfil/wp-content/uploads/sites/48/2021/12/1-1.jpg HTTP/1.1" 301 0 "https://sealall.ca/innisfil/images/" "Mozilla/5.0 (Linux; Android 7.0;) AppleWebKit/537.36 (HTML, like Gecko) Mobile Safari/537.36 (compatible; PetalBot;+https://webmaster.petalsearch.com/site/petalbot)"
114.119.158.83 - - [28/Aug/2026:07:16:43 +0000] "GET /gallery/ HTTP/1.1" 200 19719 "https://sealall.ca/innisfil/images/" "Mozilla/5.0 (Linux; Android 7.0;) AppleWebKit/537.36 (HTML, like Gecko) Mobile Safari/537.36 (compatible; PetalBot;+https://webmaster.petalsearch.com/site/petalbot)"
172.236.193.27 - - [28/Aug/2026:07:17:00 +0000] "GET / HTTP/1.1" 200 45212 "-" "Mozilla/5.0 (Windows NT 10.0; Win64; x64) AppleWebKit/537.36 (KHTML, like Gecko) Chrome/120.0.0.0 Safari/537.36"
57.141.4.14 - - [28/Aug/2026:07:17:45 +0000] "GET /area/uxbridge/ HTTP/1.1" 200 37488 "-" "Mozilla/5.0 (Windows NT 10.0; Win64; x64) AppleWebKit/537.36 (KHTML, like Gecko) Chrome/145.0.0.0 Safari/537.36 (compatible; meta-externalagent/1.1 (+https://developers.facebook.com/docs/sharing/webmasters/crawler))"
160.250.130.168 - - [28/Aug/2026:07:18:07 +0000] "GET /wp-login.php HTTP/1.1" 200 2484 "-" "Mozilla/5.0 (Windows NT 10.0; Win64; x64) AppleWebKit/537.36 (KHTML, like Gecko) Chrome/151.0.0.0 Safari/537.36"
114.119.158.83 - - [28/Aug/2026:07:18:08 +0000] "GET /area/woodstock/color-restoration/ HTTP/1.1" 200 31187 "https://sealall.ca/area/port-hope/color-restoration/" "Mozilla/5.0 (Linux; Android 7.0;) AppleWebKit/537.36 (HTML, like Gecko) Mobile Safari/537.36 (compatible; PetalBot;+https://webmaster.petalsearch.com/site/petalbot)"
160.250.130.168 - - [28/Aug/2026:07:18:08 +0000] "POST /wp-login.php HTTP/1.1" 200 2667 "https://sealall.ca/wp-login.php" "Mozilla/5.0 (Windows NT 10.0; Win64; x64) AppleWebKit/537.36 (KHTML, like Gecko) Chrome/151.0.0.0 Safari/537.36"
3.130.168.2 - - [28/Aug/2026:07:18:18 +0000] "GET / HTTP/1.1" 400 666 "-" "visionheight.com/scan Mozilla/5.0 (Macintosh; Intel Mac OS X 10_15_7) Chrome/126.0.0.0 Safari/537.36"
3.130.168.2 - - [28/Aug/2026:07:18:21 +0000] "GET /robots.txt HTTP/1.1" 400 666 "-" "visionheight.com/scan Mozilla/5.0 (Macintosh; Intel Mac OS X 10_15_7) Chrome/126.0.0.0 Safari/537.36"
192.178.7.67 - - [28/Aug/2026:07:19:06 +0000] "GET /robots.txt HTTP/1.1" 200 110 "-" "Mozilla/5.0 (compatible; Googlebot/2.1; +http://www.google.com/bot.html)"
192.178.7.66 - - [28/Aug/2026:07:19:08 +0000] "GET / HTTP/1.1" 200 41658 "-" "Mozilla/5.0 (Linux; Android 6.0.1; Nexus 5X Build/MMB29P) AppleWebKit/537.36 (KHTML, like Gecko) Chrome/151.0.7922.173 Mobile Safari/537.36 (compatible; Googlebot/2.1; +http://www.google.com/bot.html)"
114.119.144.88 - - [28/Aug/2026:07:19:31 +0000] "GET /area/whitby/anti-slip-coating/ HTTP/1.1" 200 30953 "https://sealall.ca/area/ajax/anti-slip-coating/" "Mozilla/5.0 (Linux; Android 7.0;) AppleWebKit/537.36 (HTML, like Gecko) Mobile Safari/537.36 (compatible; PetalBot;+https://webmaster.petalsearch.com/site/petalbot)"
40.77.167.121 - - [28/Aug/2026:07:19:37 +0000] "GET /barrie/ HTTP/1.1" 301 0 "-" "Mozilla/5.0 AppleWebKit/537.36 (KHTML, like Gecko; compatible; bingbot/2.0; +http://www.bing.com/bingbot.htm) Chrome/116.0.1938.76 Safari/537.36"
3.130.168.2 - - [28/Aug/2026:07:20:19 +0000] "GET / HTTP/1.1" 400 666 "-" "visionheight.com/scan Mozilla/5.0 (Macintosh; Intel Mac OS X 10_15_7) Chrome/126.0.0.0 Safari/537.36"
114.119.136.254 - - [28/Aug/2026:07:20:54 +0000] "GET /area/uxbridge/ HTTP/1.1" 200 34059 "https://sealall.ca/area/uxbridge/" "Mozilla/5.0 (Linux; Android 7.0;) AppleWebKit/537.36 (HTML, like Gecko) Mobile Safari/537.36 (compatible; PetalBot;+https://webmaster.petalsearch.com/site/petalbot)"
3.130.168.2 - - [28/Aug/2026:07:21:03 +0000] "" 400 0 "-" "-"
81.167.26.57 - - [28/Aug/2026:07:21:22 +0000] "GET /robots.txt HTTP/1.1" 200 125 "-" "Mozilla/5.0 (compatible; MJ12bot/v1.4.8; http://mj12bot.com/)"
81.167.26.57 - - [28/Aug/2026:07:21:24 +0000] "GET /7-proven-ways-to-find-the-ideal-interlock-company/feed/ HTTP/1.1" 200 449 "-" "Mozilla/5.0 (compatible; MJ12bot/v1.4.8; http://mj12bot.com/)"
81.167.26.57 - - [28/Aug/2026:07:21:25 +0000] "GET /steps-to-pressure-wash-driveways/feed/ HTTP/1.1" 200 425 "-" "Mozilla/5.0 (compatible; MJ12bot/v1.4.8; http://mj12bot.com/)"
81.167.26.57 - - [28/Aug/2026:07:21:27 +0000] "GET /robots.txt HTTP/1.1" 301 0 "-" "Mozilla/5.0 (compatible; MJ12bot/v1.4.8; http://mj12bot.com/)"
81.167.26.57 - - [28/Aug/2026:07:21:27 +0000] "GET /robots.txt HTTP/1.1" 200 125 "-" "Mozilla/5.0 (compatible; MJ12bot/v1.4.8; http://mj12bot.com/)"
81.167.26.57 - - [28/Aug/2026:07:21:29 +0000] "GET /7-proven-ways-to-find-the-ideal-interlock-company/feed/ HTTP/1.1" 301 0 "-" "Mozilla/5.0 (compatible; MJ12bot/v1.4.8; http://mj12bot.com/)"
81.167.26.57 - - [28/Aug/2026:07:21:31 +0000] "GET /7-proven-ways-to-find-the-ideal-interlock-company/feed/ HTTP/1.1" 200 449 "-" "Mozilla/5.0 (compatible; MJ12bot/v1.4.8; http://mj12bot.com/)"
57.141.4.2 - - [28/Aug/2026:07:21:31 +0000] "GET /testimonials/ HTTP/1.1" 301 0 "-" "Mozilla/5.0 (Macintosh; Intel Mac OS X 10_15_7) AppleWebKit/537.36 (KHTML, like Gecko) Chrome/145.0.0.0 Safari/537.36 (compatible; meta-externalagent/1.1 (+https://developers.facebook.com/docs/sharing/webmasters/crawler))"
81.167.26.57 - - [28/Aug/2026:07:21:32 +0000] "GET /7-tough-stains-that-pressure-washing-can-take-care-of/feed/ HTTP/1.1" 301 0 "-" "Mozilla/5.0 (compatible; MJ12bot/v1.4.8; http://mj12bot.com/)"
57.141.4.55 - - [28/Aug/2026:07:21:32 +0000] "GET /reviews/ HTTP/1.1" 301 0 "-" "Mozilla/5.0 (Macintosh; Intel Mac OS X 10_15_7) AppleWebKit/537.36 (KHTML, like Gecko) Chrome/145.0.0.0 Safari/537.36 (compatible; meta-externalagent/1.1 (+https://developers.facebook.com/docs/sharing/webmasters/crawler))"
81.167.26.57 - - [28/Aug/2026:07:21:34 +0000] "GET /7-tough-stains-that-pressure-washing-can-take-care-of/feed/ HTTP/1.1" 200 454 "-" "Mozilla/5.0 (compatible; MJ12bot/v1.4.8; http://mj12bot.com/)"
81.167.26.57 - - [28/Aug/2026:07:21:36 +0000] "GET /bowmanville/contact/ HTTP/1.1" 301 0 "-" "Mozilla/5.0 (compatible; MJ12bot/v1.4.8; http://mj12bot.com/)"
81.167.26.57 - - [28/Aug/2026:07:21:38 +0000] "GET /contact/ HTTP/1.1" 200 24863 "-" "Mozilla/5.0 (compatible; MJ12bot/v1.4.8; http://mj12bot.com/)"
81.167.26.57 - - [28/Aug/2026:07:21:40 +0000] "GET /bowmanville/faqs/ HTTP/1.1" 301 0 "-" "Mozilla/5.0 (compatible; MJ12bot/v1.4.8; http://mj12bot.com/)"
81.167.26.57 - - [28/Aug/2026:07:21:42 +0000] "GET / HTTP/1.1" 301 0 "-" "Mozilla/5.0 (compatible; MJ12bot/v1.4.8; http://mj12bot.com/)"
81.167.26.57 - - [28/Aug/2026:07:21:46 +0000] "GET / HTTP/1.1" 200 45222 "-" "Mozilla/5.0 (compatible; MJ12bot/v1.4.8; http://mj12bot.com/)"
81.167.26.57 - - [28/Aug/2026:07:21:47 +0000] "GET /bowmanville/images/ HTTP/1.1" 301 0 "-" "Mozilla/5.0 (compatible; MJ12bot/v1.4.8; http://mj12bot.com/)"
81.167.26.57 - - [28/Aug/2026:07:21:50 +0000] "GET /bowmanville/images/ HTTP/1.1" 404 20446 "-" "Mozilla/5.0 (compatible; MJ12bot/v1.4.8; http://mj12bot.com/)"
81.167.26.57 - - [28/Aug/2026:07:21:52 +0000] "GET /bowmanville/reviews/ HTTP/1.1" 301 0 "-" "Mozilla/5.0 (compatible; MJ12bot/v1.4.8; http://mj12bot.com/)"
81.167.26.57 - - [28/Aug/2026:07:21:54 +0000] "GET /reviews/ HTTP/1.1" 200 25543 "-" "Mozilla/5.0 (compatible; MJ12bot/v1.4.8; http://mj12bot.com/)"
81.167.26.57 - - [28/Aug/2026:07:21:55 +0000] "GET /bowmanville/services/concrete-sealing/ HTTP/1.1" 301 0 "-" "Mozilla/5.0 (compatible; MJ12bot/v1.4.8; http://mj12bot.com/)"
81.167.26.57 - - [28/Aug/2026:07:21:59 +0000] "GET /area/bowmanville/concrete-sealing/ HTTP/1.1" 200 34238 "-" "Mozilla/5.0 (compatible; MJ12bot/v1.4.8; http://mj12bot.com/)"
81.167.26.57 - - [28/Aug/2026:07:22:01 +0000] "GET /bowmanville/services/interlock-repairs/ HTTP/1.1" 301 0 "-" "Mozilla/5.0 (compatible; MJ12bot/v1.4.8; http://mj12bot.com/)"
81.167.26.57 - - [28/Aug/2026:07:22:05 +0000] "GET /area/bowmanville/interlock-repair/ HTTP/1.1" 200 35107 "-" "Mozilla/5.0 (compatible; MJ12bot/v1.4.8; http://mj12bot.com/)"
81.167.26.57 - - [28/Aug/2026:07:22:07 +0000] "GET /bowmanville/services/interlock-sealing/ HTTP/1.1" 301 0 "-" "Mozilla/5.0 (compatible; MJ12bot/v1.4.8; http://mj12bot.com/)"
81.167.26.57 - - [28/Aug/2026:07:22:11 +0000] "GET /area/bowmanville/interlock-sealing/ HTTP/1.1" 200 37551 "-" "Mozilla/5.0 (compatible; MJ12bot/v1.4.8; http://mj12bot.com/)"
81.167.26.57 - - [28/Aug/2026:07:22:13 +0000] "GET /bowmanville/services/natural-stone-sealing/ HTTP/1.1" 301 0 "-" "Mozilla/5.0 (compatible; MJ12bot/v1.4.8; http://mj12bot.com/)"
81.167.26.57 - - [28/Aug/2026:07:22:19 +0000] "GET /area/bowmanville/natural-stone-sealing/ HTTP/1.1" 200 37118 "-" "Mozilla/5.0 (compatible; MJ12bot/v1.4.8; http://mj12bot.com/)"
114.119.147.6 - - [28/Aug/2026:07:22:20 +0000] "GET /area/port-perry/natural-stone-sealing/ HTTP/1.1" 200 33713 "https://sealall.ca/area/wasaga-beach/natural-stone-sealing/" "Mozilla/5.0 (Linux; Android 7.0;) AppleWebKit/537.36 (HTML, like Gecko) Mobile Safari/537.36 (compatible; PetalBot;+https://webmaster.petalsearch.com/site/petalbot)"
81.167.26.57 - - [28/Aug/2026:07:22:20 +0000] "GET /bowmanville/services/polymeric-sand/ HTTP/1.1" 301 0 "-" "Mozilla/5.0 (compatible; MJ12bot/v1.4.8; http://mj12bot.com/)"
81.167.26.57 - - [28/Aug/2026:07:22:24 +0000] "GET /area/bowmanville/polymeric-sand/ HTTP/1.1" 200 34820 "-" "Mozilla/5.0 (compatible; MJ12bot/v1.4.8; http://mj12bot.com/)"
81.167.26.57 - - [28/Aug/2026:07:22:27 +0000] "GET /bowmanville/services/pressure-washing/ HTTP/1.1" 301 0 "-" "Mozilla/5.0 (compatible; MJ12bot/v1.4.8; http://mj12bot.com/)"
81.167.26.57 - - [28/Aug/2026:07:22:30 +0000] "GET /area/bowmanville/pressure-washing/ HTTP/1.1" 200 35348 "-" "Mozilla/5.0 (compatible; MJ12bot/v1.4.8; http://mj12bot.com/)"
81.167.26.57 - - [28/Aug/2026:07:22:33 +0000] "GET /bowmanville/services/stamped-concrete-sealing/ HTTP/1.1" 301 0 "-" "Mozilla/5.0 (compatible; MJ12bot/v1.4.8; http://mj12bot.com/)"
81.167.26.57 - - [28/Aug/2026:07:22:37 +0000] "GET /area/bowmanville/stamped-concrete-sealing/ HTTP/1.1" 200 37082 "-" "Mozilla/5.0 (compatible; MJ12bot/v1.4.8; http://mj12bot.com/)"
81.167.26.57 - - [28/Aug/2026:07:22:39 +0000] "GET /steps-to-pressure-wash-driveways/feed/ HTTP/1.1" 301 0 "-" "Mozilla/5.0 (compatible; MJ12bot/v1.4.8; http://mj12bot.com/)"
81.167.26.57 - - [28/Aug/2026:07:22:40 +0000] "GET /steps-to-pressure-wash-driveways/feed/ HTTP/1.1" 200 425 "-" "Mozilla/5.0 (compatible; MJ12bot/v1.4.8; http://mj12bot.com/)"
81.167.26.57 - - [28/Aug/2026:07:22:42 +0000] "GET /whitby/services/line-painting/ HTTP/1.1" 301 0 "-" "Mozilla/5.0 (compatible; MJ12bot/v1.4.8; http://mj12bot.com/)"
81.167.26.57 - - [28/Aug/2026:07:22:45 +0000] "GET /area/whitby/line-painting/ HTTP/1.1" 200 33287 "-" "Mozilla/5.0 (compatible; MJ12bot/v1.4.8; http://mj12bot.com/)"
114.119.138.33 - - [28/Aug/2026:07:23:41 +0000] "GET /area/muskoka-lakes/pressure-washing/ HTTP/1.1" 200 31982 "https://www.sealall.ca/services/pressure-washing" "Mozilla/5.0 (Linux; Android 7.0;) AppleWebKit/537.36 (HTML, like Gecko) Mobile Safari/537.36 (compatible; PetalBot;+https://webmaster.petalsearch.com/site/petalbot)"
52.167.144.238 - - [28/Aug/2026:07:23:47 +0000] "GET /mississauga/images/ HTTP/1.1" 404 20438 "-" "Mozilla/5.0 AppleWebKit/537.36 (KHTML, like Gecko; compatible; bingbot/2.0; +http://www.bing.com/bingbot.htm) Chrome/116.0.1938.76 Safari/537.36"
151.243.11.16 - - [28/Aug/2026:07:24:46 +0000] "GET / HTTP/1.1" 400 264 "-" "Mozilla/5.0 (compatible; FlowIQ/1.0; +https://flowiq-labs.com/scanning-info)"
151.243.11.16 - - [28/Aug/2026:07:25:05 +0000] "GET / HTTP/1.1" 301 0 "-" "Mozilla/5.0 (compatible; FlowIQ/1.0; +https://flowiq-labs.com/scanning-info)"
151.243.11.16 - - [28/Aug/2026:07:25:06 +0000] "GET /favicon.ico HTTP/1.1" 302 0 "-" "Mozilla/5.0 (compatible; FlowIQ/1.0; +https://flowiq-labs.com/scanning-info)"
65.181.111.155 - - [28/Aug/2026:07:25:06 +0000] "GET /wp-login.php HTTP/1.1" 200 2484 "-" "Mozilla/5.0 (Windows NT 10.0; Win64; x64) AppleWebKit/537.36 (KHTML, like Gecko) Chrome/151.0.0.0 Safari/537.36"
65.181.111.155 - - [28/Aug/2026:07:25:07 +0000] "POST /wp-login.php HTTP/1.1" 200 2626 "https://sealall.ca/wp-login.php" "Mozilla/5.0 (Windows NT 10.0; Win64; x64) AppleWebKit/537.36 (KHTML, like Gecko) Chrome/151.0.0.0 Safari/537.36"
114.119.131.11 - - [28/Aug/2026:07:25:08 +0000] "GET /area/keswick/anti-slip-coating/ HTTP/1.1" 200 30956 "https://sealall.ca/area/ajax/anti-slip-coating/" "Mozilla/5.0 (Linux; Android 7.0;) AppleWebKit/537.36 (HTML, like Gecko) Mobile Safari/537.36 (compatible; PetalBot;+https://webmaster.petalsearch.com/site/petalbot)"
44.220.110.235 - - [28/Aug/2026:07:25:24 +0000] "GET /robots.txt HTTP/1.1" 301 0 "-" "Mozilla/5.0 (Macintosh; Intel Mac OS X 10_10_1) AppleWebKit/600.2.5 (KHTML, like Gecko) Version/8.0.2 Safari/600.2.5 (Gort)"
98.80.16.166 - - [28/Aug/2026:07:25:24 +0000] "GET /robots.txt HTTP/1.1" 200 110 "-" "Mozilla/5.0 (Macintosh; Intel Mac OS X 10_10_1) AppleWebKit/600.2.5 (KHTML, like Gecko) Version/8.0.2 Safari/600.2.5 (Gort)"
114.119.147.6 - - [28/Aug/2026:07:26:28 +0000] "GET /area/grimsby/driveway-sealing/ HTTP/1.1" 200 31188 "https://sealall.ca/area/east-york/driveway-sealing/" "Mozilla/5.0 (Linux; Android 7.0;) AppleWebKit/537.36 (HTML, like Gecko) Mobile Safari/537.36 (compatible; PetalBot;+https://webmaster.petalsearch.com/site/petalbot)"
192.178.7.68 - - [28/Aug/2026:07:27:18 +0000] "GET /robots.txt HTTP/1.1" 200 110 "-" "Mozilla/5.0 (compatible; Googlebot/2.1; +http://www.google.com/bot.html)"
192.178.7.68 - - [28/Aug/2026:07:27:20 +0000] "GET /area/orangeville/sealer-removal/ HTTP/1.1" 200 31024 "-" "Mozilla/5.0 (Linux; Android 6.0.1; Nexus 5X Build/MMB29P) AppleWebKit/537.36 (KHTML, like Gecko) Chrome/151.0.7922.173 Mobile Safari/537.36 (compatible; Googlebot/2.1; +http://www.google.com/bot.html)"
3.130.168.2 - - [28/Aug/2026:07:27:24 +0000] "GET /robots.txt HTTP/1.1" 200 110 "-" "visionheight.com/scan Mozilla/5.0 (Macintosh; Intel Mac OS X 10_15_7) Chrome/126.0.0.0 Safari/537.36"
3.130.168.2 - - [28/Aug/2026:07:27:31 +0000] "GET / HTTP/1.1" 301 0 "-" "visionheight.com/scan Mozilla/5.0 (Macintosh; Intel Mac OS X 10_15_7) Chrome/126.0.0.0 Safari/537.36"
69.6.213.81 - - [28/Aug/2026:07:27:33 +0000] "GET /wp-login.php HTTP/1.1" 200 2484 "-" "Mozilla/5.0 (Windows NT 10.0; Win64; x64) AppleWebKit/537.36 (KHTML, like Gecko) Chrome/151.0.0.0 Safari/537.36"
69.6.213.81 - - [28/Aug/2026:07:27:33 +0000] "POST /wp-login.php HTTP/1.1" 200 2667 "https://sealall.ca/wp-login.php" "Mozilla/5.0 (Windows NT 10.0; Win64; x64) AppleWebKit/537.36 (KHTML, like Gecko) Chrome/151.0.0.0 Safari/537.36"
3.130.168.2 - - [28/Aug/2026:07:27:38 +0000] "GET / HTTP/1.1" 200 45219 "https://146.190.190.85/" "visionheight.com/scan Mozilla/5.0 (Macintosh; Intel Mac OS X 10_15_7) Chrome/126.0.0.0 Safari/537.36"
114.119.136.254 - - [28/Aug/2026:07:27:52 +0000] "GET /area/georgetown/stamped-concrete-sealing/ HTTP/1.1" 200 33675 "https://sealall.ca/area/cobourg/stamped-concrete-sealing/" "Mozilla/5.0 (Linux; Android 7.0;) AppleWebKit/537.36 (HTML, like Gecko) Mobile Safari/537.36 (compatible; PetalBot;+https://webmaster.petalsearch.com/site/petalbot)"
40.77.167.235 - - [28/Aug/2026:07:28:10 +0000] "GET /area/keswick/ HTTP/1.1" 200 37525 "-" "Mozilla/5.0 AppleWebKit/537.36 (KHTML, like Gecko; compatible; bingbot/2.0; +http://www.bing.com/bingbot.htm) Chrome/116.0.1938.76 Safari/537.36"
114.119.131.11 - - [28/Aug/2026:07:29:15 +0000] "GET /area/bridle-path/anti-slip-coating/ HTTP/1.1" 200 30968 "https://sealall.ca/area/ajax/anti-slip-coating/" "Mozilla/5.0 (Linux; Android 7.0;) AppleWebKit/537.36 (HTML, like Gecko) Mobile Safari/537.36 (compatible; PetalBot;+https://webmaster.petalsearch.com/site/petalbot)"
57.141.4.33 - - [28/Aug/2026:07:29:22 +0000] "GET /area/stouffville/ HTTP/1.1" 200 37487 "-" "Mozilla/5.0 (Windows NT 10.0; Win64; x64) AppleWebKit/537.36 (KHTML, like Gecko) Chrome/145.0.0.0 Safari/537.36 (compatible; meta-externalagent/1.1 (+https://developers.facebook.com/docs/sharing/webmasters/crawler))"
192.178.6.165 - - [28/Aug/2026:07:29:49 +0000] "GET /services/natural-stone-sealing-2/ HTTP/1.1" 301 0 "-" "Mozilla/5.0 (Linux; Android 6.0.1; Nexus 5X Build/MMB29P) AppleWebKit/537.36 (KHTML, like Gecko) Chrome/151.0.7922.173 Mobile Safari/537.36 (compatible; Googlebot/2.1; +http://www.google.com/bot.html)"
192.178.6.166 - - [28/Aug/2026:07:29:50 +0000] "GET /service/natural-stone-sealing/ HTTP/1.1" 301 0 "-" "Mozilla/5.0 (Linux; Android 6.0.1; Nexus 5X Build/MMB29P) AppleWebKit/537.36 (KHTML, like Gecko) Chrome/151.0.7922.173 Mobile Safari/537.36 (compatible; Googlebot/2.1; +http://www.google.com/bot.html)"
103.121.17.220 - - [28/Aug/2026:07:31:06 +0000] "GET /area/etobicoke/ HTTP/1.1" 200 37509 "-" "IsonSearchBot/2.0 (+https://search.isonai.com/bot)"
54.85.126.86 - - [28/Aug/2026:07:31:16 +0000] "GET /area/orangeville/sealer-removal/ HTTP/1.1" 200 34413 "-" "Mozilla/5.0 AppleWebKit/537.36 (KHTML, like Gecko; compatible; Amazonbot/0.1; +https://developer.amazon.com/support/amazonbot) Chrome/119.0.6045.214 Safari/537.36"
3.231.193.38 - - [28/Aug/2026:07:31:22 +0000] "GET /area/newmarket/stamped-concrete-sealing/ HTTP/1.1" 499 0 "-" "Mozilla/5.0 AppleWebKit/537.36 (KHTML, like Gecko; compatible; Amazonbot/0.1; +https://developer.amazon.com/support/amazonbot) Chrome/119.0.6045.214 Safari/537.36"
100.29.63.24 - - [28/Aug/2026:07:31:24 +0000] "GET /area/penetanguishene/concrete-sealing/ HTTP/1.1" 499 0 "-" "Mozilla/5.0 AppleWebKit/537.36 (KHTML, like Gecko; compatible; Amazonbot/0.1; +https://developer.amazon.com/support/amazonbot) Chrome/119.0.6045.214 Safari/537.36"
52.22.87.224 - - [28/Aug/2026:07:31:26 +0000] "GET /area/vaughan/polymeric-sand/ HTTP/1.1" 499 0 "-" "Mozilla/5.0 AppleWebKit/537.36 (KHTML, like Gecko; compatible; Amazonbot/0.1; +https://developer.amazon.com/support/amazonbot) Chrome/119.0.6045.214 Safari/537.36"
18.207.79.144 - - [28/Aug/2026:07:31:28 +0000] "GET /area/london/concrete-sealing/ HTTP/1.1" 499 0 "-" "Mozilla/5.0 AppleWebKit/537.36 (KHTML, like Gecko; compatible; Amazonbot/0.1; +https://developer.amazon.com/support/amazonbot) Chrome/119.0.6045.214 Safari/537.36"
18.211.148.239 - - [28/Aug/2026:07:31:32 +0000] "GET /area/tiny-township/interlock-repair/ HTTP/1.1" 499 0 "-" "Mozilla/5.0 AppleWebKit/537.36 (KHTML, like Gecko; compatible; Amazonbot/0.1; +https://developer.amazon.com/support/amazonbot) Chrome/119.0.6045.214 Safari/537.36"
3.221.50.71 - - [28/Aug/2026:07:31:33 +0000] "GET /area/hamilton/anti-slip-coating/ HTTP/1.1" 200 34344 "-" "Mozilla/5.0 AppleWebKit/537.36 (KHTML, like Gecko; compatible; Amazonbot/0.1; +https://developer.amazon.com/support/amazonbot) Chrome/119.0.6045.214 Safari/537.36"
103.121.17.220 - - [28/Aug/2026:07:32:06 +0000] "GET /service/natural-stone-sealing/ HTTP/1.1" 200 36996 "-" "IsonSearchBot/2.0 (+https://search.isonai.com/bot)"
50.6.200.195 - - [28/Aug/2026:07:32:58 +0000] "GET /wp-login.php HTTP/1.1" 200 2484 "-" "Mozilla/5.0 (Windows NT 10.0; Win64; x64) AppleWebKit/537.36 (KHTML, like Gecko) Chrome/151.0.0.0 Safari/537.36"
50.6.200.195 - - [28/Aug/2026:07:32:58 +0000] "POST /wp-login.php HTTP/1.1" 200 2626 "https://sealall.ca/wp-login.php" "Mozilla/5.0 (Windows NT 10.0; Win64; x64) AppleWebKit/537.36 (KHTML, like Gecko) Chrome/151.0.0.0 Safari/537.36"
45.78.197.205 - - [28/Aug/2026:07:33:21 +0000] "GET /wp-content/uploads/2021/03/1-1.png HTTP/1.1" 301 0 "-" "Mozilla/5.0 (Macintosh; Intel Mac OS X 10_15_7) AppleWebKit/537.36 (KHTML, like Gecko) Chrome/150.0.0.0 Safari/537.36"
45.78.197.205 - - [28/Aug/2026:07:33:21 +0000] "GET /gallery/ HTTP/1.1" 301 0 "-" "Mozilla/5.0 (Macintosh; Intel Mac OS X 10_15_7) AppleWebKit/537.36 (KHTML, like Gecko) Chrome/150.0.0.0 Safari/537.36"
45.78.197.205 - - [28/Aug/2026:07:33:23 +0000] "GET /gallery/ HTTP/1.1" 200 23022 "-" "Mozilla/5.0 (Macintosh; Intel Mac OS X 10_15_7) AppleWebKit/537.36 (KHTML, like Gecko) Chrome/150.0.0.0 Safari/537.36"
52.224.245.246 - - [28/Aug/2026:07:34:41 +0000] "GET /open/ HTTP/1.1" 404 20455 "-" "Mozilla/5.0 (Windows NT 10.0; Win64; x64) AppleWebKit/537.36 (KHTML, like Gecko) Chrome/149.0.0.0 Safari/537.36 Edg/149.0.4022.98"
216.73.216.136 - - [28/Aug/2026:07:35:56 +0000] "GET /robots.txt HTTP/1.1" 200 110 "-" "Mozilla/5.0 AppleWebKit/537.36 (KHTML, like Gecko; compatible; ClaudeBot/1.0; +claudebot@anthropic.com)"
216.73.216.136 - - [28/Aug/2026:07:35:56 +0000] "GET /?p=1135 HTTP/1.1" 301 0 "-" "Mozilla/5.0 AppleWebKit/537.36 (KHTML, like Gecko; compatible; ClaudeBot/1.0; +claudebot@anthropic.com)"
216.73.216.136 - - [28/Aug/2026:07:35:57 +0000] "GET /5-steps-to-create-unique-interlocking-designs-on-your-driveway/ HTTP/1.1" 200 24093 "https://sealall.ca/?p=1135" "Mozilla/5.0 AppleWebKit/537.36 (KHTML, like Gecko; compatible; ClaudeBot/1.0; +claudebot@anthropic.com)"
216.73.216.136 - - [28/Aug/2026:07:37:34 +0000] "GET /wp-content/litespeed/avatar/e282c4cde43cafbe486345dd2d879d11.jpg?ver=1787764737 HTTP/1.1" 200 23322 "-" "Mozilla/5.0 AppleWebKit/537.36 (KHTML, like Gecko; compatible; ClaudeBot/1.0; +claudebot@anthropic.com)"
103.121.17.220 - - [28/Aug/2026:07:37:40 +0000] "GET /reviews-v2/ HTTP/1.1" 200 25525 "-" "IsonSearchBot/2.0 (+https://search.isonai.com/bot)"
