185.243.76.40 - - [29/Aug/2026:01:30:46 +0000] "GET /wp-includes/js/dist/script-modules/block-library/navigation/view.min.js?ver=96a846e1d7b789c39ab9 HTTP/1.1" 200 1119 "https://sealall.ca/" "Mozilla/5.0 (Linux; Android 10; K) AppleWebKit/537.36 (KHTML, like Gecko) Chrome/140.0.0.0 Mobile Safari/537.36"
185.150.0.47 - - [29/Aug/2026:01:30:46 +0000] "GET / HTTP/1.1" 200 19036 "-" "Mozilla/5.0 (Windows NT 10.0; Win64; x64) AppleWebKit/537.36 (KHTML, like Gecko) Chrome/150.0.0.0 YaBrowser/26.8.0.0 Safari/537.36"
213.139.10.103 - - [29/Aug/2026:01:30:46 +0000] "GET /wp-includes/js/dist/script-modules/interactivity/index.min.js?ver=efaa5193bbad9c60ffd1 HTTP/1.1" 200 15205 "https://sealall.ca/" "Mozilla/5.0 (Linux; Android 10; K) AppleWebKit/537.36 (KHTML, like Gecko) Chrome/143.0.0.0 Mobile Safari/537.36"
172.111.242.8 - - [29/Aug/2026:01:30:47 +0000] "GET / HTTP/1.1" 200 16164 "-" "Mozilla/5.0 (Linux; arm_64; Android 15; 23108RN04Y) AppleWebKit/537.36 (KHTML, like Gecko) Chrome/148.0.7778.39 YaSearchBrowser/26.67.1 BroPP/1.0 YaSearchApp/26.67.1 webOmni Mobile Safari/537.36"
185.150.0.47 - - [29/Aug/2026:01:30:47 +0000] "GET /wp-content/litespeed/css/1635f59bb978c3616462ec2891874b40.css?ver=4e446 HTTP/1.1" 200 28075 "https://sealall.ca/" "Mozilla/5.0 (Windows NT 10.0; Win64; x64) AppleWebKit/537.36 (KHTML, like Gecko) Chrome/150.0.0.0 YaBrowser/26.8.0.0 Safari/537.36"
67.213.147.253 - - [29/Aug/2026:01:30:47 +0000] "GET / HTTP/1.1" 200 19036 "-" "Mozilla/5.0 (Macintosh; Intel Mac OS X 10_15_7) AppleWebKit/537.36 (KHTML, like Gecko) Chrome/142.0.0.0 Safari/537.36"
172.111.242.8 - - [29/Aug/2026:01:30:47 +0000] "GET /wp-content/litespeed/css/1635f59bb978c3616462ec2891874b40.css?ver=4e446 HTTP/1.1" 200 28075 "https://sealall.ca/" "Mozilla/5.0 (Linux; arm_64; Android 15; 23108RN04Y) AppleWebKit/537.36 (KHTML, like Gecko) Chrome/148.0.7778.39 YaSearchBrowser/26.67.1 BroPP/1.0 YaSearchApp/26.67.1 webOmni Mobile Safari/537.36"
185.243.76.40 - - [29/Aug/2026:01:30:47 +0000] "GET / HTTP/1.1" 200 16380 "https://sealall.ca/" "Mozilla/5.0 (Linux; Android 10; K) AppleWebKit/537.36 (KHTML, like Gecko) Chrome/140.0.0.0 Mobile Safari/537.36"
172.111.242.8 - - [29/Aug/2026:01:30:47 +0000] "GET /wp-includes/js/dist/script-modules/interactivity/index.min.js?ver=efaa5193bbad9c60ffd1 HTTP/1.1" 200 15205 "https://sealall.ca/" "Mozilla/5.0 (Linux; arm_64; Android 15; 23108RN04Y) AppleWebKit/537.36 (KHTML, like Gecko) Chrome/148.0.7778.39 YaSearchBrowser/26.67.1 BroPP/1.0 YaSearchApp/26.67.1 webOmni Mobile Safari/537.36"
185.150.0.47 - - [29/Aug/2026:01:30:47 +0000] "GET /wp-includes/js/dist/script-modules/interactivity/index.min.js?ver=efaa5193bbad9c60ffd1 HTTP/1.1" 200 15205 "https://sealall.ca/" "Mozilla/5.0 (Windows NT 10.0; Win64; x64) AppleWebKit/537.36 (KHTML, like Gecko) Chrome/150.0.0.0 YaBrowser/26.8.0.0 Safari/537.36"
82.102.17.188 - - [29/Aug/2026:01:30:48 +0000] "POST /wp-json/iawp/search HTTP/1.1" 200 377 "https://sealall.ca/" "Mozilla/5.0 (Macintosh; Intel Mac OS X 10_15_7) AppleWebKit/605.1.15 (KHTML, like Gecko) Version/17.3 Safari/605.1.15"
213.139.10.103 - - [29/Aug/2026:01:30:48 +0000] "POST /wp-content/plugins/litespeed-cache/guest.vary.php HTTP/1.1" 200 36 "https://sealall.ca/" "Mozilla/5.0 (Linux; Android 10; K) AppleWebKit/537.36 (KHTML, like Gecko) Chrome/143.0.0.0 Mobile Safari/537.36"
172.111.242.8 - - [29/Aug/2026:01:30:48 +0000] "POST /wp-content/plugins/litespeed-cache/guest.vary.php HTTP/1.1" 200 36 "https://sealall.ca/" "Mozilla/5.0 (Linux; arm_64; Android 15; 23108RN04Y) AppleWebKit/537.36 (KHTML, like Gecko) Chrome/148.0.7778.39 YaSearchBrowser/26.67.1 BroPP/1.0 YaSearchApp/26.67.1 webOmni Mobile Safari/537.36"
172.111.242.8 - - [29/Aug/2026:01:30:48 +0000] "GET /wp-includes/js/dist/script-modules/block-library/navigation/view.min.js?ver=96a846e1d7b789c39ab9 HTTP/1.1" 200 1119 "https://sealall.ca/" "Mozilla/5.0 (Linux; arm_64; Android 15; 23108RN04Y) AppleWebKit/537.36 (KHTML, like Gecko) Chrome/148.0.7778.39 YaSearchBrowser/26.67.1 BroPP/1.0 YaSearchApp/26.67.1 webOmni Mobile Safari/537.36"
185.150.0.47 - - [29/Aug/2026:01:30:48 +0000] "POST /wp-content/plugins/litespeed-cache/guest.vary.php HTTP/1.1" 200 36 "https://sealall.ca/" "Mozilla/5.0 (Windows NT 10.0; Win64; x64) AppleWebKit/537.36 (KHTML, like Gecko) Chrome/150.0.0.0 YaBrowser/26.8.0.0 Safari/537.36"
185.243.76.40 - - [29/Aug/2026:01:30:48 +0000] "GET /wp-content/uploads/automatic-css/automatic.css HTTP/1.1" 200 29342 "https://sealall.ca/" "Mozilla/5.0 (Linux; Android 10; K) AppleWebKit/537.36 (KHTML, like Gecko) Chrome/140.0.0.0 Mobile Safari/537.36"
213.139.10.103 - - [29/Aug/2026:01:30:48 +0000] "GET /wp-includes/js/dist/script-modules/block-library/navigation/view.min.js?ver=96a846e1d7b789c39ab9 HTTP/1.1" 200 1119 "https://sealall.ca/" "Mozilla/5.0 (Linux; Android 10; K) AppleWebKit/537.36 (KHTML, like Gecko) Chrome/143.0.0.0 Mobile Safari/537.36"
213.139.9.149 - - [29/Aug/2026:01:30:48 +0000] "POST /wp-json/iawp/search HTTP/1.1" 200 377 "https://sealall.ca/" "Mozilla/5.0 (Linux; Android 10; K) AppleWebKit/537.36 (KHTML, like Gecko) Chrome/145.0.0.0 Mobile Safari/537.36"
190.103.176.150 - - [29/Aug/2026:01:30:48 +0000] "GET / HTTP/1.1" 200 16141 "-" "Mozilla/5.0 (Linux; arm_64; Android 15; 23108RN04Y) AppleWebKit/537.36 (KHTML, like Gecko) Chrome/148.0.7778.39 YaSearchBrowser/26.67.1 BroPP/1.0 YaSearchApp/26.67.1 webOmni Mobile Safari/537.36"
200.162.144.169 - - [29/Aug/2026:01:30:48 +0000] "GET / HTTP/1.1" 200 19036 "-" "Mozilla/5.0 (Windows NT 10.0; Win64; x64) AppleWebKit/537.36 (KHTML, like Gecko) Chrome/151.0.0.0 Safari/537.36"
185.150.0.47 - - [29/Aug/2026:01:30:48 +0000] "GET /wp-includes/js/dist/script-modules/block-library/navigation/view.min.js?ver=96a846e1d7b789c39ab9 HTTP/1.1" 200 1119 "https://sealall.ca/" "Mozilla/5.0 (Windows NT 10.0; Win64; x64) AppleWebKit/537.36 (KHTML, like Gecko) Chrome/150.0.0.0 YaBrowser/26.8.0.0 Safari/537.36"
67.213.147.253 - - [29/Aug/2026:01:30:48 +0000] "GET /wp-content/litespeed/css/1635f59bb978c3616462ec2891874b40.css?ver=4e446 HTTP/1.1" 200 28075 "https://sealall.ca/" "Mozilla/5.0 (Macintosh; Intel Mac OS X 10_15_7) AppleWebKit/537.36 (KHTML, like Gecko) Chrome/142.0.0.0 Safari/537.36"
185.243.76.40 - - [29/Aug/2026:01:30:48 +0000] "GET /wp-content/uploads/automatic-css/automatic-gutenberg.css HTTP/1.1" 200 999 "https://sealall.ca/" "Mozilla/5.0 (Linux; Android 10; K) AppleWebKit/537.36 (KHTML, like Gecko) Chrome/140.0.0.0 Mobile Safari/537.36"
172.111.242.8 - - [29/Aug/2026:01:30:48 +0000] "GET / HTTP/1.1" 200 16380 "https://sealall.ca/" "Mozilla/5.0 (Linux; arm_64; Android 15; 23108RN04Y) AppleWebKit/537.36 (KHTML, like Gecko) Chrome/148.0.7778.39 YaSearchBrowser/26.67.1 BroPP/1.0 YaSearchApp/26.67.1 webOmni Mobile Safari/537.36"
185.243.76.40 - - [29/Aug/2026:01:30:49 +0000] "GET /wp-content/plugins/mousewheel-smooth-scroll/js/lenis.min.js HTTP/1.1" 200 3974 "https://sealall.ca/" "Mozilla/5.0 (Linux; Android 10; K) AppleWebKit/537.36 (KHTML, like Gecko) Chrome/140.0.0.0 Mobile Safari/537.36"
200.162.144.169 - - [29/Aug/2026:01:30:49 +0000] "GET /wp-content/litespeed/css/1635f59bb978c3616462ec2891874b40.css?ver=4e446 HTTP/1.1" 200 28075 "https://sealall.ca/" "Mozilla/5.0 (Windows NT 10.0; Win64; x64) AppleWebKit/537.36 (KHTML, like Gecko) Chrome/151.0.0.0 Safari/537.36"
185.243.76.40 - - [29/Aug/2026:01:30:49 +0000] "GET /wp-content/uploads/wpmss/lenis-init.min.js HTTP/1.1" 200 135 "https://sealall.ca/" "Mozilla/5.0 (Linux; Android 10; K) AppleWebKit/537.36 (KHTML, like Gecko) Chrome/140.0.0.0 Mobile Safari/537.36"
200.162.144.169 - - [29/Aug/2026:01:30:49 +0000] "GET /wp-includes/js/dist/script-modules/interactivity/index.min.js?ver=efaa5193bbad9c60ffd1 HTTP/1.1" 200 15205 "https://sealall.ca/" "Mozilla/5.0 (Windows NT 10.0; Win64; x64) AppleWebKit/537.36 (KHTML, like Gecko) Chrome/151.0.0.0 Safari/537.36"
213.139.10.103 - - [29/Aug/2026:01:30:49 +0000] "GET / HTTP/1.1" 200 16380 "https://sealall.ca/" "Mozilla/5.0 (Linux; Android 10; K) AppleWebKit/537.36 (KHTML, like Gecko) Chrome/143.0.0.0 Mobile Safari/537.36"
172.111.242.8 - - [29/Aug/2026:01:30:49 +0000] "GET /wp-content/uploads/automatic-css/automatic.css HTTP/1.1" 200 29342 "https://sealall.ca/" "Mozilla/5.0 (Linux; arm_64; Android 15; 23108RN04Y) AppleWebKit/537.36 (KHTML, like Gecko) Chrome/148.0.7778.39 YaSearchBrowser/26.67.1 BroPP/1.0 YaSearchApp/26.67.1 webOmni Mobile Safari/537.36"
200.162.144.169 - - [29/Aug/2026:01:30:49 +0000] "POST /wp-content/plugins/litespeed-cache/guest.vary.php HTTP/1.1" 200 36 "https://sealall.ca/" "Mozilla/5.0 (Windows NT 10.0; Win64; x64) AppleWebKit/537.36 (KHTML, like Gecko) Chrome/151.0.0.0 Safari/537.36"
172.111.242.8 - - [29/Aug/2026:01:30:49 +0000] "GET /wp-content/uploads/automatic-css/automatic-gutenberg.css HTTP/1.1" 200 999 "https://sealall.ca/" "Mozilla/5.0 (Linux; arm_64; Android 15; 23108RN04Y) AppleWebKit/537.36 (KHTML, like Gecko) Chrome/148.0.7778.39 YaSearchBrowser/26.67.1 BroPP/1.0 YaSearchApp/26.67.1 webOmni Mobile Safari/537.36"
190.103.176.150 - - [29/Aug/2026:01:30:49 +0000] "GET /wp-content/uploads/automatic-css/automatic.css HTTP/1.1" 200 29342 "https://sealall.ca/" "Mozilla/5.0 (Linux; arm_64; Android 15; 23108RN04Y) AppleWebKit/537.36 (KHTML, like Gecko) Chrome/148.0.7778.39 YaSearchBrowser/26.67.1 BroPP/1.0 YaSearchApp/26.67.1 webOmni Mobile Safari/537.36"
200.162.144.169 - - [29/Aug/2026:01:30:49 +0000] "GET /wp-includes/js/dist/script-modules/block-library/navigation/view.min.js?ver=96a846e1d7b789c39ab9 HTTP/1.1" 200 1119 "https://sealall.ca/" "Mozilla/5.0 (Windows NT 10.0; Win64; x64) AppleWebKit/537.36 (KHTML, like Gecko) Chrome/151.0.0.0 Safari/537.36"
67.213.147.253 - - [29/Aug/2026:01:30:49 +0000] "GET /wp-includes/js/dist/script-modules/interactivity/index.min.js?ver=efaa5193bbad9c60ffd1 HTTP/1.1" 200 15205 "https://sealall.ca/" "Mozilla/5.0 (Macintosh; Intel Mac OS X 10_15_7) AppleWebKit/537.36 (KHTML, like Gecko) Chrome/142.0.0.0 Safari/537.36"
213.139.10.103 - - [29/Aug/2026:01:30:49 +0000] "GET /wp-content/uploads/automatic-css/automatic.css HTTP/1.1" 200 29342 "https://sealall.ca/" "Mozilla/5.0 (Linux; Android 10; K) AppleWebKit/537.36 (KHTML, like Gecko) Chrome/143.0.0.0 Mobile Safari/537.36"
172.111.242.8 - - [29/Aug/2026:01:30:49 +0000] "GET /wp-content/plugins/mousewheel-smooth-scroll/js/lenis.min.js HTTP/1.1" 200 3974 "https://sealall.ca/" "Mozilla/5.0 (Linux; arm_64; Android 15; 23108RN04Y) AppleWebKit/537.36 (KHTML, like Gecko) Chrome/148.0.7778.39 YaSearchBrowser/26.67.1 BroPP/1.0 YaSearchApp/26.67.1 webOmni Mobile Safari/537.36"
213.139.10.103 - - [29/Aug/2026:01:30:49 +0000] "GET /wp-content/uploads/automatic-css/automatic-gutenberg.css HTTP/1.1" 200 999 "https://sealall.ca/" "Mozilla/5.0 (Linux; Android 10; K) AppleWebKit/537.36 (KHTML, like Gecko) Chrome/143.0.0.0 Mobile Safari/537.36"
213.139.9.149 - - [29/Aug/2026:01:30:49 +0000] "GET /favicon.ico HTTP/1.1" 302 361 "https://sealall.ca/" "Mozilla/5.0 (Linux; Android 10; K) AppleWebKit/537.36 (KHTML, like Gecko) Chrome/145.0.0.0 Mobile Safari/537.36"
190.103.176.150 - - [29/Aug/2026:01:30:49 +0000] "GET /wp-content/uploads/automatic-css/automatic-gutenberg.css HTTP/1.1" 200 999 "https://sealall.ca/" "Mozilla/5.0 (Linux; arm_64; Android 15; 23108RN04Y) AppleWebKit/537.36 (KHTML, like Gecko) Chrome/148.0.7778.39 YaSearchBrowser/26.67.1 BroPP/1.0 YaSearchApp/26.67.1 webOmni Mobile Safari/537.36"
213.139.9.149 - - [29/Aug/2026:01:30:50 +0000] "GET /wp-content/uploads/2025/11/cropped-SealAll-Stone-Restoration_FAW-32x32.webp HTTP/1.1" 200 834 "https://sealall.ca/" "Mozilla/5.0 (Linux; Android 10; K) AppleWebKit/537.36 (KHTML, like Gecko) Chrome/145.0.0.0 Mobile Safari/537.36"
172.111.242.8 - - [29/Aug/2026:01:30:50 +0000] "GET /wp-content/uploads/wpmss/lenis-init.min.js HTTP/1.1" 200 135 "https://sealall.ca/" "Mozilla/5.0 (Linux; arm_64; Android 15; 23108RN04Y) AppleWebKit/537.36 (KHTML, like Gecko) Chrome/148.0.7778.39 YaSearchBrowser/26.67.1 BroPP/1.0 YaSearchApp/26.67.1 webOmni Mobile Safari/537.36"
213.139.10.103 - - [29/Aug/2026:01:30:50 +0000] "GET /wp-content/uploads/wpmss/lenis-init.min.js HTTP/1.1" 200 135 "https://sealall.ca/" "Mozilla/5.0 (Linux; Android 10; K) AppleWebKit/537.36 (KHTML, like Gecko) Chrome/143.0.0.0 Mobile Safari/537.36"
213.139.10.103 - - [29/Aug/2026:01:30:50 +0000] "GET /wp-content/plugins/mousewheel-smooth-scroll/js/lenis.min.js HTTP/1.1" 200 3974 "https://sealall.ca/" "Mozilla/5.0 (Linux; Android 10; K) AppleWebKit/537.36 (KHTML, like Gecko) Chrome/143.0.0.0 Mobile Safari/537.36"
190.103.176.150 - - [29/Aug/2026:01:30:50 +0000] "GET /wp-includes/js/dist/script-modules/interactivity/index.min.js?ver=efaa5193bbad9c60ffd1 HTTP/1.1" 200 15205 "https://sealall.ca/" "Mozilla/5.0 (Linux; arm_64; Android 15; 23108RN04Y) AppleWebKit/537.36 (KHTML, like Gecko) Chrome/148.0.7778.39 YaSearchBrowser/26.67.1 BroPP/1.0 YaSearchApp/26.67.1 webOmni Mobile Safari/537.36"
185.150.0.47 - - [29/Aug/2026:01:30:50 +0000] "GET / HTTP/1.1" 200 17277 "https://sealall.ca/" "Mozilla/5.0 (Windows NT 10.0; Win64; x64) AppleWebKit/537.36 (KHTML, like Gecko) Chrome/150.0.0.0 YaBrowser/26.8.0.0 Safari/537.36"
67.213.147.253 - - [29/Aug/2026:01:30:50 +0000] "POST /wp-content/plugins/litespeed-cache/guest.vary.php HTTP/1.1" 200 36 "https://sealall.ca/" "Mozilla/5.0 (Macintosh; Intel Mac OS X 10_15_7) AppleWebKit/537.36 (KHTML, like Gecko) Chrome/142.0.0.0 Safari/537.36"
31.94.63.16 - - [29/Aug/2026:01:30:50 +0000] "GET / HTTP/1.1" 200 19036 "-" "Mozilla/5.0 (Windows NT 10.0; Win64; x64) AppleWebKit/537.36 (KHTML, like Gecko) Chrome/148.0.0.0 Safari/537.36"
82.102.17.188 - - [29/Aug/2026:01:30:50 +0000] "GET /favicon.ico HTTP/1.1" 302 361 "https://sealall.ca/" "Mozilla/5.0 (Macintosh; Intel Mac OS X 10_15_7) AppleWebKit/605.1.15 (KHTML, like Gecko) Version/17.3 Safari/605.1.15"
200.162.144.169 - - [29/Aug/2026:01:30:50 +0000] "GET / HTTP/1.1" 200 17277 "https://sealall.ca/" "Mozilla/5.0 (Windows NT 10.0; Win64; x64) AppleWebKit/537.36 (KHTML, like Gecko) Chrome/151.0.0.0 Safari/537.36"
190.103.176.150 - - [29/Aug/2026:01:30:50 +0000] "POST /wp-content/plugins/litespeed-cache/guest.vary.php HTTP/1.1" 200 36 "https://sealall.ca/" "Mozilla/5.0 (Linux; arm_64; Android 15; 23108RN04Y) AppleWebKit/537.36 (KHTML, like Gecko) Chrome/148.0.7778.39 YaSearchBrowser/26.67.1 BroPP/1.0 YaSearchApp/26.67.1 webOmni Mobile Safari/537.36"
82.102.17.188 - - [29/Aug/2026:01:30:50 +0000] "GET /wp-content/uploads/2025/11/cropped-SealAll-Stone-Restoration_FAW-32x32.webp HTTP/1.1" 200 834 "https://sealall.ca/" "Mozilla/5.0 (Macintosh; Intel Mac OS X 10_15_7) AppleWebKit/605.1.15 (KHTML, like Gecko) Version/17.3 Safari/605.1.15"
31.94.63.16 - - [29/Aug/2026:01:30:50 +0000] "GET /wp-content/litespeed/css/1635f59bb978c3616462ec2891874b40.css?ver=4e446 HTTP/1.1" 200 28075 "https://sealall.ca/" "Mozilla/5.0 (Windows NT 10.0; Win64; x64) AppleWebKit/537.36 (KHTML, like Gecko) Chrome/148.0.0.0 Safari/537.36"
31.94.63.16 - - [29/Aug/2026:01:30:50 +0000] "GET /wp-includes/js/dist/script-modules/interactivity/index.min.js?ver=efaa5193bbad9c60ffd1 HTTP/1.1" 200 15205 "https://sealall.ca/" "Mozilla/5.0 (Windows NT 10.0; Win64; x64) AppleWebKit/537.36 (KHTML, like Gecko) Chrome/148.0.0.0 Safari/537.36"
200.162.144.169 - - [29/Aug/2026:01:30:51 +0000] "GET /wp-content/litespeed/css/869f2b1aba1ab2742c0942d1d6ba204a.css?ver=a204a HTTP/1.1" 200 27376 "https://sealall.ca/" "Mozilla/5.0 (Windows NT 10.0; Win64; x64) AppleWebKit/537.36 (KHTML, like Gecko) Chrome/151.0.0.0 Safari/537.36"
138.68.120.52 - - [29/Aug/2026:01:30:51 +0000] "POST /wp-json/iawp/search HTTP/1.1" 200 377 "https://sealall.ca/" "Mozilla/5.0 (Macintosh; Intel Mac OS X 10_15_7) AppleWebKit/537.36 (KHTML, like Gecko) Chrome/145.0.0.0 Safari/537.36"
190.103.176.150 - - [29/Aug/2026:01:30:51 +0000] "GET /wp-includes/js/dist/script-modules/block-library/navigation/view.min.js?ver=96a846e1d7b789c39ab9 HTTP/1.1" 200 1119 "https://sealall.ca/" "Mozilla/5.0 (Linux; arm_64; Android 15; 23108RN04Y) AppleWebKit/537.36 (KHTML, like Gecko) Chrome/148.0.7778.39 YaSearchBrowser/26.67.1 BroPP/1.0 YaSearchApp/26.67.1 webOmni Mobile Safari/537.36"
200.162.144.169 - - [29/Aug/2026:01:30:51 +0000] "GET /wp-content/litespeed/css/f4d2af83a9e35f7664a3477b8c55057f.css?ver=5057f HTTP/1.1" 200 882 "https://sealall.ca/" "Mozilla/5.0 (Windows NT 10.0; Win64; x64) AppleWebKit/537.36 (KHTML, like Gecko) Chrome/151.0.0.0 Safari/537.36"
31.94.63.16 - - [29/Aug/2026:01:30:51 +0000] "POST /wp-content/plugins/litespeed-cache/guest.vary.php HTTP/1.1" 200 36 "https://sealall.ca/" "Mozilla/5.0 (Windows NT 10.0; Win64; x64) AppleWebKit/537.36 (KHTML, like Gecko) Chrome/148.0.0.0 Safari/537.36"
200.162.144.169 - - [29/Aug/2026:01:30:51 +0000] "GET /wp-content/litespeed/js/6621ac5cba14efc85425322f758197bb.js?ver=197bb HTTP/1.1" 200 3978 "https://sealall.ca/" "Mozilla/5.0 (Windows NT 10.0; Win64; x64) AppleWebKit/537.36 (KHTML, like Gecko) Chrome/151.0.0.0 Safari/537.36"
31.94.63.16 - - [29/Aug/2026:01:30:51 +0000] "GET /wp-includes/js/dist/script-modules/block-library/navigation/view.min.js?ver=96a846e1d7b789c39ab9 HTTP/1.1" 200 1119 "https://sealall.ca/" "Mozilla/5.0 (Windows NT 10.0; Win64; x64) AppleWebKit/537.36 (KHTML, like Gecko) Chrome/148.0.0.0 Safari/537.36"
185.150.0.47 - - [29/Aug/2026:01:30:51 +0000] "GET /wp-content/litespeed/css/f4d2af83a9e35f7664a3477b8c55057f.css?ver=5057f HTTP/1.1" 200 882 "https://sealall.ca/" "Mozilla/5.0 (Windows NT 10.0; Win64; x64) AppleWebKit/537.36 (KHTML, like Gecko) Chrome/150.0.0.0 YaBrowser/26.8.0.0 Safari/537.36"
185.150.0.47 - - [29/Aug/2026:01:30:51 +0000] "GET /wp-content/litespeed/css/869f2b1aba1ab2742c0942d1d6ba204a.css?ver=a204a HTTP/1.1" 200 27376 "https://sealall.ca/" "Mozilla/5.0 (Windows NT 10.0; Win64; x64) AppleWebKit/537.36 (KHTML, like Gecko) Chrome/150.0.0.0 YaBrowser/26.8.0.0 Safari/537.36"
200.162.144.169 - - [29/Aug/2026:01:30:51 +0000] "GET /wp-content/litespeed/js/9009b553f8bb5a39bc2bf3539b39706f.js?ver=9706f HTTP/1.1" 200 138 "https://sealall.ca/" "Mozilla/5.0 (Windows NT 10.0; Win64; x64) AppleWebKit/537.36 (KHTML, like Gecko) Chrome/151.0.0.0 Safari/537.36"
103.1.213.222 - - [29/Aug/2026:01:30:51 +0000] "GET / HTTP/1.1" 200 16161 "-" "Mozilla/5.0 (Linux; Android 10; K) AppleWebKit/537.36 (KHTML, like Gecko) Chrome/143.0.0.0 Mobile Safari/537.36"
185.150.0.47 - - [29/Aug/2026:01:30:51 +0000] "GET /wp-content/litespeed/js/6621ac5cba14efc85425322f758197bb.js?ver=197bb HTTP/1.1" 200 3978 "https://sealall.ca/" "Mozilla/5.0 (Windows NT 10.0; Win64; x64) AppleWebKit/537.36 (KHTML, like Gecko) Chrome/150.0.0.0 YaBrowser/26.8.0.0 Safari/537.36"
185.150.0.47 - - [29/Aug/2026:01:30:51 +0000] "GET /wp-content/litespeed/js/9009b553f8bb5a39bc2bf3539b39706f.js?ver=9706f HTTP/1.1" 200 138 "https://sealall.ca/" "Mozilla/5.0 (Windows NT 10.0; Win64; x64) AppleWebKit/537.36 (KHTML, like Gecko) Chrome/150.0.0.0 YaBrowser/26.8.0.0 Safari/537.36"
31.94.63.16 - - [29/Aug/2026:01:30:51 +0000] "GET / HTTP/1.1" 200 17277 "https://sealall.ca/" "Mozilla/5.0 (Windows NT 10.0; Win64; x64) AppleWebKit/537.36 (KHTML, like Gecko) Chrome/148.0.0.0 Safari/537.36"
190.103.176.150 - - [29/Aug/2026:01:30:51 +0000] "GET / HTTP/1.1" 200 16380 "https://sealall.ca/" "Mozilla/5.0 (Linux; arm_64; Android 15; 23108RN04Y) AppleWebKit/537.36 (KHTML, like Gecko) Chrome/148.0.7778.39 YaSearchBrowser/26.67.1 BroPP/1.0 YaSearchApp/26.67.1 webOmni Mobile Safari/537.36"
67.213.147.253 - - [29/Aug/2026:01:30:52 +0000] "GET /wp-includes/js/dist/script-modules/block-library/navigation/view.min.js?ver=96a846e1d7b789c39ab9 HTTP/1.1" 200 1119 "https://sealall.ca/" "Mozilla/5.0 (Macintosh; Intel Mac OS X 10_15_7) AppleWebKit/537.36 (KHTML, like Gecko) Chrome/142.0.0.0 Safari/537.36"
31.94.63.16 - - [29/Aug/2026:01:30:52 +0000] "GET /wp-content/litespeed/css/869f2b1aba1ab2742c0942d1d6ba204a.css?ver=a204a HTTP/1.1" 200 27376 "https://sealall.ca/" "Mozilla/5.0 (Windows NT 10.0; Win64; x64) AppleWebKit/537.36 (KHTML, like Gecko) Chrome/148.0.0.0 Safari/537.36"
31.94.63.16 - - [29/Aug/2026:01:30:52 +0000] "GET /wp-content/litespeed/css/f4d2af83a9e35f7664a3477b8c55057f.css?ver=5057f HTTP/1.1" 200 882 "https://sealall.ca/" "Mozilla/5.0 (Windows NT 10.0; Win64; x64) AppleWebKit/537.36 (KHTML, like Gecko) Chrome/148.0.0.0 Safari/537.36"
190.103.176.150 - - [29/Aug/2026:01:30:52 +0000] "GET /wp-content/plugins/mousewheel-smooth-scroll/js/lenis.min.js HTTP/1.1" 200 3974 "https://sealall.ca/" "Mozilla/5.0 (Linux; arm_64; Android 15; 23108RN04Y) AppleWebKit/537.36 (KHTML, like Gecko) Chrome/148.0.7778.39 YaSearchBrowser/26.67.1 BroPP/1.0 YaSearchApp/26.67.1 webOmni Mobile Safari/537.36"
31.94.63.16 - - [29/Aug/2026:01:30:52 +0000] "GET /wp-content/litespeed/js/6621ac5cba14efc85425322f758197bb.js?ver=197bb HTTP/1.1" 200 3978 "https://sealall.ca/" "Mozilla/5.0 (Windows NT 10.0; Win64; x64) AppleWebKit/537.36 (KHTML, like Gecko) Chrome/148.0.0.0 Safari/537.36"
103.1.213.222 - - [29/Aug/2026:01:30:52 +0000] "GET /wp-content/litespeed/css/1635f59bb978c3616462ec2891874b40.css?ver=4e446 HTTP/1.1" 200 28075 "https://sealall.ca/" "Mozilla/5.0 (Linux; Android 10; K) AppleWebKit/537.36 (KHTML, like Gecko) Chrome/143.0.0.0 Mobile Safari/537.36"
31.94.63.16 - - [29/Aug/2026:01:30:52 +0000] "GET /wp-content/litespeed/js/9009b553f8bb5a39bc2bf3539b39706f.js?ver=9706f HTTP/1.1" 200 138 "https://sealall.ca/" "Mozilla/5.0 (Windows NT 10.0; Win64; x64) AppleWebKit/537.36 (KHTML, like Gecko) Chrome/148.0.0.0 Safari/537.36"
190.103.176.150 - - [29/Aug/2026:01:30:52 +0000] "GET /wp-content/uploads/wpmss/lenis-init.min.js HTTP/1.1" 200 135 "https://sealall.ca/" "Mozilla/5.0 (Linux; arm_64; Android 15; 23108RN04Y) AppleWebKit/537.36 (KHTML, like Gecko) Chrome/148.0.7778.39 YaSearchBrowser/26.67.1 BroPP/1.0 YaSearchApp/26.67.1 webOmni Mobile Safari/537.36"
138.68.120.52 - - [29/Aug/2026:01:30:52 +0000] "GET /favicon.ico HTTP/1.1" 302 361 "https://sealall.ca/" "Mozilla/5.0 (Macintosh; Intel Mac OS X 10_15_7) AppleWebKit/537.36 (KHTML, like Gecko) Chrome/145.0.0.0 Safari/537.36"
138.68.120.52 - - [29/Aug/2026:01:30:53 +0000] "GET /wp-content/uploads/2025/11/cropped-SealAll-Stone-Restoration_FAW-32x32.webp HTTP/1.1" 200 834 "https://sealall.ca/" "Mozilla/5.0 (Macintosh; Intel Mac OS X 10_15_7) AppleWebKit/537.36 (KHTML, like Gecko) Chrome/145.0.0.0 Safari/537.36"
172.111.242.8 - - [29/Aug/2026:01:30:53 +0000] "POST /wp-json/iawp/search HTTP/1.1" 200 377 "https://sealall.ca/" "Mozilla/5.0 (Linux; arm_64; Android 15; 23108RN04Y) AppleWebKit/537.36 (KHTML, like Gecko) Chrome/148.0.7778.39 YaSearchBrowser/26.67.1 BroPP/1.0 YaSearchApp/26.67.1 webOmni Mobile Safari/537.36"
103.1.213.222 - - [29/Aug/2026:01:30:53 +0000] "GET /wp-includes/js/dist/script-modules/interactivity/index.min.js?ver=efaa5193bbad9c60ffd1 HTTP/1.1" 200 15205 "https://sealall.ca/" "Mozilla/5.0 (Linux; Android 10; K) AppleWebKit/537.36 (KHTML, like Gecko) Chrome/143.0.0.0 Mobile Safari/537.36"
67.213.147.253 - - [29/Aug/2026:01:30:53 +0000] "GET / HTTP/1.1" 200 17277 "https://sealall.ca/" "Mozilla/5.0 (Macintosh; Intel Mac OS X 10_15_7) AppleWebKit/537.36 (KHTML, like Gecko) Chrome/142.0.0.0 Safari/537.36"
103.1.213.222 - - [29/Aug/2026:01:30:53 +0000] "POST /wp-content/plugins/litespeed-cache/guest.vary.php HTTP/1.1" 200 36 "https://sealall.ca/" "Mozilla/5.0 (Linux; Android 10; K) AppleWebKit/537.36 (KHTML, like Gecko) Chrome/143.0.0.0 Mobile Safari/537.36"
213.139.10.103 - - [29/Aug/2026:01:30:53 +0000] "POST /wp-json/iawp/search HTTP/1.1" 200 377 "https://sealall.ca/" "Mozilla/5.0 (Linux; Android 10; K) AppleWebKit/537.36 (KHTML, like Gecko) Chrome/143.0.0.0 Mobile Safari/537.36"
103.1.213.222 - - [29/Aug/2026:01:30:54 +0000] "GET /wp-includes/js/dist/script-modules/block-library/navigation/view.min.js?ver=96a846e1d7b789c39ab9 HTTP/1.1" 200 1119 "https://sealall.ca/" "Mozilla/5.0 (Linux; Android 10; K) AppleWebKit/537.36 (KHTML, like Gecko) Chrome/143.0.0.0 Mobile Safari/537.36"
185.243.76.40 - - [29/Aug/2026:01:30:54 +0000] "POST /wp-json/iawp/search HTTP/1.1" 200 377 "https://sealall.ca/" "Mozilla/5.0 (Linux; Android 10; K) AppleWebKit/537.36 (KHTML, like Gecko) Chrome/140.0.0.0 Mobile Safari/537.36"
67.213.147.253 - - [29/Aug/2026:01:30:54 +0000] "GET /wp-content/litespeed/css/f4d2af83a9e35f7664a3477b8c55057f.css?ver=5057f HTTP/1.1" 200 882 "https://sealall.ca/" "Mozilla/5.0 (Macintosh; Intel Mac OS X 10_15_7) AppleWebKit/537.36 (KHTML, like Gecko) Chrome/142.0.0.0 Safari/537.36"
67.213.147.253 - - [29/Aug/2026:01:30:54 +0000] "GET /wp-content/litespeed/css/869f2b1aba1ab2742c0942d1d6ba204a.css?ver=a204a HTTP/1.1" 200 27376 "https://sealall.ca/" "Mozilla/5.0 (Macintosh; Intel Mac OS X 10_15_7) AppleWebKit/537.36 (KHTML, like Gecko) Chrome/142.0.0.0 Safari/537.36"
31.94.63.16 - - [29/Aug/2026:01:30:55 +0000] "POST /wp-json/iawp/search HTTP/1.1" 200 377 "https://sealall.ca/" "Mozilla/5.0 (Windows NT 10.0; Win64; x64) AppleWebKit/537.36 (KHTML, like Gecko) Chrome/148.0.0.0 Safari/537.36"
103.1.213.222 - - [29/Aug/2026:01:30:55 +0000] "GET / HTTP/1.1" 200 16380 "https://sealall.ca/" "Mozilla/5.0 (Linux; Android 10; K) AppleWebKit/537.36 (KHTML, like Gecko) Chrome/143.0.0.0 Mobile Safari/537.36"
103.1.213.222 - - [29/Aug/2026:01:30:55 +0000] "GET /wp-content/uploads/automatic-css/automatic.css HTTP/1.1" 200 29342 "https://sealall.ca/" "Mozilla/5.0 (Linux; Android 10; K) AppleWebKit/537.36 (KHTML, like Gecko) Chrome/143.0.0.0 Mobile Safari/537.36"
67.213.147.253 - - [29/Aug/2026:01:30:55 +0000] "GET /wp-content/litespeed/js/6621ac5cba14efc85425322f758197bb.js?ver=197bb HTTP/1.1" 200 3978 "https://sealall.ca/" "Mozilla/5.0 (Macintosh; Intel Mac OS X 10_15_7) AppleWebKit/537.36 (KHTML, like Gecko) Chrome/142.0.0.0 Safari/537.36"
67.213.147.253 - - [29/Aug/2026:01:30:55 +0000] "GET /wp-content/litespeed/js/9009b553f8bb5a39bc2bf3539b39706f.js?ver=9706f HTTP/1.1" 200 138 "https://sealall.ca/" "Mozilla/5.0 (Macintosh; Intel Mac OS X 10_15_7) AppleWebKit/537.36 (KHTML, like Gecko) Chrome/142.0.0.0 Safari/537.36"
172.111.242.8 - - [29/Aug/2026:01:30:56 +0000] "GET /favicon.ico HTTP/1.1" 302 361 "https://sealall.ca/" "Mozilla/5.0 (Linux; arm_64; Android 15; 23108RN04Y) AppleWebKit/537.36 (KHTML, like Gecko) Chrome/148.0.7778.39 YaSearchBrowser/26.67.1 BroPP/1.0 YaSearchApp/26.67.1 webOmni Mobile Safari/537.36"
103.1.213.222 - - [29/Aug/2026:01:30:56 +0000] "GET /wp-content/uploads/wpmss/lenis-init.min.js HTTP/1.1" 200 135 "https://sealall.ca/" "Mozilla/5.0 (Linux; Android 10; K) AppleWebKit/537.36 (KHTML, like Gecko) Chrome/143.0.0.0 Mobile Safari/537.36"
190.103.176.150 - - [29/Aug/2026:01:30:56 +0000] "POST /wp-json/iawp/search HTTP/1.1" 200 377 "https://sealall.ca/" "Mozilla/5.0 (Linux; arm_64; Android 15; 23108RN04Y) AppleWebKit/537.36 (KHTML, like Gecko) Chrome/148.0.7778.39 YaSearchBrowser/26.67.1 BroPP/1.0 YaSearchApp/26.67.1 webOmni Mobile Safari/537.36"
185.150.0.47 - - [29/Aug/2026:01:30:56 +0000] "POST /wp-json/iawp/search HTTP/1.1" 200 377 "https://sealall.ca/" "Mozilla/5.0 (Windows NT 10.0; Win64; x64) AppleWebKit/537.36 (KHTML, like Gecko) Chrome/150.0.0.0 YaBrowser/26.8.0.0 Safari/537.36"
172.111.242.8 - - [29/Aug/2026:01:30:56 +0000] "GET /wp-content/uploads/2025/11/cropped-SealAll-Stone-Restoration_FAW-32x32.webp HTTP/1.1" 200 834 "https://sealall.ca/" "Mozilla/5.0 (Linux; arm_64; Android 15; 23108RN04Y) AppleWebKit/537.36 (KHTML, like Gecko) Chrome/148.0.7778.39 YaSearchBrowser/26.67.1 BroPP/1.0 YaSearchApp/26.67.1 webOmni Mobile Safari/537.36"
103.1.213.222 - - [29/Aug/2026:01:30:56 +0000] "GET /wp-content/uploads/automatic-css/automatic-gutenberg.css HTTP/1.1" 200 999 "https://sealall.ca/" "Mozilla/5.0 (Linux; Android 10; K) AppleWebKit/537.36 (KHTML, like Gecko) Chrome/143.0.0.0 Mobile Safari/537.36"
103.1.213.222 - - [29/Aug/2026:01:30:56 +0000] "GET /wp-content/plugins/mousewheel-smooth-scroll/js/lenis.min.js HTTP/1.1" 200 3974 "https://sealall.ca/" "Mozilla/5.0 (Linux; Android 10; K) AppleWebKit/537.36 (KHTML, like Gecko) Chrome/143.0.0.0 Mobile Safari/537.36"
31.94.63.16 - - [29/Aug/2026:01:30:57 +0000] "GET /favicon.ico HTTP/1.1" 302 361 "https://sealall.ca/" "Mozilla/5.0 (Windows NT 10.0; Win64; x64) AppleWebKit/537.36 (KHTML, like Gecko) Chrome/148.0.0.0 Safari/537.36"
31.94.63.16 - - [29/Aug/2026:01:30:57 +0000] "GET /wp-content/uploads/2025/11/cropped-SealAll-Stone-Restoration_FAW-32x32.webp HTTP/1.1" 200 834 "https://sealall.ca/" "Mozilla/5.0 (Windows NT 10.0; Win64; x64) AppleWebKit/537.36 (KHTML, like Gecko) Chrome/148.0.0.0 Safari/537.36"
185.243.76.40 - - [29/Aug/2026:01:30:57 +0000] "GET /favicon.ico HTTP/1.1" 302 361 "https://sealall.ca/" "Mozilla/5.0 (Linux; Android 10; K) AppleWebKit/537.36 (KHTML, like Gecko) Chrome/140.0.0.0 Mobile Safari/537.36"
213.139.10.103 - - [29/Aug/2026:01:30:57 +0000] "GET /favicon.ico HTTP/1.1" 302 361 "https://sealall.ca/" "Mozilla/5.0 (Linux; Android 10; K) AppleWebKit/537.36 (KHTML, like Gecko) Chrome/143.0.0.0 Mobile Safari/537.36"
200.162.144.169 - - [29/Aug/2026:01:30:57 +0000] "POST /wp-json/iawp/search HTTP/1.1" 200 377 "https://sealall.ca/" "Mozilla/5.0 (Windows NT 10.0; Win64; x64) AppleWebKit/537.36 (KHTML, like Gecko) Chrome/151.0.0.0 Safari/537.36"
185.243.76.40 - - [29/Aug/2026:01:30:57 +0000] "GET /wp-content/uploads/2025/11/cropped-SealAll-Stone-Restoration_FAW-32x32.webp HTTP/1.1" 200 834 "https://sealall.ca/" "Mozilla/5.0 (Linux; Android 10; K) AppleWebKit/537.36 (KHTML, like Gecko) Chrome/140.0.0.0 Mobile Safari/537.36"
213.139.10.103 - - [29/Aug/2026:01:30:58 +0000] "GET /wp-content/uploads/2025/11/cropped-SealAll-Stone-Restoration_FAW-32x32.webp HTTP/1.1" 200 834 "https://sealall.ca/" "Mozilla/5.0 (Linux; Android 10; K) AppleWebKit/537.36 (KHTML, like Gecko) Chrome/143.0.0.0 Mobile Safari/537.36"
185.150.0.47 - - [29/Aug/2026:01:30:58 +0000] "GET /favicon.ico HTTP/1.1" 302 361 "https://sealall.ca/" "Mozilla/5.0 (Windows NT 10.0; Win64; x64) AppleWebKit/537.36 (KHTML, like Gecko) Chrome/150.0.0.0 YaBrowser/26.8.0.0 Safari/537.36"
185.150.0.47 - - [29/Aug/2026:01:30:59 +0000] "GET /wp-content/uploads/2025/11/cropped-SealAll-Stone-Restoration_FAW-32x32.webp HTTP/1.1" 200 834 "https://sealall.ca/" "Mozilla/5.0 (Windows NT 10.0; Win64; x64) AppleWebKit/537.36 (KHTML, like Gecko) Chrome/150.0.0.0 YaBrowser/26.8.0.0 Safari/537.36"
103.1.213.222 - - [29/Aug/2026:01:30:59 +0000] "POST /wp-json/iawp/search HTTP/1.1" 200 377 "https://sealall.ca/" "Mozilla/5.0 (Linux; Android 10; K) AppleWebKit/537.36 (KHTML, like Gecko) Chrome/143.0.0.0 Mobile Safari/537.36"
200.162.144.169 - - [29/Aug/2026:01:31:00 +0000] "GET /favicon.ico HTTP/1.1" 302 361 "https://sealall.ca/" "Mozilla/5.0 (Windows NT 10.0; Win64; x64) AppleWebKit/537.36 (KHTML, like Gecko) Chrome/151.0.0.0 Safari/537.36"
190.103.176.150 - - [29/Aug/2026:01:31:00 +0000] "GET /favicon.ico HTTP/1.1" 302 361 "https://sealall.ca/" "Mozilla/5.0 (Linux; arm_64; Android 15; 23108RN04Y) AppleWebKit/537.36 (KHTML, like Gecko) Chrome/148.0.7778.39 YaSearchBrowser/26.67.1 BroPP/1.0 YaSearchApp/26.67.1 webOmni Mobile Safari/537.36"
200.162.144.169 - - [29/Aug/2026:01:31:00 +0000] "GET /wp-content/uploads/2025/11/cropped-SealAll-Stone-Restoration_FAW-32x32.webp HTTP/1.1" 200 834 "https://sealall.ca/" "Mozilla/5.0 (Windows NT 10.0; Win64; x64) AppleWebKit/537.36 (KHTML, like Gecko) Chrome/151.0.0.0 Safari/537.36"
190.103.176.150 - - [29/Aug/2026:01:31:00 +0000] "GET /wp-content/uploads/2025/11/cropped-SealAll-Stone-Restoration_FAW-32x32.webp HTTP/1.1" 200 834 "https://sealall.ca/" "Mozilla/5.0 (Linux; arm_64; Android 15; 23108RN04Y) AppleWebKit/537.36 (KHTML, like Gecko) Chrome/148.0.7778.39 YaSearchBrowser/26.67.1 BroPP/1.0 YaSearchApp/26.67.1 webOmni Mobile Safari/537.36"
103.1.213.222 - - [29/Aug/2026:01:31:04 +0000] "GET /favicon.ico HTTP/1.1" 302 361 "https://sealall.ca/" "Mozilla/5.0 (Linux; Android 10; K) AppleWebKit/537.36 (KHTML, like Gecko) Chrome/143.0.0.0 Mobile Safari/537.36"
103.1.213.222 - - [29/Aug/2026:01:31:04 +0000] "GET /wp-content/uploads/2025/11/cropped-SealAll-Stone-Restoration_FAW-32x32.webp HTTP/1.1" 200 834 "https://sealall.ca/" "Mozilla/5.0 (Linux; Android 10; K) AppleWebKit/537.36 (KHTML, like Gecko) Chrome/143.0.0.0 Mobile Safari/537.36"
146.70.123.102 - - [29/Aug/2026:01:31:05 +0000] "GET / HTTP/1.1" 200 16161 "-" "Mozilla/5.0 (iPhone; CPU iPhone OS 18_6 like Mac OS X) AppleWebKit/605.1.15 (KHTML, like Gecko) Version/18.6 Mobile/15E148 Safari/604.1"
146.70.123.102 - - [29/Aug/2026:01:31:05 +0000] "GET /wp-content/litespeed/css/1635f59bb978c3616462ec2891874b40.css?ver=4e446 HTTP/1.1" 200 28075 "https://sealall.ca/" "Mozilla/5.0 (iPhone; CPU iPhone OS 18_6 like Mac OS X) AppleWebKit/605.1.15 (KHTML, like Gecko) Version/18.6 Mobile/15E148 Safari/604.1"
146.70.123.102 - - [29/Aug/2026:01:31:05 +0000] "GET /wp-includes/js/dist/script-modules/interactivity/index.min.js?ver=efaa5193bbad9c60ffd1 HTTP/1.1" 200 15205 "https://sealall.ca/" "Mozilla/5.0 (iPhone; CPU iPhone OS 18_6 like Mac OS X) AppleWebKit/605.1.15 (KHTML, like Gecko) Version/18.6 Mobile/15E148 Safari/604.1"
146.70.123.102 - - [29/Aug/2026:01:31:05 +0000] "POST /wp-content/plugins/litespeed-cache/guest.vary.php HTTP/1.1" 200 36 "https://sealall.ca/" "Mozilla/5.0 (iPhone; CPU iPhone OS 18_6 like Mac OS X) AppleWebKit/605.1.15 (KHTML, like Gecko) Version/18.6 Mobile/15E148 Safari/604.1"
146.70.123.102 - - [29/Aug/2026:01:31:05 +0000] "GET /wp-includes/js/dist/script-modules/block-library/navigation/view.min.js?ver=96a846e1d7b789c39ab9 HTTP/1.1" 200 1119 "https://sealall.ca/" "Mozilla/5.0 (iPhone; CPU iPhone OS 18_6 like Mac OS X) AppleWebKit/605.1.15 (KHTML, like Gecko) Version/18.6 Mobile/15E148 Safari/604.1"
146.70.123.102 - - [29/Aug/2026:01:31:06 +0000] "GET / HTTP/1.1" 200 16380 "https://sealall.ca/" "Mozilla/5.0 (iPhone; CPU iPhone OS 18_6 like Mac OS X) AppleWebKit/605.1.15 (KHTML, like Gecko) Version/18.6 Mobile/15E148 Safari/604.1"
146.70.123.102 - - [29/Aug/2026:01:31:06 +0000] "GET /wp-content/uploads/automatic-css/automatic.css HTTP/1.1" 200 29342 "https://sealall.ca/" "Mozilla/5.0 (iPhone; CPU iPhone OS 18_6 like Mac OS X) AppleWebKit/605.1.15 (KHTML, like Gecko) Version/18.6 Mobile/15E148 Safari/604.1"
146.70.123.102 - - [29/Aug/2026:01:31:06 +0000] "GET /wp-content/uploads/automatic-css/automatic-gutenberg.css HTTP/1.1" 200 999 "https://sealall.ca/" "Mozilla/5.0 (iPhone; CPU iPhone OS 18_6 like Mac OS X) AppleWebKit/605.1.15 (KHTML, like Gecko) Version/18.6 Mobile/15E148 Safari/604.1"
146.70.123.102 - - [29/Aug/2026:01:31:06 +0000] "GET /wp-content/plugins/mousewheel-smooth-scroll/js/lenis.min.js HTTP/1.1" 200 3974 "https://sealall.ca/" "Mozilla/5.0 (iPhone; CPU iPhone OS 18_6 like Mac OS X) AppleWebKit/605.1.15 (KHTML, like Gecko) Version/18.6 Mobile/15E148 Safari/604.1"
146.70.123.102 - - [29/Aug/2026:01:31:06 +0000] "GET /wp-content/uploads/wpmss/lenis-init.min.js HTTP/1.1" 200 135 "https://sealall.ca/" "Mozilla/5.0 (iPhone; CPU iPhone OS 18_6 like Mac OS X) AppleWebKit/605.1.15 (KHTML, like Gecko) Version/18.6 Mobile/15E148 Safari/604.1"
146.70.123.102 - - [29/Aug/2026:01:31:09 +0000] "POST /wp-json/iawp/search HTTP/1.1" 200 377 "https://sealall.ca/" "Mozilla/5.0 (iPhone; CPU iPhone OS 18_6 like Mac OS X) AppleWebKit/605.1.15 (KHTML, like Gecko) Version/18.6 Mobile/15E148 Safari/604.1"
146.70.123.102 - - [29/Aug/2026:01:31:12 +0000] "GET /favicon.ico HTTP/1.1" 302 361 "https://sealall.ca/" "Mozilla/5.0 (iPhone; CPU iPhone OS 18_6 like Mac OS X) AppleWebKit/605.1.15 (KHTML, like Gecko) Version/18.6 Mobile/15E148 Safari/604.1"
146.70.123.102 - - [29/Aug/2026:01:31:12 +0000] "GET /wp-content/uploads/2025/11/cropped-SealAll-Stone-Restoration_FAW-32x32.webp HTTP/1.1" 200 834 "https://sealall.ca/" "Mozilla/5.0 (iPhone; CPU iPhone OS 18_6 like Mac OS X) AppleWebKit/605.1.15 (KHTML, like Gecko) Version/18.6 Mobile/15E148 Safari/604.1"
47.128.54.15 - - [29/Aug/2026:01:31:24 +0000] "GET /brampton/blog/ HTTP/1.1" 301 361 "-" "Mozilla/5.0 (Linux; Android 5.0) AppleWebKit/537.36 (KHTML, like Gecko) Mobile Safari/537.36 (compatible; Bytespider; spider-feedback@bytedance.com)"
47.128.54.15 - - [29/Aug/2026:01:31:26 +0000] "GET /blog/ HTTP/1.1" 200 14656 "-" "Mozilla/5.0 (Linux; Android 5.0) AppleWebKit/537.36 (KHTML, like Gecko) Mobile Safari/537.36 (compatible; Bytespider; spider-feedback@bytedance.com)"
47.128.54.15 - - [29/Aug/2026:01:31:27 +0000] "POST /wp-content/plugins/litespeed-cache/guest.vary.php HTTP/1.1" 200 22 "https://sealall.ca/blog/" "Mozilla/5.0 (Linux; Android 5.0) AppleWebKit/537.36 (KHTML, like Gecko) Mobile Safari/537.36 (compatible; Bytespider; spider-feedback@bytedance.com)"
120.240.178.148 - - [29/Aug/2026:01:32:13 +0000] "GET /robots.txt HTTP/1.1" 301 361 "https://www.sealall.ca/robots.txt" "Mozilla/5.0 (Windows NT 10.0; Win64; x64) AppleWebKit/537.36 (KHTML, like Gecko) Chrome/149.0.5169.137 Safari/537.36"
120.240.178.216 - - [29/Aug/2026:01:32:14 +0000] "GET /robots.txt HTTP/1.1" 200 342 "https://www.sealall.ca/robots.txt" "Mozilla/5.0 (Windows NT 10.0; Win64; x64) AppleWebKit/537.36 (KHTML, like Gecko) Chrome/149.0.5169.137 Safari/537.36"
129.146.148.239 - - [29/Aug/2026:01:32:39 +0000] "GET /area/halton-hills/anti-slip-coating HTTP/1.1" 200 19229 "-" "Mozilla/5.0 (X11; Linux aarch64) AppleWebKit/537.36 (KHTML, like Gecko) Chrome/139.0.0.0 Safari/537.36"
129.146.113.11 - - [29/Aug/2026:01:32:58 +0000] "GET /area/oakville/anti-slip-coating HTTP/1.1" 200 19222 "-" "Mozilla/5.0 (X11; Linux aarch64) AppleWebKit/537.36 (KHTML, like Gecko) Chrome/139.0.0.0 Safari/537.36"
68.67.112.126 - - [29/Aug/2026:01:34:00 +0000] "GET /robots.txt HTTP/1.1" 200 342 "-" "Mozilla/5.0 AppleWebKit/537.36 (KHTML, like Gecko; compatible; YouBot/1.0; +https://docs.you.com/youbot; env:prod) Chrome/142.0.0.0 Safari/537.36"
114.119.136.254 - - [29/Aug/2026:01:34:12 +0000] "GET /area/tiny-township/ HTTP/1.1" 200 16344 "https://sealall.ca/area/tiny-township/" "Mozilla/5.0 (Linux; Android 7.0;) AppleWebKit/537.36 (HTML, like Gecko) Mobile Safari/537.36 (compatible; PetalBot;+https://webmaster.petalsearch.com/site/petalbot)"
17.166.21.203 - - [29/Aug/2026:01:35:09 +0000] "POST /wp-content/plugins/litespeed-cache/guest.vary.php HTTP/1.1" 200 22 "https://sealall.ca/area/clarington/anti-slip-coating/" "Mozilla/5.0 (Macintosh; Intel Mac OS X 10_15_7) AppleWebKit/605.1.15 (KHTML, like Gecko) Version/17.4 Safari/605.1.15 (Applebot/0.1; +http://www.apple.com/go/applebot)"
114.119.147.6 - - [29/Aug/2026:01:35:36 +0000] "GET /area/port-hope/polymeric-sand/ HTTP/1.1" 200 16335 "https://sealall.ca/area/north-york/polymeric-sand/" "Mozilla/5.0 (Linux; Android 7.0;) AppleWebKit/537.36 (HTML, like Gecko) Mobile Safari/537.36 (compatible; PetalBot;+https://webmaster.petalsearch.com/site/petalbot)"
103.162.136.119 - - [29/Aug/2026:01:36:13 +0000] "GET /area/bowmanville/anti-slip-coating/ HTTP/1.1" 200 19224 "-" "Mozilla/5.0 (Macintosh; Intel Mac OS X 12_3_1) AppleWebKit/537.36 (KHTML, like Gecko) Chrome/124.0.6367.155 Safari/537.36"
161.153.68.154 - - [29/Aug/2026:01:36:13 +0000] "GET /area/kitchener/anti-slip-coating HTTP/1.1" 200 19222 "-" "Mozilla/5.0 (X11; Linux aarch64) AppleWebKit/537.36 (KHTML, like Gecko) Chrome/139.0.0.0 Safari/537.36"
78.153.140.251 - - [29/Aug/2026:01:36:38 +0000] "GET /.env HTTP/1.1" 403 248 "-" "Mozilla/5.0 (Windows NT 10.0; Win64; x64) AppleWebKit/537.36 (KHTML, like Gecko) Chrome/116.0.5845.140 Safari/537.36"
78.153.140.251 - - [29/Aug/2026:01:36:39 +0000] "POST / HTTP/1.1" 200 16220 "-" "Mozilla/5.0 (Windows NT 10.0; Win64; x64) AppleWebKit/537.36 (KHTML, like Gecko) Chrome/116.0.5845.140 Safari/537.36"
213.139.9.149 - - [29/Aug/2026:01:37:35 +0000] "GET / HTTP/1.1" 200 94564 "-" "Mozilla/5.0 (Macintosh; Intel Mac OS X 10_15_7) AppleWebKit/537.36 (KHTML, like Gecko) Chrome/137.0.0.0 Safari/537.36"
69.164.217.245 - - [29/Aug/2026:01:38:37 +0000] "GET / HTTP/1.1" 400 264 "-" "Mozilla/5.0 zgrab/0.x"
54.204.53.178 - - [29/Aug/2026:01:39:24 +0000] "GET /area/vaughan/polymeric-sand/ HTTP/1.1" 200 19215 "-" "Mozilla/5.0 (Macintosh; Intel Mac OS X 10_15_7) AppleWebKit/605.1.15 (KHTML, like Gecko) Chrome/139.0.0.0 Safari/605.1.15"
66.228.53.78 - - [29/Aug/2026:01:39:35 +0000] "GET / HTTP/1.1" 301 361 "-" "Mozilla/5.0 (Macintosh; Intel Mac OS X 13_1) AppleWebKit/537.36 (KHTML, like Gecko) Chrome/108.0.0.0 Safari/537.36"
66.228.53.78 - - [29/Aug/2026:01:39:36 +0000] "GET / HTTP/1.1" 200 19037 "https://68.183.198.43/" "Mozilla/5.0 (Macintosh; Intel Mac OS X 13_1) AppleWebKit/537.36 (KHTML, like Gecko) Chrome/108.0.0.0 Safari/537.36"
95.173.219.10 - - [29/Aug/2026:01:39:47 +0000] "GET / HTTP/1.1" 301 361 "-" "Mozilla/5.0 (Macintosh; Intel Mac OS X 10_15_7) AppleWebKit/537.36 (KHTML, like Gecko) Chrome/142.0.0.0 Safari/537.36"
194.163.136.187 - - [29/Aug/2026:01:39:48 +0000] "GET / HTTP/1.1" 301 361 "-" "Mozilla/5.0 (Linux; Android 10; K) AppleWebKit/537.36 (KHTML, like Gecko) Chrome/145.0.0.0 Mobile Safari/537.36"
95.173.219.10 - - [29/Aug/2026:01:39:51 +0000] "GET / HTTP/1.1" 200 19036 "https://www.sealall.ca/" "Mozilla/5.0 (Macintosh; Intel Mac OS X 10_15_7) AppleWebKit/537.36 (KHTML, like Gecko) Chrome/142.0.0.0 Safari/537.36"
103.170.233.185 - - [29/Aug/2026:01:39:51 +0000] "GET /wp-content/plugins/admin-site-enhancements/admin-site-enhancements.php HTTP/1.1" 200 269 "-" "Mozilla/5.0 (Windows NT 10.0; Win64; x64) AppleWebKit/537.36 (KHTML, like Gecko) Chrome/151.0.0.0 Safari/537.36"
103.170.233.185 - - [29/Aug/2026:01:39:52 +0000] "GET /favicon.ico HTTP/1.1" 302 361 "https://sealall.ca/wp-content/plugins/admin-site-enhancements/admin-site-enhancements.php" "Mozilla/5.0 (Windows NT 10.0; Win64; x64) AppleWebKit/537.36 (KHTML, like Gecko) Chrome/151.0.0.0 Safari/537.36"
103.170.233.185 - - [29/Aug/2026:01:39:52 +0000] "GET /wp-content/uploads/2025/11/cropped-SealAll-Stone-Restoration_FAW-32x32.webp HTTP/1.1" 200 834 "https://sealall.ca/wp-content/plugins/admin-site-enhancements/admin-site-enhancements.php" "Mozilla/5.0 (Windows NT 10.0; Win64; x64) AppleWebKit/537.36 (KHTML, like Gecko) Chrome/151.0.0.0 Safari/537.36"
178.20.55.182 - - [29/Aug/2026:01:39:54 +0000] "GET / HTTP/1.1" 200 16162 "https://www.sealall.ca/" "Mozilla/5.0 (Linux; Android 10; K) AppleWebKit/537.36 (KHTML, like Gecko) Chrome/145.0.0.0 Mobile Safari/537.36"
85.208.96.195 - - [29/Aug/2026:01:40:07 +0000] "GET /area/innisfil/ HTTP/1.1" 200 19187 "-" "Mozilla/5.0 (compatible; SemrushBot/7~bl; +http://www.semrush.com/bot.html)"
141.148.170.179 - - [29/Aug/2026:01:40:29 +0000] "GET /area/georgetown/interlock-sealing HTTP/1.1" 200 19188 "-" "Mozilla/5.0 (X11; Linux aarch64) AppleWebKit/537.36 (KHTML, like Gecko) Chrome/139.0.0.0 Safari/537.36"
192.178.6.167 - - [29/Aug/2026:01:40:30 +0000] "GET /mississauga/services/interlock-sealing/ HTTP/1.1" 301 361 "-" "Mozilla/5.0 (Linux; Android 6.0.1; Nexus 5X Build/MMB29P) AppleWebKit/537.36 (KHTML, like Gecko) Chrome/151.0.7922.173 Mobile Safari/537.36 (compatible; Googlebot/2.1; +http://www.google.com/bot.html)"
192.178.6.166 - - [29/Aug/2026:01:40:31 +0000] "GET /area/mississauga/interlock-sealing/ HTTP/1.1" 200 16311 "-" "Mozilla/5.0 (Linux; Android 6.0.1; Nexus 5X Build/MMB29P) AppleWebKit/537.36 (KHTML, like Gecko) Chrome/151.0.7922.173 Mobile Safari/537.36 (compatible; Googlebot/2.1; +http://www.google.com/bot.html)"
104.165.75.21 - - [29/Aug/2026:01:40:33 +0000] "GET / HTTP/1.1" 200 19036 "-" "Mozilla/5.0 (compatible; Baiduspider/2.0; +http://www.baidu.com/search/spider.html)"
103.170.233.185 - - [29/Aug/2026:01:41:38 +0000] "POST /wp-content/plugins/admin-site-enhancements/admin-site-enhancements.php HTTP/1.1" 200 224 "https://sealall.ca/wp-content/plugins/admin-site-enhancements/admin-site-enhancements.php" "Mozilla/5.0 (Windows NT 10.0; Win64; x64) AppleWebKit/537.36 (KHTML, like Gecko) Chrome/151.0.0.0 Safari/537.36"
15.235.96.76 - - [29/Aug/2026:01:41:40 +0000] "GET /robots.txt HTTP/1.1" 200 342 "-" "Mozilla/5.0 (compatible; AhrefsBot/7.0; +http://ahrefs.com/robot/)"
167.114.139.84 - - [29/Aug/2026:01:41:42 +0000] "GET /sitemap_index.xml HTTP/1.1" 200 568 "-" "Mozilla/5.0 (compatible; AhrefsBot/7.0; +http://ahrefs.com/robot/)"
185.233.100.23 - - [29/Aug/2026:01:41:56 +0000] "GET /favicon.ico HTTP/1.1" 302 361 "-" "Mozilla/5.0 (Linux; Android 10; K) AppleWebKit/537.36 (KHTML, like Gecko) Chrome/145.0.0.0 Mobile Safari/537.36"
203.55.81.2 - - [29/Aug/2026:01:42:02 +0000] "GET /wp-content/uploads/2025/11/cropped-SealAll-Stone-Restoration_FAW-32x32.webp HTTP/1.1" 200 834 "https://www.sealall.ca/favicon.ico" "Mozilla/5.0 (Linux; Android 10; K) AppleWebKit/537.36 (KHTML, like Gecko) Chrome/145.0.0.0 Mobile Safari/537.36"
103.170.233.185 - - [29/Aug/2026:01:42:44 +0000] "GET /wp-content/plugins/admin-site-enhancements/goods.php HTTP/1.1" 200 4838 "-" "Mozilla/5.0 (Windows NT 10.0; Win64; x64) AppleWebKit/537.36 (KHTML, like Gecko) Chrome/151.0.0.0 Safari/537.36"
138.246.253.24 - - [29/Aug/2026:01:43:43 +0000] "GET /robots.txt HTTP/1.1" 200 475 "-" "Mozilla/5.0 (Windows NT 10.0; Win64; x64) AppleWebKit/537.36 (KHTML, like Gecko) Chrome/103.0.5060.134 Safari/537.36"
100.48.72.102 - - [29/Aug/2026:01:44:05 +0000] "GET /mississauga/wp-content/uploads/sites/2/2021/06/Interlock-repairs-1.jpeg HTTP/1.1" 301 361 "-" "Mozilla/5.0 (Windows NT 10.0; Win64; x64) AppleWebKit/537.36 (KHTML, like Gecko) Chrome/120.0.0.0 Safari/537.36"
100.48.72.102 - - [29/Aug/2026:01:44:05 +0000] "GET /gallery/ HTTP/1.1" 301 361 "-" "Mozilla/5.0 (Windows NT 10.0; Win64; x64) AppleWebKit/537.36 (KHTML, like Gecko) Chrome/120.0.0.0 Safari/537.36"
100.48.72.102 - - [29/Aug/2026:01:44:05 +0000] "GET /gallery/ HTTP/1.1" 200 17535 "-" "Mozilla/5.0 (Windows NT 10.0; Win64; x64) AppleWebKit/537.36 (KHTML, like Gecko) Chrome/120.0.0.0 Safari/537.36"
100.48.72.102 - - [29/Aug/2026:01:44:15 +0000] "GET /mississauga/wp-content/uploads/sites/2/2021/06/Interlock-repairs.jpeg HTTP/1.1" 301 361 "-" "Mozilla/5.0 (Windows NT 10.0; Win64; x64) AppleWebKit/537.36 (KHTML, like Gecko) Chrome/120.0.0.0 Safari/537.36"
100.48.72.102 - - [29/Aug/2026:01:44:15 +0000] "GET /gallery/ HTTP/1.1" 301 361 "-" "Mozilla/5.0 (Windows NT 10.0; Win64; x64) AppleWebKit/537.36 (KHTML, like Gecko) Chrome/120.0.0.0 Safari/537.36"
100.48.72.102 - - [29/Aug/2026:01:44:15 +0000] "GET /gallery/ HTTP/1.1" 200 17535 "-" "Mozilla/5.0 (Windows NT 10.0; Win64; x64) AppleWebKit/537.36 (KHTML, like Gecko) Chrome/120.0.0.0 Safari/537.36"
100.48.72.102 - - [29/Aug/2026:01:44:20 +0000] "GET /mississauga/wp-content/uploads/sites/2/2021/06/interlock-repairs-mississauga.jpg HTTP/1.1" 301 361 "-" "Mozilla/5.0 (Windows NT 10.0; Win64; x64) AppleWebKit/537.36 (KHTML, like Gecko) Chrome/120.0.0.0 Safari/537.36"
100.48.72.102 - - [29/Aug/2026:01:44:20 +0000] "GET /gallery/ HTTP/1.1" 301 361 "-" "Mozilla/5.0 (Windows NT 10.0; Win64; x64) AppleWebKit/537.36 (KHTML, like Gecko) Chrome/120.0.0.0 Safari/537.36"
100.48.72.102 - - [29/Aug/2026:01:44:20 +0000] "GET /gallery/ HTTP/1.1" 200 17535 "-" "Mozilla/5.0 (Windows NT 10.0; Win64; x64) AppleWebKit/537.36 (KHTML, like Gecko) Chrome/120.0.0.0 Safari/537.36"
40.77.167.74 - - [29/Aug/2026:01:44:41 +0000] "GET /area/stratford/driveway-sealing/ HTTP/1.1" 200 19195 "-" "Mozilla/5.0 AppleWebKit/537.36 (KHTML, like Gecko; compatible; bingbot/2.0; +http://www.bing.com/bingbot.htm) Chrome/116.0.1938.76 Safari/537.36"
178.20.55.16 - - [29/Aug/2026:01:44:49 +0000] "GET / HTTP/1.1" 301 361 "-" "Mozilla/5.0 (Linux; Android 10; K) AppleWebKit/537.36 (KHTML, like Gecko) Chrome/145.0.0.0 Mobile Safari/537.36"
203.55.81.1 - - [29/Aug/2026:01:44:54 +0000] "GET / HTTP/1.1" 200 16161 "-" "Mozilla/5.0 (Linux; Android 10; K) AppleWebKit/537.36 (KHTML, like Gecko) Chrome/145.0.0.0 Mobile Safari/537.36"
203.55.81.1 - - [29/Aug/2026:01:44:55 +0000] "GET /wp-content/litespeed/css/1635f59bb978c3616462ec2891874b40.css?ver=4e446 HTTP/1.1" 200 28075 "https://sealall.ca/" "Mozilla/5.0 (Linux; Android 10; K) AppleWebKit/537.36 (KHTML, like Gecko) Chrome/145.0.0.0 Mobile Safari/537.36"
203.55.81.1 - - [29/Aug/2026:01:44:55 +0000] "GET /wp-includes/js/dist/script-modules/interactivity/index.min.js?ver=efaa5193bbad9c60ffd1 HTTP/1.1" 200 15205 "https://sealall.ca/" "Mozilla/5.0 (Linux; Android 10; K) AppleWebKit/537.36 (KHTML, like Gecko) Chrome/145.0.0.0 Mobile Safari/537.36"
203.55.81.1 - - [29/Aug/2026:01:44:55 +0000] "POST /wp-content/plugins/litespeed-cache/guest.vary.php HTTP/1.1" 200 36 "https://sealall.ca/" "Mozilla/5.0 (Linux; Android 10; K) AppleWebKit/537.36 (KHTML, like Gecko) Chrome/145.0.0.0 Mobile Safari/537.36"
203.55.81.1 - - [29/Aug/2026:01:44:56 +0000] "GET /wp-includes/js/dist/script-modules/block-library/navigation/view.min.js?ver=96a846e1d7b789c39ab9 HTTP/1.1" 200 1119 "https://sealall.ca/" "Mozilla/5.0 (Linux; Android 10; K) AppleWebKit/537.36 (KHTML, like Gecko) Chrome/145.0.0.0 Mobile Safari/537.36"
203.55.81.1 - - [29/Aug/2026:01:44:56 +0000] "GET / HTTP/1.1" 200 16380 "https://sealall.ca/" "Mozilla/5.0 (Linux; Android 10; K) AppleWebKit/537.36 (KHTML, like Gecko) Chrome/145.0.0.0 Mobile Safari/537.36"
203.55.81.1 - - [29/Aug/2026:01:44:57 +0000] "GET /wp-content/uploads/automatic-css/automatic.css HTTP/1.1" 200 29342 "https://sealall.ca/" "Mozilla/5.0 (Linux; Android 10; K) AppleWebKit/537.36 (KHTML, like Gecko) Chrome/145.0.0.0 Mobile Safari/537.36"
203.55.81.1 - - [29/Aug/2026:01:44:57 +0000] "GET /wp-content/uploads/automatic-css/automatic-gutenberg.css HTTP/1.1" 200 999 "https://sealall.ca/" "Mozilla/5.0 (Linux; Android 10; K) AppleWebKit/537.36 (KHTML, like Gecko) Chrome/145.0.0.0 Mobile Safari/537.36"
185.34.33.2 - - [29/Aug/2026:01:44:57 +0000] "GET /wp-content/plugins/mousewheel-smooth-scroll/js/lenis.min.js HTTP/1.1" 200 3974 "https://sealall.ca/" "Mozilla/5.0 (Linux; Android 10; K) AppleWebKit/537.36 (KHTML, like Gecko) Chrome/145.0.0.0 Mobile Safari/537.36"
