62.60.130.210 - - [29/Aug/2026:01:21:43 +0000] "POST /wp-login.php HTTP/1.1" 200 2844 "https://sealall.ca/wp-login.php" "Mozilla/5.0 (Windows NT 11.0; Win64; x64) AppleWebKit/537.36 (KHTML, like Gecko) Chrome/119.0.6045.159 Safari/537.36"
62.60.130.210 - - [29/Aug/2026:01:21:44 +0000] "GET /wp-admin/index.php HTTP/1.1" 302 361 "https://sealall.ca/wp-login.php" "Mozilla/5.0 (Windows NT 11.0; Win64; x64) AppleWebKit/537.36 (KHTML, like Gecko) Chrome/119.0.6045.159 Safari/537.36"
62.60.130.210 - - [29/Aug/2026:01:21:44 +0000] "GET /wp-login.php?redirect_to=https%3A%2F%2Fsealall.ca%2Fwp-admin%2Findex.php&reauth=1 HTTP/1.1" 200 2686 "https://sealall.ca/wp-login.php" "Mozilla/5.0 (Windows NT 11.0; Win64; x64) AppleWebKit/537.36 (KHTML, like Gecko) Chrome/119.0.6045.159 Safari/537.36"
62.60.130.210 - - [29/Aug/2026:01:21:45 +0000] "POST /wp-login.php HTTP/1.1" 200 2844 "https://sealall.ca/wp-login.php" "Mozilla/5.0 (Windows NT 10.0; Win64; x64) AppleWebKit/537.36 (KHTML, like Gecko) Chrome/121.0.0.0 Safari/537.36 Edg/121.0.2277.83"
62.60.130.210 - - [29/Aug/2026:01:21:45 +0000] "GET /wp-admin/index.php HTTP/1.1" 302 361 "https://sealall.ca/wp-login.php" "Mozilla/5.0 (Windows NT 10.0; Win64; x64) AppleWebKit/537.36 (KHTML, like Gecko) Chrome/121.0.0.0 Safari/537.36 Edg/121.0.2277.83"
62.60.130.210 - - [29/Aug/2026:01:21:45 +0000] "GET /wp-login.php?redirect_to=https%3A%2F%2Fsealall.ca%2Fwp-admin%2Findex.php&reauth=1 HTTP/1.1" 200 2686 "https://sealall.ca/wp-login.php" "Mozilla/5.0 (Windows NT 10.0; Win64; x64) AppleWebKit/537.36 (KHTML, like Gecko) Chrome/121.0.0.0 Safari/537.36 Edg/121.0.2277.83"
62.60.130.210 - - [29/Aug/2026:01:21:46 +0000] "POST /wp-login.php HTTP/1.1" 200 2840 "https://sealall.ca/wp-login.php" "Mozilla/5.0 (Macintosh; Intel Mac OS X 11_7_2) AppleWebKit/605.1.15 (KHTML, like Gecko) Version/17.2.1 Safari/605.1.15"
62.60.130.210 - - [29/Aug/2026:01:21:46 +0000] "GET /wp-admin/index.php HTTP/1.1" 302 361 "https://sealall.ca/wp-login.php" "Mozilla/5.0 (Macintosh; Intel Mac OS X 11_7_2) AppleWebKit/605.1.15 (KHTML, like Gecko) Version/17.2.1 Safari/605.1.15"
62.60.130.210 - - [29/Aug/2026:01:21:47 +0000] "GET /wp-login.php?redirect_to=https%3A%2F%2Fsealall.ca%2Fwp-admin%2Findex.php&reauth=1 HTTP/1.1" 200 2686 "https://sealall.ca/wp-login.php" "Mozilla/5.0 (Macintosh; Intel Mac OS X 11_7_2) AppleWebKit/605.1.15 (KHTML, like Gecko) Version/17.2.1 Safari/605.1.15"
35.169.102.85 - - [29/Aug/2026:01:21:47 +0000] "GET /reviews/embed/ HTTP/1.1" 200 6261 "-" "Mozilla/5.0 AppleWebKit/537.36 (KHTML, like Gecko; compatible; Amazonbot/0.1; +https://developer.amazon.com/support/amazonbot) Chrome/119.0.6045.214 Safari/537.36"
62.60.130.210 - - [29/Aug/2026:01:21:48 +0000] "POST /wp-login.php HTTP/1.1" 200 2842 "https://sealall.ca/wp-login.php" "Mozilla/5.0 (Macintosh; Intel Mac OS X 13_6_2) AppleWebKit/537.36 (KHTML, like Gecko) Chrome/120.0.6099.130 Safari/537.36"
62.60.130.210 - - [29/Aug/2026:01:21:48 +0000] "GET /wp-admin/index.php HTTP/1.1" 302 361 "https://sealall.ca/wp-login.php" "Mozilla/5.0 (Macintosh; Intel Mac OS X 13_6_2) AppleWebKit/537.36 (KHTML, like Gecko) Chrome/120.0.6099.130 Safari/537.36"
62.60.130.210 - - [29/Aug/2026:01:21:48 +0000] "GET /wp-login.php?redirect_to=https%3A%2F%2Fsealall.ca%2Fwp-admin%2Findex.php&reauth=1 HTTP/1.1" 200 2686 "https://sealall.ca/wp-login.php" "Mozilla/5.0 (Macintosh; Intel Mac OS X 13_6_2) AppleWebKit/537.36 (KHTML, like Gecko) Chrome/120.0.6099.130 Safari/537.36"
62.60.130.210 - - [29/Aug/2026:01:21:49 +0000] "POST /wp-login.php HTTP/1.1" 200 2841 "https://sealall.ca/wp-login.php" "Mozilla/5.0 (Windows NT 11.0; Win64; x64) AppleWebKit/537.36 (KHTML, like Gecko) Chrome/121.0.6167.85 Safari/537.36"
62.60.130.210 - - [29/Aug/2026:01:21:49 +0000] "GET /wp-admin/index.php HTTP/1.1" 302 361 "https://sealall.ca/wp-login.php" "Mozilla/5.0 (Windows NT 11.0; Win64; x64) AppleWebKit/537.36 (KHTML, like Gecko) Chrome/121.0.6167.85 Safari/537.36"
62.60.130.210 - - [29/Aug/2026:01:21:49 +0000] "GET /wp-login.php?redirect_to=https%3A%2F%2Fsealall.ca%2Fwp-admin%2Findex.php&reauth=1 HTTP/1.1" 200 2686 "https://sealall.ca/wp-login.php" "Mozilla/5.0 (Windows NT 11.0; Win64; x64) AppleWebKit/537.36 (KHTML, like Gecko) Chrome/121.0.6167.85 Safari/537.36"
62.60.130.210 - - [29/Aug/2026:01:21:51 +0000] "POST /wp-login.php HTTP/1.1" 200 2844 "https://sealall.ca/wp-login.php" "Mozilla/5.0 (Windows NT 10.0; Win64; x64) AppleWebKit/537.36 (KHTML, like Gecko) Chrome/121.0.0.0 Safari/537.36 Edg/121.0.2277.83"
62.60.130.210 - - [29/Aug/2026:01:21:51 +0000] "GET /wp-admin/index.php HTTP/1.1" 302 361 "https://sealall.ca/wp-login.php" "Mozilla/5.0 (Windows NT 10.0; Win64; x64) AppleWebKit/537.36 (KHTML, like Gecko) Chrome/121.0.0.0 Safari/537.36 Edg/121.0.2277.83"
23.22.105.143 - - [29/Aug/2026:01:21:51 +0000] "GET /area/woodbridge/commercial-services/ HTTP/1.1" 200 19227 "-" "Mozilla/5.0 AppleWebKit/537.36 (KHTML, like Gecko; compatible; Amazonbot/0.1; +https://developer.amazon.com/support/amazonbot) Chrome/119.0.6045.214 Safari/537.36"
62.60.130.210 - - [29/Aug/2026:01:21:51 +0000] "GET /wp-login.php?redirect_to=https%3A%2F%2Fsealall.ca%2Fwp-admin%2Findex.php&reauth=1 HTTP/1.1" 200 2686 "https://sealall.ca/wp-login.php" "Mozilla/5.0 (Windows NT 10.0; Win64; x64) AppleWebKit/537.36 (KHTML, like Gecko) Chrome/121.0.0.0 Safari/537.36 Edg/121.0.2277.83"
62.60.130.210 - - [29/Aug/2026:01:21:52 +0000] "POST /wp-login.php HTTP/1.1" 200 2841 "https://sealall.ca/wp-login.php" "Mozilla/5.0 (Windows NT 10.0; Win64; x64) Gecko/20100101 Firefox/120.0.1"
62.60.130.210 - - [29/Aug/2026:01:21:52 +0000] "GET /wp-admin/index.php HTTP/1.1" 302 361 "https://sealall.ca/wp-login.php" "Mozilla/5.0 (Windows NT 10.0; Win64; x64) Gecko/20100101 Firefox/120.0.1"
62.60.130.210 - - [29/Aug/2026:01:21:52 +0000] "GET /wp-login.php?redirect_to=https%3A%2F%2Fsealall.ca%2Fwp-admin%2Findex.php&reauth=1 HTTP/1.1" 200 2686 "https://sealall.ca/wp-login.php" "Mozilla/5.0 (Windows NT 10.0; Win64; x64) Gecko/20100101 Firefox/120.0.1"
62.60.130.210 - - [29/Aug/2026:01:21:53 +0000] "POST /wp-login.php HTTP/1.1" 200 2844 "https://sealall.ca/wp-login.php" "Mozilla/5.0 (Windows NT 10.0; Win64; x64) AppleWebKit/537.36 (KHTML, like Gecko) Chrome/121.0.0.0 Safari/537.36 Edg/121.0.2277.83"
62.60.130.210 - - [29/Aug/2026:01:21:53 +0000] "GET /wp-admin/index.php HTTP/1.1" 302 361 "https://sealall.ca/wp-login.php" "Mozilla/5.0 (Windows NT 10.0; Win64; x64) AppleWebKit/537.36 (KHTML, like Gecko) Chrome/121.0.0.0 Safari/537.36 Edg/121.0.2277.83"
62.60.130.210 - - [29/Aug/2026:01:21:54 +0000] "GET /wp-login.php?redirect_to=https%3A%2F%2Fsealall.ca%2Fwp-admin%2Findex.php&reauth=1 HTTP/1.1" 200 2686 "https://sealall.ca/wp-login.php" "Mozilla/5.0 (Windows NT 10.0; Win64; x64) AppleWebKit/537.36 (KHTML, like Gecko) Chrome/121.0.0.0 Safari/537.36 Edg/121.0.2277.83"
62.60.130.210 - - [29/Aug/2026:01:21:54 +0000] "POST /wp-login.php HTTP/1.1" 200 2843 "https://sealall.ca/wp-login.php" "Mozilla/5.0 (Macintosh; Intel Mac OS X 10_15_7) AppleWebKit/605.1.15 (KHTML, like Gecko) Version/17.2.1 Safari/605.1.15"
62.60.130.210 - - [29/Aug/2026:01:21:55 +0000] "GET /wp-admin/index.php HTTP/1.1" 302 361 "https://sealall.ca/wp-login.php" "Mozilla/5.0 (Macintosh; Intel Mac OS X 10_15_7) AppleWebKit/605.1.15 (KHTML, like Gecko) Version/17.2.1 Safari/605.1.15"
62.60.130.210 - - [29/Aug/2026:01:21:55 +0000] "GET /wp-login.php?redirect_to=https%3A%2F%2Fsealall.ca%2Fwp-admin%2Findex.php&reauth=1 HTTP/1.1" 200 2686 "https://sealall.ca/wp-login.php" "Mozilla/5.0 (Macintosh; Intel Mac OS X 10_15_7) AppleWebKit/605.1.15 (KHTML, like Gecko) Version/17.2.1 Safari/605.1.15"
54.83.56.1 - - [29/Aug/2026:01:21:55 +0000] "GET /area/blue-mountains/concrete-sealing/ HTTP/1.1" 200 19191 "-" "Mozilla/5.0 AppleWebKit/537.36 (KHTML, like Gecko; compatible; Amazonbot/0.1; +https://developer.amazon.com/support/amazonbot) Chrome/119.0.6045.214 Safari/537.36"
62.60.130.210 - - [29/Aug/2026:01:21:56 +0000] "POST /wp-login.php HTTP/1.1" 200 2844 "https://sealall.ca/wp-login.php" "Mozilla/5.0 (Windows NT 11.0; Win64; x64) AppleWebKit/537.36 (KHTML, like Gecko) Chrome/118.0.5993.88 Safari/537.36"
62.60.130.210 - - [29/Aug/2026:01:21:56 +0000] "GET /wp-admin/index.php HTTP/1.1" 302 361 "https://sealall.ca/wp-login.php" "Mozilla/5.0 (Windows NT 11.0; Win64; x64) AppleWebKit/537.36 (KHTML, like Gecko) Chrome/118.0.5993.88 Safari/537.36"
62.60.130.210 - - [29/Aug/2026:01:21:56 +0000] "GET /wp-login.php?redirect_to=https%3A%2F%2Fsealall.ca%2Fwp-admin%2Findex.php&reauth=1 HTTP/1.1" 200 2686 "https://sealall.ca/wp-login.php" "Mozilla/5.0 (Windows NT 11.0; Win64; x64) AppleWebKit/537.36 (KHTML, like Gecko) Chrome/118.0.5993.88 Safari/537.36"
62.60.130.210 - - [29/Aug/2026:01:21:57 +0000] "POST /wp-login.php HTTP/1.1" 200 2841 "https://sealall.ca/wp-login.php" "Mozilla/5.0 (X11; Linux x86_64) Gecko/20100101 Firefox/120.0.1"
62.60.130.210 - - [29/Aug/2026:01:21:58 +0000] "GET /wp-admin/index.php HTTP/1.1" 302 361 "https://sealall.ca/wp-login.php" "Mozilla/5.0 (X11; Linux x86_64) Gecko/20100101 Firefox/120.0.1"
62.60.130.210 - - [29/Aug/2026:01:21:58 +0000] "GET /wp-login.php?redirect_to=https%3A%2F%2Fsealall.ca%2Fwp-admin%2Findex.php&reauth=1 HTTP/1.1" 200 2686 "https://sealall.ca/wp-login.php" "Mozilla/5.0 (X11; Linux x86_64) Gecko/20100101 Firefox/120.0.1"
62.60.130.210 - - [29/Aug/2026:01:21:59 +0000] "POST /wp-login.php HTTP/1.1" 200 2842 "https://sealall.ca/wp-login.php" "Mozilla/5.0 (X11; Ubuntu; Linux x86_64) AppleWebKit/537.36 (KHTML, like Gecko) Chrome/120.0.6099.130 Safari/537.36"
62.60.130.210 - - [29/Aug/2026:01:21:59 +0000] "GET /wp-admin/index.php HTTP/1.1" 302 361 "https://sealall.ca/wp-login.php" "Mozilla/5.0 (X11; Ubuntu; Linux x86_64) AppleWebKit/537.36 (KHTML, like Gecko) Chrome/120.0.6099.130 Safari/537.36"
62.60.130.210 - - [29/Aug/2026:01:21:59 +0000] "GET /wp-login.php?redirect_to=https%3A%2F%2Fsealall.ca%2Fwp-admin%2Findex.php&reauth=1 HTTP/1.1" 200 2686 "https://sealall.ca/wp-login.php" "Mozilla/5.0 (X11; Ubuntu; Linux x86_64) AppleWebKit/537.36 (KHTML, like Gecko) Chrome/120.0.6099.130 Safari/537.36"
52.44.148.203 - - [29/Aug/2026:01:21:59 +0000] "GET /area/bowmanville/interlock-sealing/ HTTP/1.1" 200 19190 "-" "Mozilla/5.0 AppleWebKit/537.36 (KHTML, like Gecko; compatible; Amazonbot/0.1; +https://developer.amazon.com/support/amazonbot) Chrome/119.0.6045.214 Safari/537.36"
62.60.130.210 - - [29/Aug/2026:01:22:00 +0000] "POST /wp-login.php HTTP/1.1" 200 2841 "https://sealall.ca/wp-login.php" "Mozilla/5.0 (Macintosh; Intel Mac OS X 10_15_7) AppleWebKit/537.36 (KHTML, like Gecko) Chrome/121.0.6167.85 Safari/537.36"
62.60.130.210 - - [29/Aug/2026:01:22:00 +0000] "GET /wp-admin/index.php HTTP/1.1" 302 361 "https://sealall.ca/wp-login.php" "Mozilla/5.0 (Macintosh; Intel Mac OS X 10_15_7) AppleWebKit/537.36 (KHTML, like Gecko) Chrome/121.0.6167.85 Safari/537.36"
62.60.130.210 - - [29/Aug/2026:01:22:01 +0000] "GET /wp-login.php?redirect_to=https%3A%2F%2Fsealall.ca%2Fwp-admin%2Findex.php&reauth=1 HTTP/1.1" 200 2686 "https://sealall.ca/wp-login.php" "Mozilla/5.0 (Macintosh; Intel Mac OS X 10_15_7) AppleWebKit/537.36 (KHTML, like Gecko) Chrome/121.0.6167.85 Safari/537.36"
62.60.130.210 - - [29/Aug/2026:01:22:01 +0000] "POST /wp-login.php HTTP/1.1" 200 2848 "https://sealall.ca/wp-login.php" "Mozilla/5.0 (X11; Linux x86_64) AppleWebKit/537.36 (KHTML, like Gecko) Chrome/121.0.6167.85 Safari/537.36"
62.60.130.210 - - [29/Aug/2026:01:22:02 +0000] "GET /wp-admin/index.php HTTP/1.1" 302 361 "https://sealall.ca/wp-login.php" "Mozilla/5.0 (X11; Linux x86_64) AppleWebKit/537.36 (KHTML, like Gecko) Chrome/121.0.6167.85 Safari/537.36"
62.60.130.210 - - [29/Aug/2026:01:22:02 +0000] "GET /wp-login.php?redirect_to=https%3A%2F%2Fsealall.ca%2Fwp-admin%2Findex.php&reauth=1 HTTP/1.1" 200 2686 "https://sealall.ca/wp-login.php" "Mozilla/5.0 (X11; Linux x86_64) AppleWebKit/537.36 (KHTML, like Gecko) Chrome/121.0.6167.85 Safari/537.36"
62.60.130.210 - - [29/Aug/2026:01:22:03 +0000] "POST /wp-login.php HTTP/1.1" 200 2841 "https://sealall.ca/wp-login.php" "Mozilla/5.0 (Windows NT 10.0; Win64; x64) Gecko/20100101 Firefox/121.0"
62.60.130.210 - - [29/Aug/2026:01:22:03 +0000] "GET /wp-admin/index.php HTTP/1.1" 302 361 "https://sealall.ca/wp-login.php" "Mozilla/5.0 (Windows NT 10.0; Win64; x64) Gecko/20100101 Firefox/121.0"
3.224.104.67 - - [29/Aug/2026:01:22:03 +0000] "GET /area/port-perry/interlock-sealing/ HTTP/1.1" 200 19190 "-" "Mozilla/5.0 AppleWebKit/537.36 (KHTML, like Gecko; compatible; Amazonbot/0.1; +https://developer.amazon.com/support/amazonbot) Chrome/119.0.6045.214 Safari/537.36"
62.60.130.210 - - [29/Aug/2026:01:22:03 +0000] "GET /wp-login.php?redirect_to=https%3A%2F%2Fsealall.ca%2Fwp-admin%2Findex.php&reauth=1 HTTP/1.1" 200 2686 "https://sealall.ca/wp-login.php" "Mozilla/5.0 (Windows NT 10.0; Win64; x64) Gecko/20100101 Firefox/121.0"
62.60.130.210 - - [29/Aug/2026:01:22:04 +0000] "POST /wp-login.php HTTP/1.1" 200 2841 "https://sealall.ca/wp-login.php" "Mozilla/5.0 (Windows NT 10.0; Win64; x64) AppleWebKit/537.36 (KHTML, like Gecko) Chrome/119.0.6045.159 Safari/537.36"
62.60.130.210 - - [29/Aug/2026:01:22:04 +0000] "GET /wp-admin/index.php HTTP/1.1" 302 361 "https://sealall.ca/wp-login.php" "Mozilla/5.0 (Windows NT 10.0; Win64; x64) AppleWebKit/537.36 (KHTML, like Gecko) Chrome/119.0.6045.159 Safari/537.36"
62.60.130.210 - - [29/Aug/2026:01:22:05 +0000] "GET /wp-login.php?redirect_to=https%3A%2F%2Fsealall.ca%2Fwp-admin%2Findex.php&reauth=1 HTTP/1.1" 200 2686 "https://sealall.ca/wp-login.php" "Mozilla/5.0 (Windows NT 10.0; Win64; x64) AppleWebKit/537.36 (KHTML, like Gecko) Chrome/119.0.6045.159 Safari/537.36"
62.60.130.210 - - [29/Aug/2026:01:22:06 +0000] "POST /wp-login.php HTTP/1.1" 200 2844 "https://sealall.ca/wp-login.php" "Mozilla/5.0 (Macintosh; Intel Mac OS X 10_15_7) AppleWebKit/605.1.15 (KHTML, like Gecko) Version/17.2.1 Safari/605.1.15"
62.60.130.210 - - [29/Aug/2026:01:22:06 +0000] "GET /wp-admin/index.php HTTP/1.1" 302 361 "https://sealall.ca/wp-login.php" "Mozilla/5.0 (Macintosh; Intel Mac OS X 10_15_7) AppleWebKit/605.1.15 (KHTML, like Gecko) Version/17.2.1 Safari/605.1.15"
62.60.130.210 - - [29/Aug/2026:01:22:06 +0000] "GET /wp-login.php?redirect_to=https%3A%2F%2Fsealall.ca%2Fwp-admin%2Findex.php&reauth=1 HTTP/1.1" 200 2686 "https://sealall.ca/wp-login.php" "Mozilla/5.0 (Macintosh; Intel Mac OS X 10_15_7) AppleWebKit/605.1.15 (KHTML, like Gecko) Version/17.2.1 Safari/605.1.15"
62.60.130.210 - - [29/Aug/2026:01:22:07 +0000] "POST /wp-login.php HTTP/1.1" 200 2839 "https://sealall.ca/wp-login.php" "Mozilla/5.0 (Macintosh; Intel Mac OS X 10_15_7) AppleWebKit/537.36 (KHTML, like Gecko) Chrome/120.0.6099.130 Safari/537.36"
62.60.130.210 - - [29/Aug/2026:01:22:07 +0000] "GET /wp-admin/index.php HTTP/1.1" 302 361 "https://sealall.ca/wp-login.php" "Mozilla/5.0 (Macintosh; Intel Mac OS X 10_15_7) AppleWebKit/537.36 (KHTML, like Gecko) Chrome/120.0.6099.130 Safari/537.36"
62.60.130.210 - - [29/Aug/2026:01:22:08 +0000] "GET /wp-login.php?redirect_to=https%3A%2F%2Fsealall.ca%2Fwp-admin%2Findex.php&reauth=1 HTTP/1.1" 200 2686 "https://sealall.ca/wp-login.php" "Mozilla/5.0 (Macintosh; Intel Mac OS X 10_15_7) AppleWebKit/537.36 (KHTML, like Gecko) Chrome/120.0.6099.130 Safari/537.36"
62.60.130.210 - - [29/Aug/2026:01:22:08 +0000] "POST /wp-login.php HTTP/1.1" 200 2841 "https://sealall.ca/wp-login.php" "Mozilla/5.0 (Macintosh; Intel Mac OS X 10.15) Gecko/20100101 Firefox/120.0.1"
62.60.130.210 - - [29/Aug/2026:01:22:09 +0000] "GET /wp-admin/index.php HTTP/1.1" 302 361 "https://sealall.ca/wp-login.php" "Mozilla/5.0 (Macintosh; Intel Mac OS X 10.15) Gecko/20100101 Firefox/120.0.1"
62.60.130.210 - - [29/Aug/2026:01:22:09 +0000] "GET /wp-login.php?redirect_to=https%3A%2F%2Fsealall.ca%2Fwp-admin%2Findex.php&reauth=1 HTTP/1.1" 200 2686 "https://sealall.ca/wp-login.php" "Mozilla/5.0 (Macintosh; Intel Mac OS X 10.15) Gecko/20100101 Firefox/120.0.1"
62.60.130.210 - - [29/Aug/2026:01:22:10 +0000] "POST /wp-login.php HTTP/1.1" 200 2844 "https://sealall.ca/wp-login.php" "Mozilla/5.0 (X11; Ubuntu; Linux x86_64) AppleWebKit/537.36 (KHTML, like Gecko) Chrome/121.0.6167.85 Safari/537.36"
62.60.130.210 - - [29/Aug/2026:01:22:10 +0000] "GET /wp-admin/index.php HTTP/1.1" 302 361 "https://sealall.ca/wp-login.php" "Mozilla/5.0 (X11; Ubuntu; Linux x86_64) AppleWebKit/537.36 (KHTML, like Gecko) Chrome/121.0.6167.85 Safari/537.36"
62.60.130.210 - - [29/Aug/2026:01:22:10 +0000] "GET /wp-login.php?redirect_to=https%3A%2F%2Fsealall.ca%2Fwp-admin%2Findex.php&reauth=1 HTTP/1.1" 200 2686 "https://sealall.ca/wp-login.php" "Mozilla/5.0 (X11; Ubuntu; Linux x86_64) AppleWebKit/537.36 (KHTML, like Gecko) Chrome/121.0.6167.85 Safari/537.36"
62.60.130.210 - - [29/Aug/2026:01:22:11 +0000] "POST /wp-login.php HTTP/1.1" 200 2843 "https://sealall.ca/wp-login.php" "Mozilla/5.0 (Macintosh; Intel Mac OS X 10_15_7) AppleWebKit/537.36 (KHTML, like Gecko) Chrome/120.0.6099.130 Safari/537.36"
62.60.130.210 - - [29/Aug/2026:01:22:12 +0000] "GET /wp-admin/index.php HTTP/1.1" 302 361 "https://sealall.ca/wp-login.php" "Mozilla/5.0 (Macintosh; Intel Mac OS X 10_15_7) AppleWebKit/537.36 (KHTML, like Gecko) Chrome/120.0.6099.130 Safari/537.36"
62.60.130.210 - - [29/Aug/2026:01:22:12 +0000] "GET /wp-login.php?redirect_to=https%3A%2F%2Fsealall.ca%2Fwp-admin%2Findex.php&reauth=1 HTTP/1.1" 200 2686 "https://sealall.ca/wp-login.php" "Mozilla/5.0 (Macintosh; Intel Mac OS X 10_15_7) AppleWebKit/537.36 (KHTML, like Gecko) Chrome/120.0.6099.130 Safari/537.36"
62.60.130.210 - - [29/Aug/2026:01:22:13 +0000] "POST /wp-login.php HTTP/1.1" 200 2841 "https://sealall.ca/wp-login.php" "Mozilla/5.0 (Macintosh; Intel Mac OS X 13_6_2) AppleWebKit/537.36 (KHTML, like Gecko) Chrome/119.0.6045.159 Safari/537.36"
62.60.130.210 - - [29/Aug/2026:01:22:13 +0000] "GET /wp-admin/index.php HTTP/1.1" 302 361 "https://sealall.ca/wp-login.php" "Mozilla/5.0 (Macintosh; Intel Mac OS X 13_6_2) AppleWebKit/537.36 (KHTML, like Gecko) Chrome/119.0.6045.159 Safari/537.36"
62.60.130.210 - - [29/Aug/2026:01:22:13 +0000] "GET /wp-login.php?redirect_to=https%3A%2F%2Fsealall.ca%2Fwp-admin%2Findex.php&reauth=1 HTTP/1.1" 200 2686 "https://sealall.ca/wp-login.php" "Mozilla/5.0 (Macintosh; Intel Mac OS X 13_6_2) AppleWebKit/537.36 (KHTML, like Gecko) Chrome/119.0.6045.159 Safari/537.36"
62.60.130.210 - - [29/Aug/2026:01:22:14 +0000] "POST /wp-login.php HTTP/1.1" 200 2845 "https://sealall.ca/wp-login.php" "Mozilla/5.0 (Windows NT 10.0; Win64; x64) AppleWebKit/537.36 (KHTML, like Gecko) Chrome/122.0.6261.57 Safari/537.36"
62.60.130.210 - - [29/Aug/2026:01:22:14 +0000] "GET /wp-admin/index.php HTTP/1.1" 302 361 "https://sealall.ca/wp-login.php" "Mozilla/5.0 (Windows NT 10.0; Win64; x64) AppleWebKit/537.36 (KHTML, like Gecko) Chrome/122.0.6261.57 Safari/537.36"
62.60.130.210 - - [29/Aug/2026:01:22:14 +0000] "GET /wp-login.php?redirect_to=https%3A%2F%2Fsealall.ca%2Fwp-admin%2Findex.php&reauth=1 HTTP/1.1" 200 2686 "https://sealall.ca/wp-login.php" "Mozilla/5.0 (Windows NT 10.0; Win64; x64) AppleWebKit/537.36 (KHTML, like Gecko) Chrome/122.0.6261.57 Safari/537.36"
62.60.130.210 - - [29/Aug/2026:01:22:15 +0000] "POST /wp-login.php HTTP/1.1" 200 2844 "https://sealall.ca/wp-login.php" "Mozilla/5.0 (Windows NT 11.0; Win64; x64) AppleWebKit/537.36 (KHTML, like Gecko) Chrome/121.0.6167.85 Safari/537.36"
62.60.130.210 - - [29/Aug/2026:01:22:15 +0000] "GET /wp-admin/index.php HTTP/1.1" 302 361 "https://sealall.ca/wp-login.php" "Mozilla/5.0 (Windows NT 11.0; Win64; x64) AppleWebKit/537.36 (KHTML, like Gecko) Chrome/121.0.6167.85 Safari/537.36"
62.60.130.210 - - [29/Aug/2026:01:22:16 +0000] "GET /wp-login.php?redirect_to=https%3A%2F%2Fsealall.ca%2Fwp-admin%2Findex.php&reauth=1 HTTP/1.1" 200 2686 "https://sealall.ca/wp-login.php" "Mozilla/5.0 (Windows NT 11.0; Win64; x64) AppleWebKit/537.36 (KHTML, like Gecko) Chrome/121.0.6167.85 Safari/537.36"
62.60.130.210 - - [29/Aug/2026:01:22:16 +0000] "POST /wp-login.php HTTP/1.1" 200 2844 "https://sealall.ca/wp-login.php" "Mozilla/5.0 (Windows NT 10.0; Win64; x64) AppleWebKit/537.36 (KHTML, like Gecko) Chrome/119.0.0.0 Safari/537.36 Edg/119.0.2151.97"
62.60.130.210 - - [29/Aug/2026:01:22:17 +0000] "GET /wp-admin/index.php HTTP/1.1" 302 361 "https://sealall.ca/wp-login.php" "Mozilla/5.0 (Windows NT 10.0; Win64; x64) AppleWebKit/537.36 (KHTML, like Gecko) Chrome/119.0.0.0 Safari/537.36 Edg/119.0.2151.97"
62.60.130.210 - - [29/Aug/2026:01:22:17 +0000] "GET /wp-login.php?redirect_to=https%3A%2F%2Fsealall.ca%2Fwp-admin%2Findex.php&reauth=1 HTTP/1.1" 200 2686 "https://sealall.ca/wp-login.php" "Mozilla/5.0 (Windows NT 10.0; Win64; x64) AppleWebKit/537.36 (KHTML, like Gecko) Chrome/119.0.0.0 Safari/537.36 Edg/119.0.2151.97"
62.60.130.210 - - [29/Aug/2026:01:22:18 +0000] "POST /wp-login.php HTTP/1.1" 302 361 "https://sealall.ca/wp-login.php" "Mozilla/5.0 (Windows NT 10.0; Win64; x64) AppleWebKit/537.36 (KHTML, like Gecko) Chrome/119.0.0.0 Safari/537.36 Edg/119.0.2151.97"
62.60.130.210 - - [29/Aug/2026:01:22:19 +0000] "GET /wp-admin/ HTTP/1.1" 200 65207 "https://sealall.ca/wp-login.php" "Mozilla/5.0 (Windows NT 10.0; Win64; x64) AppleWebKit/537.36 (KHTML, like Gecko) Chrome/119.0.0.0 Safari/537.36 Edg/119.0.2151.97"
62.60.130.210 - - [29/Aug/2026:01:22:20 +0000] "GET /wp-admin/index.php HTTP/1.1" 200 65213 "https://sealall.ca/wp-login.php" "Mozilla/5.0 (Windows NT 10.0; Win64; x64) AppleWebKit/537.36 (KHTML, like Gecko) Chrome/119.0.0.0 Safari/537.36 Edg/119.0.2151.97"
62.60.130.210 - - [29/Aug/2026:01:22:20 +0000] "GET /wp-admin/profile.php HTTP/1.1" 200 72209 "https://sealall.ca/wp-login.php" "Mozilla/5.0 (Windows NT 10.0; Win64; x64) AppleWebKit/537.36 (KHTML, like Gecko) Chrome/119.0.0.0 Safari/537.36 Edg/119.0.2151.97"
104.164.14.199 - - [29/Aug/2026:01:23:14 +0000] "GET /wp-content/plugins/admin-site-enhancements/admin-site-enhancements.php HTTP/1.1" 200 269 "-" "Mozilla/5.0 (compatible; Baiduspider/2.0; +http://www.baidu.com/search/spider.html)"
141.148.170.179 - - [29/Aug/2026:01:23:16 +0000] "GET /area/huntsville/concrete-sealing HTTP/1.1" 200 19186 "-" "Mozilla/5.0 (X11; Linux aarch64) AppleWebKit/537.36 (KHTML, like Gecko) Chrome/139.0.0.0 Safari/537.36"
207.46.13.229 - - [29/Aug/2026:01:23:54 +0000] "GET /robots.txt HTTP/1.1" 200 342 "-" "Mozilla/5.0 AppleWebKit/537.36 (KHTML, like Gecko; compatible; bingbot/2.0; +http://www.bing.com/bingbot.htm) Chrome/116.0.1938.76 Safari/537.36"
40.77.167.63 - - [29/Aug/2026:01:23:59 +0000] "GET /service/line-painting/ HTTP/1.1" 200 19182 "-" "Mozilla/5.0 AppleWebKit/537.36 (KHTML, like Gecko; compatible; bingbot/2.0; +http://www.bing.com/bingbot.htm) Chrome/116.0.1938.76 Safari/537.36"
190.5.37.245 - - [29/Aug/2026:01:24:19 +0000] "GET /wp-content/uploads/2025/11/cropped-SealAll-Stone-Restoration_FAW-32x32.webp HTTP/1.1" 200 834 "-" "Mozilla/5.0 (Linux; Android 10; K) AppleWebKit/537.36 (KHTML, like Gecko) Chrome/149.0.0.0 Mobile Safari/537.36"
190.5.37.245 - - [29/Aug/2026:01:24:19 +0000] "GET /wp-content/uploads/2025/11/cropped-SealAll-Stone-Restoration_FAW-180x180.webp HTTP/1.1" 200 9446 "-" "Mozilla/5.0 (Linux; Android 10; K) AppleWebKit/537.36 (KHTML, like Gecko) Chrome/149.0.0.0 Mobile Safari/537.36"
190.5.37.245 - - [29/Aug/2026:01:24:20 +0000] "GET /wp-content/uploads/2025/11/cropped-SealAll-Stone-Restoration_FAW-192x192.webp HTTP/1.1" 200 10156 "-" "Mozilla/5.0 (Linux; Android 10; K) AppleWebKit/537.36 (KHTML, like Gecko) Chrome/149.0.0.0 Mobile Safari/537.36"
216.244.66.233 - - [29/Aug/2026:01:24:23 +0000] "GET /area/kitchener/stamped-concrete-sealing/ HTTP/1.1" 200 98015 "-" "Mozilla/5.0 (compatible; DotBot/1.2; +https://opensiteexplorer.org/dotbot; help@moz.com)"
129.146.230.219 - - [29/Aug/2026:01:25:42 +0000] "GET /area/acton/driveway-sealing HTTP/1.1" 200 19191 "-" "Mozilla/5.0 (X11; Linux aarch64) AppleWebKit/537.36 (KHTML, like Gecko) Chrome/139.0.0.0 Safari/537.36"
162.55.94.175 - - [29/Aug/2026:01:26:06 +0000] "GET /area/collingwood/color-restoration/ HTTP/1.1" 200 19224 "-" "SEBot-WA"
162.55.94.175 - - [29/Aug/2026:01:26:07 +0000] "GET /wp-includes/js/dist/script-modules/interactivity/index.min.js?ver=efaa5193bbad9c60ffd1 HTTP/1.1" 200 15205 "https://sealall.ca/area/collingwood/color-restoration/" "SEBot-WA"
162.55.94.175 - - [29/Aug/2026:01:26:07 +0000] "GET /wp-content/litespeed/css/1635f59bb978c3616462ec2891874b40.css?ver=4e446 HTTP/1.1" 200 28075 "https://sealall.ca/area/collingwood/color-restoration/" "SEBot-WA"
162.55.94.175 - - [29/Aug/2026:01:26:07 +0000] "GET /wp-includes/js/dist/script-modules/block-library/navigation/view.min.js?ver=96a846e1d7b789c39ab9 HTTP/1.1" 200 1119 "https://sealall.ca/area/collingwood/color-restoration/" "SEBot-WA"
162.55.94.175 - - [29/Aug/2026:01:26:07 +0000] "POST /wp-content/plugins/litespeed-cache/guest.vary.php HTTP/1.1" 200 22 "https://sealall.ca/area/collingwood/color-restoration/" "SEBot-WA"
100.27.235.246 - - [29/Aug/2026:01:27:13 +0000] "GET /newmarket/wp-content/uploads/sites/37/2021/12/sealall-1-image1.png HTTP/1.1" 301 361 "-" "Mozilla/5.0 (Windows NT 10.0; Win64; x64) AppleWebKit/537.36 (KHTML, like Gecko) Chrome/120.0.0.0 Safari/537.36"
100.27.235.246 - - [29/Aug/2026:01:27:13 +0000] "GET /newmarket/wp-content/uploads/sites/37/2020/08/Sealall-Project-Location-Map.png HTTP/1.1" 301 361 "-" "Mozilla/5.0 (Windows NT 10.0; Win64; x64) AppleWebKit/537.36 (KHTML, like Gecko) Chrome/120.0.0.0 Safari/537.36"
100.27.235.246 - - [29/Aug/2026:01:27:13 +0000] "GET /gallery/ HTTP/1.1" 301 361 "-" "Mozilla/5.0 (Windows NT 10.0; Win64; x64) AppleWebKit/537.36 (KHTML, like Gecko) Chrome/120.0.0.0 Safari/537.36"
100.27.235.246 - - [29/Aug/2026:01:27:13 +0000] "GET /gallery/ HTTP/1.1" 301 361 "-" "Mozilla/5.0 (Windows NT 10.0; Win64; x64) AppleWebKit/537.36 (KHTML, like Gecko) Chrome/120.0.0.0 Safari/537.36"
100.27.235.246 - - [29/Aug/2026:01:27:14 +0000] "GET /newmarket/wp-content/uploads/sites/37/2022/04/3.jpg HTTP/1.1" 301 361 "-" "Mozilla/5.0 (Windows NT 10.0; Win64; x64) AppleWebKit/537.36 (KHTML, like Gecko) Chrome/120.0.0.0 Safari/537.36"
216.244.66.233 - - [29/Aug/2026:01:27:14 +0000] "GET /area/aurora/interlock-repair/ HTTP/1.1" 200 97945 "-" "Mozilla/5.0 (compatible; DotBot/1.2; +https://opensiteexplorer.org/dotbot; help@moz.com)"
100.27.235.246 - - [29/Aug/2026:01:27:14 +0000] "GET /gallery/ HTTP/1.1" 301 361 "-" "Mozilla/5.0 (Windows NT 10.0; Win64; x64) AppleWebKit/537.36 (KHTML, like Gecko) Chrome/120.0.0.0 Safari/537.36"
100.27.235.246 - - [29/Aug/2026:01:27:14 +0000] "GET /gallery/ HTTP/1.1" 200 17505 "-" "Mozilla/5.0 (Windows NT 10.0; Win64; x64) AppleWebKit/537.36 (KHTML, like Gecko) Chrome/120.0.0.0 Safari/537.36"
100.27.235.246 - - [29/Aug/2026:01:27:14 +0000] "GET /gallery/ HTTP/1.1" 200 17535 "-" "Mozilla/5.0 (Windows NT 10.0; Win64; x64) AppleWebKit/537.36 (KHTML, like Gecko) Chrome/120.0.0.0 Safari/537.36"
100.27.235.246 - - [29/Aug/2026:01:27:14 +0000] "GET /gallery/ HTTP/1.1" 200 17535 "-" "Mozilla/5.0 (Windows NT 10.0; Win64; x64) AppleWebKit/537.36 (KHTML, like Gecko) Chrome/120.0.0.0 Safari/537.36"
147.224.254.247 - - [29/Aug/2026:01:27:39 +0000] "GET /?p=729 HTTP/1.1" 301 361 "-" "Mozilla/5.0 (X11; Linux aarch64) AppleWebKit/537.36 (KHTML, like Gecko) Chrome/139.0.0.0 Safari/537.36"
147.224.254.247 - - [29/Aug/2026:01:27:39 +0000] "GET /service/natural-stone-sealing/ HTTP/1.1" 200 19205 "https://sealall.ca/?p=729" "Mozilla/5.0 (X11; Linux aarch64) AppleWebKit/537.36 (KHTML, like Gecko) Chrome/139.0.0.0 Safari/537.36"
23.21.204.95 - - [29/Aug/2026:01:28:07 +0000] "GET /area/woodbridge/driveway-sealing/ HTTP/1.1" 200 19197 "-" "Mozilla/5.0 AppleWebKit/537.36 (KHTML, like Gecko; compatible; Amazonbot/0.1; +https://developer.amazon.com/support/amazonbot) Chrome/119.0.6045.214 Safari/537.36"
18.204.89.56 - - [29/Aug/2026:01:28:11 +0000] "GET /area/st-thomas/interlock-sealing/ HTTP/1.1" 200 19193 "-" "Mozilla/5.0 AppleWebKit/537.36 (KHTML, like Gecko; compatible; Amazonbot/0.1; +https://developer.amazon.com/support/amazonbot) Chrome/119.0.6045.214 Safari/537.36"
3.223.134.5 - - [29/Aug/2026:01:28:15 +0000] "GET /area/collingwood/anti-slip-coating/ HTTP/1.1" 200 19224 "-" "Mozilla/5.0 AppleWebKit/537.36 (KHTML, like Gecko; compatible; Amazonbot/0.1; +https://developer.amazon.com/support/amazonbot) Chrome/119.0.6045.214 Safari/537.36"
23.21.175.228 - - [29/Aug/2026:01:28:19 +0000] "GET /area/gravenhurst/sealer-removal/ HTTP/1.1" 200 19236 "-" "Mozilla/5.0 AppleWebKit/537.36 (KHTML, like Gecko; compatible; Amazonbot/0.1; +https://developer.amazon.com/support/amazonbot) Chrome/119.0.6045.214 Safari/537.36"
101.36.97.80 - - [29/Aug/2026:01:28:43 +0000] "GET / HTTP/1.1" 301 361 "-" "Mozilla/5.0 (Macintosh; Intel Mac OS X 10_15_7) AppleWebKit/537.36 (KHTML, like Gecko) Chrome/120.0.0.0 Safari/537.36 Edg/120.0.0.0"
176.30.245.231 - - [29/Aug/2026:01:28:46 +0000] "GET / HTTP/1.1" 200 16162 "https://www.google.com/" "Mozilla/5.0 (Linux; Android 10; K) AppleWebKit/537.36 (KHTML, like Gecko) Chrome/151.0.0.0 Mobile Safari/537.36"
176.30.245.231 - - [29/Aug/2026:01:28:47 +0000] "GET /wp-content/litespeed/css/1635f59bb978c3616462ec2891874b40.css?ver=4e446 HTTP/1.1" 200 28075 "https://sealall.ca/" "Mozilla/5.0 (Linux; Android 10; K) AppleWebKit/537.36 (KHTML, like Gecko) Chrome/151.0.0.0 Mobile Safari/537.36"
176.30.245.231 - - [29/Aug/2026:01:28:47 +0000] "GET /wp-includes/js/dist/script-modules/interactivity/index.min.js?ver=efaa5193bbad9c60ffd1 HTTP/1.1" 200 15205 "https://sealall.ca/" "Mozilla/5.0 (Linux; Android 10; K) AppleWebKit/537.36 (KHTML, like Gecko) Chrome/151.0.0.0 Mobile Safari/537.36"
176.30.245.231 - - [29/Aug/2026:01:28:47 +0000] "GET /wp-includes/js/dist/script-modules/block-library/navigation/view.min.js?ver=96a846e1d7b789c39ab9 HTTP/1.1" 200 1119 "https://sealall.ca/" "Mozilla/5.0 (Linux; Android 10; K) AppleWebKit/537.36 (KHTML, like Gecko) Chrome/151.0.0.0 Mobile Safari/537.36"
176.30.245.231 - - [29/Aug/2026:01:28:47 +0000] "POST /wp-content/plugins/litespeed-cache/guest.vary.php HTTP/1.1" 200 36 "https://sealall.ca/" "Mozilla/5.0 (Linux; Android 10; K) AppleWebKit/537.36 (KHTML, like Gecko) Chrome/151.0.0.0 Mobile Safari/537.36"
176.30.245.231 - - [29/Aug/2026:01:28:48 +0000] "GET / HTTP/1.1" 200 16380 "https://sealall.ca/" "Mozilla/5.0 (Linux; Android 10; K) AppleWebKit/537.36 (KHTML, like Gecko) Chrome/151.0.0.0 Mobile Safari/537.36"
176.30.245.231 - - [29/Aug/2026:01:28:48 +0000] "GET /wp-content/uploads/automatic-css/automatic-gutenberg.css HTTP/1.1" 200 999 "https://sealall.ca/" "Mozilla/5.0 (Linux; Android 10; K) AppleWebKit/537.36 (KHTML, like Gecko) Chrome/151.0.0.0 Mobile Safari/537.36"
176.30.245.231 - - [29/Aug/2026:01:28:48 +0000] "GET /wp-content/uploads/automatic-css/automatic.css HTTP/1.1" 200 29342 "https://sealall.ca/" "Mozilla/5.0 (Linux; Android 10; K) AppleWebKit/537.36 (KHTML, like Gecko) Chrome/151.0.0.0 Mobile Safari/537.36"
176.30.245.231 - - [29/Aug/2026:01:28:48 +0000] "GET /wp-content/plugins/mousewheel-smooth-scroll/js/lenis.min.js HTTP/1.1" 200 3974 "https://sealall.ca/" "Mozilla/5.0 (Linux; Android 10; K) AppleWebKit/537.36 (KHTML, like Gecko) Chrome/151.0.0.0 Mobile Safari/537.36"
176.30.245.231 - - [29/Aug/2026:01:28:49 +0000] "GET /wp-content/uploads/wpmss/lenis-init.min.js HTTP/1.1" 200 135 "https://sealall.ca/" "Mozilla/5.0 (Linux; Android 10; K) AppleWebKit/537.36 (KHTML, like Gecko) Chrome/151.0.0.0 Mobile Safari/537.36"
176.30.245.231 - - [29/Aug/2026:01:28:49 +0000] "POST /wp-json/iawp/search HTTP/1.1" 200 377 "https://sealall.ca/" "Mozilla/5.0 (Linux; Android 10; K) AppleWebKit/537.36 (KHTML, like Gecko) Chrome/151.0.0.0 Mobile Safari/537.36"
176.30.245.231 - - [29/Aug/2026:01:28:50 +0000] "GET /favicon.ico HTTP/1.1" 302 361 "https://sealall.ca/" "Mozilla/5.0 (Linux; Android 10; K) AppleWebKit/537.36 (KHTML, like Gecko) Chrome/151.0.0.0 Mobile Safari/537.36"
176.30.245.231 - - [29/Aug/2026:01:28:50 +0000] "GET /wp-content/uploads/2025/11/cropped-SealAll-Stone-Restoration_FAW-32x32.webp HTTP/1.1" 200 834 "https://sealall.ca/" "Mozilla/5.0 (Linux; Android 10; K) AppleWebKit/537.36 (KHTML, like Gecko) Chrome/151.0.0.0 Mobile Safari/537.36"
149.154.161.253 - - [29/Aug/2026:01:28:57 +0000] "GET /wp-content/plugins/admin-site-enhancements/admin-site-enhancements.php HTTP/1.1" 200 269 "-" "TelegramBot (like TwitterBot)"
101.36.97.80 - - [29/Aug/2026:01:29:01 +0000] "GET /favicon.ico HTTP/1.1" 302 361 "-" "Mozilla/5.0 (Macintosh; Intel Mac OS X 10_15_7) AppleWebKit/537.36 (KHTML, like Gecko) Chrome/120.0.0.0 Safari/537.36 Edg/120.0.0.0"
101.36.97.80 - - [29/Aug/2026:01:29:01 +0000] "GET /wp-content/uploads/2025/11/cropped-SealAll-Stone-Restoration_FAW-32x32.webp HTTP/1.1" 200 834 "https://68.183.198.43/favicon.ico" "Mozilla/5.0 (Macintosh; Intel Mac OS X 10_15_7) AppleWebKit/537.36 (KHTML, like Gecko) Chrome/120.0.0.0 Safari/537.36 Edg/120.0.0.0"
101.36.97.80 - - [29/Aug/2026:01:29:02 +0000] "GET /robots.txt HTTP/1.1" 200 342 "-" "Mozilla/5.0 (Macintosh; Intel Mac OS X 10_15_7) AppleWebKit/537.36 (KHTML, like Gecko) Chrome/120.0.0.0 Safari/537.36 Edg/120.0.0.0"
101.36.97.80 - - [29/Aug/2026:01:29:02 +0000] "GET /sitemap.xml HTTP/1.1" 404 20458 "-" "Mozilla/5.0 (Macintosh; Intel Mac OS X 10_15_7) AppleWebKit/537.36 (KHTML, like Gecko) Chrome/120.0.0.0 Safari/537.36 Edg/120.0.0.0"
185.191.171.4 - - [29/Aug/2026:01:29:03 +0000] "GET /robots.txt HTTP/1.1" 200 342 "-" "Mozilla/5.0 (compatible; SemrushBot/7~bl; +http://www.semrush.com/bot.html)"
185.191.171.11 - - [29/Aug/2026:01:29:04 +0000] "GET /area/unionville/ HTTP/1.1" 200 19216 "-" "Mozilla/5.0 (compatible; SemrushBot/7~bl; +http://www.semrush.com/bot.html)"
172.105.96.222 - - [29/Aug/2026:01:29:14 +0000] "HEAD / HTTP/1.1" 301 0 "-" "updown.io daemon 2.11"
172.105.96.222 - - [29/Aug/2026:01:29:14 +0000] "HEAD / HTTP/1.1" 200 0 "-" "updown.io daemon 2.11"
209.141.37.195 - - [29/Aug/2026:01:29:27 +0000] "GET /wp-login.php HTTP/1.1" 200 7871 "-" "Mozilla/5.0 (iPhone; CPU iPhone OS 18_3 like Mac OS X) AppleWebKit/605.1.15 (KHTML, like Gecko) Version/18.3 Mobile/15E148 Safari/604.1"
100.27.235.246 - - [29/Aug/2026:01:30:03 +0000] "GET /newmarket/wp-content/uploads/sites/37/2020/04/content-img-1.jpg HTTP/1.1" 301 361 "-" "Mozilla/5.0 (Windows NT 10.0; Win64; x64) AppleWebKit/537.36 (KHTML, like Gecko) Chrome/120.0.0.0 Safari/537.36"
100.27.235.246 - - [29/Aug/2026:01:30:03 +0000] "GET /gallery/ HTTP/1.1" 301 361 "-" "Mozilla/5.0 (Windows NT 10.0; Win64; x64) AppleWebKit/537.36 (KHTML, like Gecko) Chrome/120.0.0.0 Safari/537.36"
100.27.235.246 - - [29/Aug/2026:01:30:04 +0000] "GET /newmarket/wp-content/uploads/sites/37/2020/08/Sealall-Project-Location-Map.png HTTP/1.1" 301 361 "-" "Mozilla/5.0 (Windows NT 10.0; Win64; x64) AppleWebKit/537.36 (KHTML, like Gecko) Chrome/120.0.0.0 Safari/537.36"
100.27.235.246 - - [29/Aug/2026:01:30:04 +0000] "GET /gallery/ HTTP/1.1" 200 17535 "-" "Mozilla/5.0 (Windows NT 10.0; Win64; x64) AppleWebKit/537.36 (KHTML, like Gecko) Chrome/120.0.0.0 Safari/537.36"
100.27.235.246 - - [29/Aug/2026:01:30:05 +0000] "GET /gallery/ HTTP/1.1" 301 361 "-" "Mozilla/5.0 (Windows NT 10.0; Win64; x64) AppleWebKit/537.36 (KHTML, like Gecko) Chrome/120.0.0.0 Safari/537.36"
100.27.235.246 - - [29/Aug/2026:01:30:05 +0000] "GET /gallery/ HTTP/1.1" 200 17535 "-" "Mozilla/5.0 (Windows NT 10.0; Win64; x64) AppleWebKit/537.36 (KHTML, like Gecko) Chrome/120.0.0.0 Safari/537.36"
100.27.235.246 - - [29/Aug/2026:01:30:06 +0000] "GET /newmarket/wp-content/uploads/sites/37/2021/07/Stamped-concrete-sealing-title.jpg HTTP/1.1" 301 361 "-" "Mozilla/5.0 (Windows NT 10.0; Win64; x64) AppleWebKit/537.36 (KHTML, like Gecko) Chrome/120.0.0.0 Safari/537.36"
100.27.235.246 - - [29/Aug/2026:01:30:06 +0000] "GET /newmarket/wp-content/uploads/sites/37/2020/04/content-img-2.jpg HTTP/1.1" 301 361 "-" "Mozilla/5.0 (Windows NT 10.0; Win64; x64) AppleWebKit/537.36 (KHTML, like Gecko) Chrome/120.0.0.0 Safari/537.36"
100.27.235.246 - - [29/Aug/2026:01:30:06 +0000] "GET /gallery/ HTTP/1.1" 301 361 "-" "Mozilla/5.0 (Windows NT 10.0; Win64; x64) AppleWebKit/537.36 (KHTML, like Gecko) Chrome/120.0.0.0 Safari/537.36"
100.27.235.246 - - [29/Aug/2026:01:30:07 +0000] "GET /gallery/ HTTP/1.1" 301 361 "-" "Mozilla/5.0 (Windows NT 10.0; Win64; x64) AppleWebKit/537.36 (KHTML, like Gecko) Chrome/120.0.0.0 Safari/537.36"
100.27.235.246 - - [29/Aug/2026:01:30:07 +0000] "GET /newmarket/wp-content/uploads/sites/37/2021/06/interlock.jpg HTTP/1.1" 301 361 "-" "Mozilla/5.0 (Windows NT 10.0; Win64; x64) AppleWebKit/537.36 (KHTML, like Gecko) Chrome/120.0.0.0 Safari/537.36"
100.27.235.246 - - [29/Aug/2026:01:30:07 +0000] "GET /newmarket/wp-content/uploads/sites/37/2021/12/reviews-final.jpg HTTP/1.1" 301 361 "-" "Mozilla/5.0 (Windows NT 10.0; Win64; x64) AppleWebKit/537.36 (KHTML, like Gecko) Chrome/120.0.0.0 Safari/537.36"
100.27.235.246 - - [29/Aug/2026:01:30:07 +0000] "GET /gallery/ HTTP/1.1" 301 361 "-" "Mozilla/5.0 (Windows NT 10.0; Win64; x64) AppleWebKit/537.36 (KHTML, like Gecko) Chrome/120.0.0.0 Safari/537.36"
100.27.235.246 - - [29/Aug/2026:01:30:07 +0000] "GET /gallery/ HTTP/1.1" 200 17535 "-" "Mozilla/5.0 (Windows NT 10.0; Win64; x64) AppleWebKit/537.36 (KHTML, like Gecko) Chrome/120.0.0.0 Safari/537.36"
100.27.235.246 - - [29/Aug/2026:01:30:08 +0000] "GET /gallery/ HTTP/1.1" 301 361 "-" "Mozilla/5.0 (Windows NT 10.0; Win64; x64) AppleWebKit/537.36 (KHTML, like Gecko) Chrome/120.0.0.0 Safari/537.36"
100.27.235.246 - - [29/Aug/2026:01:30:08 +0000] "GET /gallery/ HTTP/1.1" 200 17538 "-" "Mozilla/5.0 (Windows NT 10.0; Win64; x64) AppleWebKit/537.36 (KHTML, like Gecko) Chrome/120.0.0.0 Safari/537.36"
100.27.235.246 - - [29/Aug/2026:01:30:08 +0000] "GET /gallery/ HTTP/1.1" 200 17535 "-" "Mozilla/5.0 (Windows NT 10.0; Win64; x64) AppleWebKit/537.36 (KHTML, like Gecko) Chrome/120.0.0.0 Safari/537.36"
100.27.235.246 - - [29/Aug/2026:01:30:08 +0000] "GET /gallery/ HTTP/1.1" 200 17535 "-" "Mozilla/5.0 (Windows NT 10.0; Win64; x64) AppleWebKit/537.36 (KHTML, like Gecko) Chrome/120.0.0.0 Safari/537.36"
40.77.167.7 - - [29/Aug/2026:01:30:10 +0000] "GET /area/welland/polymeric-sand/ HTTP/1.1" 200 19208 "-" "Mozilla/5.0 AppleWebKit/537.36 (KHTML, like Gecko; compatible; bingbot/2.0; +http://www.bing.com/bingbot.htm) Chrome/116.0.1938.76 Safari/537.36"
144.24.53.59 - - [29/Aug/2026:01:30:11 +0000] "GET /area/brampton/color-restoration HTTP/1.1" 200 19221 "-" "Mozilla/5.0 (X11; Linux aarch64) AppleWebKit/537.36 (KHTML, like Gecko) Chrome/139.0.0.0 Safari/537.36"
209.141.37.195 - - [29/Aug/2026:01:30:14 +0000] "POST /wp-login.php HTTP/1.1" 200 8294 "-" "Mozilla/5.0 (iPhone; CPU iPhone OS 18_3 like Mac OS X) AppleWebKit/605.1.15 (KHTML, like Gecko) Version/18.3 Mobile/15E148 Safari/604.1"
100.27.235.246 - - [29/Aug/2026:01:30:18 +0000] "GET /newmarket/wp-content/uploads/sites/37/2020/04/content-img-5.jpg HTTP/1.1" 301 361 "-" "Mozilla/5.0 (Windows NT 10.0; Win64; x64) AppleWebKit/537.36 (KHTML, like Gecko) Chrome/120.0.0.0 Safari/537.36"
100.27.235.246 - - [29/Aug/2026:01:30:18 +0000] "GET /gallery/ HTTP/1.1" 301 361 "-" "Mozilla/5.0 (Windows NT 10.0; Win64; x64) AppleWebKit/537.36 (KHTML, like Gecko) Chrome/120.0.0.0 Safari/537.36"
100.27.235.246 - - [29/Aug/2026:01:30:18 +0000] "GET /gallery/ HTTP/1.1" 200 17535 "-" "Mozilla/5.0 (Windows NT 10.0; Win64; x64) AppleWebKit/537.36 (KHTML, like Gecko) Chrome/120.0.0.0 Safari/537.36"
17.166.25.70 - - [29/Aug/2026:01:30:40 +0000] "GET /area/clarington/anti-slip-coating/ HTTP/1.1" 200 19222 "-" "Mozilla/5.0 (Macintosh; Intel Mac OS X 10_15_7) AppleWebKit/605.1.15 (KHTML, like Gecko) Version/17.4 Safari/605.1.15 (Applebot/0.1; +http://www.apple.com/go/applebot)"
138.68.120.52 - - [29/Aug/2026:01:30:42 +0000] "GET / HTTP/1.1" 200 19016 "-" "Mozilla/5.0 (Macintosh; Intel Mac OS X 10_15_7) AppleWebKit/537.36 (KHTML, like Gecko) Chrome/145.0.0.0 Safari/537.36"
82.102.17.188 - - [29/Aug/2026:01:30:42 +0000] "GET / HTTP/1.1" 200 19036 "-" "Mozilla/5.0 (Macintosh; Intel Mac OS X 10_15_7) AppleWebKit/605.1.15 (KHTML, like Gecko) Version/17.3 Safari/605.1.15"
138.68.120.52 - - [29/Aug/2026:01:30:42 +0000] "GET /wp-content/uploads/automatic-css/automatic.css HTTP/1.1" 200 29342 "https://sealall.ca/" "Mozilla/5.0 (Macintosh; Intel Mac OS X 10_15_7) AppleWebKit/537.36 (KHTML, like Gecko) Chrome/145.0.0.0 Safari/537.36"
82.102.17.188 - - [29/Aug/2026:01:30:42 +0000] "GET /wp-content/litespeed/css/1635f59bb978c3616462ec2891874b40.css?ver=4e446 HTTP/1.1" 200 28075 "https://sealall.ca/" "Mozilla/5.0 (Macintosh; Intel Mac OS X 10_15_7) AppleWebKit/605.1.15 (KHTML, like Gecko) Version/17.3 Safari/605.1.15"
138.68.120.52 - - [29/Aug/2026:01:30:42 +0000] "GET /wp-content/uploads/automatic-css/automatic-gutenberg.css HTTP/1.1" 200 999 "https://sealall.ca/" "Mozilla/5.0 (Macintosh; Intel Mac OS X 10_15_7) AppleWebKit/537.36 (KHTML, like Gecko) Chrome/145.0.0.0 Safari/537.36"
213.139.9.149 - - [29/Aug/2026:01:30:42 +0000] "GET / HTTP/1.1" 200 16161 "-" "Mozilla/5.0 (Linux; Android 10; K) AppleWebKit/537.36 (KHTML, like Gecko) Chrome/145.0.0.0 Mobile Safari/537.36"
138.68.120.52 - - [29/Aug/2026:01:30:42 +0000] "GET /wp-includes/js/dist/script-modules/interactivity/index.min.js?ver=efaa5193bbad9c60ffd1 HTTP/1.1" 200 15205 "https://sealall.ca/" "Mozilla/5.0 (Macintosh; Intel Mac OS X 10_15_7) AppleWebKit/537.36 (KHTML, like Gecko) Chrome/145.0.0.0 Safari/537.36"
82.102.17.188 - - [29/Aug/2026:01:30:42 +0000] "GET /wp-includes/js/dist/script-modules/interactivity/index.min.js?ver=efaa5193bbad9c60ffd1 HTTP/1.1" 200 15205 "https://sealall.ca/" "Mozilla/5.0 (Macintosh; Intel Mac OS X 10_15_7) AppleWebKit/605.1.15 (KHTML, like Gecko) Version/17.3 Safari/605.1.15"
138.68.120.52 - - [29/Aug/2026:01:30:42 +0000] "POST /wp-content/plugins/litespeed-cache/guest.vary.php HTTP/1.1" 200 36 "https://sealall.ca/" "Mozilla/5.0 (Macintosh; Intel Mac OS X 10_15_7) AppleWebKit/537.36 (KHTML, like Gecko) Chrome/145.0.0.0 Safari/537.36"
82.102.17.188 - - [29/Aug/2026:01:30:43 +0000] "POST /wp-content/plugins/litespeed-cache/guest.vary.php HTTP/1.1" 200 36 "https://sealall.ca/" "Mozilla/5.0 (Macintosh; Intel Mac OS X 10_15_7) AppleWebKit/605.1.15 (KHTML, like Gecko) Version/17.3 Safari/605.1.15"
138.68.120.52 - - [29/Aug/2026:01:30:43 +0000] "GET /wp-includes/js/dist/script-modules/block-library/navigation/view.min.js?ver=96a846e1d7b789c39ab9 HTTP/1.1" 200 1119 "https://sealall.ca/" "Mozilla/5.0 (Macintosh; Intel Mac OS X 10_15_7) AppleWebKit/537.36 (KHTML, like Gecko) Chrome/145.0.0.0 Safari/537.36"
213.139.9.149 - - [29/Aug/2026:01:30:43 +0000] "GET /wp-content/litespeed/css/1635f59bb978c3616462ec2891874b40.css?ver=4e446 HTTP/1.1" 200 28075 "https://sealall.ca/" "Mozilla/5.0 (Linux; Android 10; K) AppleWebKit/537.36 (KHTML, like Gecko) Chrome/145.0.0.0 Mobile Safari/537.36"
82.102.17.188 - - [29/Aug/2026:01:30:43 +0000] "GET /wp-includes/js/dist/script-modules/block-library/navigation/view.min.js?ver=96a846e1d7b789c39ab9 HTTP/1.1" 200 1119 "https://sealall.ca/" "Mozilla/5.0 (Macintosh; Intel Mac OS X 10_15_7) AppleWebKit/605.1.15 (KHTML, like Gecko) Version/17.3 Safari/605.1.15"
213.139.9.149 - - [29/Aug/2026:01:30:43 +0000] "GET /wp-includes/js/dist/script-modules/interactivity/index.min.js?ver=efaa5193bbad9c60ffd1 HTTP/1.1" 200 15205 "https://sealall.ca/" "Mozilla/5.0 (Linux; Android 10; K) AppleWebKit/537.36 (KHTML, like Gecko) Chrome/145.0.0.0 Mobile Safari/537.36"
213.139.9.149 - - [29/Aug/2026:01:30:43 +0000] "GET /wp-includes/js/dist/script-modules/block-library/navigation/view.min.js?ver=96a846e1d7b789c39ab9 HTTP/1.1" 200 1119 "https://sealall.ca/" "Mozilla/5.0 (Linux; Android 10; K) AppleWebKit/537.36 (KHTML, like Gecko) Chrome/145.0.0.0 Mobile Safari/537.36"
138.68.120.52 - - [29/Aug/2026:01:30:43 +0000] "GET / HTTP/1.1" 200 17277 "https://sealall.ca/" "Mozilla/5.0 (Macintosh; Intel Mac OS X 10_15_7) AppleWebKit/537.36 (KHTML, like Gecko) Chrome/145.0.0.0 Safari/537.36"
213.139.9.149 - - [29/Aug/2026:01:30:43 +0000] "POST /wp-content/plugins/litespeed-cache/guest.vary.php HTTP/1.1" 200 36 "https://sealall.ca/" "Mozilla/5.0 (Linux; Android 10; K) AppleWebKit/537.36 (KHTML, like Gecko) Chrome/145.0.0.0 Mobile Safari/537.36"
82.102.17.188 - - [29/Aug/2026:01:30:43 +0000] "GET / HTTP/1.1" 200 17277 "https://sealall.ca/" "Mozilla/5.0 (Macintosh; Intel Mac OS X 10_15_7) AppleWebKit/605.1.15 (KHTML, like Gecko) Version/17.3 Safari/605.1.15"
138.68.120.52 - - [29/Aug/2026:01:30:43 +0000] "GET /wp-content/litespeed/css/869f2b1aba1ab2742c0942d1d6ba204a.css?ver=a204a HTTP/1.1" 200 27376 "https://sealall.ca/" "Mozilla/5.0 (Macintosh; Intel Mac OS X 10_15_7) AppleWebKit/537.36 (KHTML, like Gecko) Chrome/145.0.0.0 Safari/537.36"
213.139.9.149 - - [29/Aug/2026:01:30:43 +0000] "GET /favicon.ico HTTP/1.1" 302 361 "https://sealall.ca/" "Mozilla/5.0 (Linux; Android 10; K) AppleWebKit/537.36 (KHTML, like Gecko) Chrome/145.0.0.0 Mobile Safari/537.36"
138.68.120.52 - - [29/Aug/2026:01:30:43 +0000] "GET /wp-content/litespeed/css/f4d2af83a9e35f7664a3477b8c55057f.css?ver=5057f HTTP/1.1" 200 882 "https://sealall.ca/" "Mozilla/5.0 (Macintosh; Intel Mac OS X 10_15_7) AppleWebKit/537.36 (KHTML, like Gecko) Chrome/145.0.0.0 Safari/537.36"
82.102.17.188 - - [29/Aug/2026:01:30:43 +0000] "GET /wp-content/litespeed/css/869f2b1aba1ab2742c0942d1d6ba204a.css?ver=a204a HTTP/1.1" 200 27376 "https://sealall.ca/" "Mozilla/5.0 (Macintosh; Intel Mac OS X 10_15_7) AppleWebKit/605.1.15 (KHTML, like Gecko) Version/17.3 Safari/605.1.15"
138.68.120.52 - - [29/Aug/2026:01:30:44 +0000] "GET /wp-content/litespeed/js/6621ac5cba14efc85425322f758197bb.js?ver=197bb HTTP/1.1" 200 3978 "https://sealall.ca/" "Mozilla/5.0 (Macintosh; Intel Mac OS X 10_15_7) AppleWebKit/537.36 (KHTML, like Gecko) Chrome/145.0.0.0 Safari/537.36"
82.102.17.188 - - [29/Aug/2026:01:30:44 +0000] "GET /wp-content/litespeed/css/f4d2af83a9e35f7664a3477b8c55057f.css?ver=5057f HTTP/1.1" 200 882 "https://sealall.ca/" "Mozilla/5.0 (Macintosh; Intel Mac OS X 10_15_7) AppleWebKit/605.1.15 (KHTML, like Gecko) Version/17.3 Safari/605.1.15"
138.68.120.52 - - [29/Aug/2026:01:30:44 +0000] "GET /wp-content/litespeed/js/9009b553f8bb5a39bc2bf3539b39706f.js?ver=9706f HTTP/1.1" 200 138 "https://sealall.ca/" "Mozilla/5.0 (Macintosh; Intel Mac OS X 10_15_7) AppleWebKit/537.36 (KHTML, like Gecko) Chrome/145.0.0.0 Safari/537.36"
82.102.17.188 - - [29/Aug/2026:01:30:44 +0000] "GET /wp-content/litespeed/js/6621ac5cba14efc85425322f758197bb.js?ver=197bb HTTP/1.1" 200 3978 "https://sealall.ca/" "Mozilla/5.0 (Macintosh; Intel Mac OS X 10_15_7) AppleWebKit/605.1.15 (KHTML, like Gecko) Version/17.3 Safari/605.1.15"
213.139.9.149 - - [29/Aug/2026:01:30:44 +0000] "GET / HTTP/1.1" 200 16380 "https://sealall.ca/" "Mozilla/5.0 (Linux; Android 10; K) AppleWebKit/537.36 (KHTML, like Gecko) Chrome/145.0.0.0 Mobile Safari/537.36"
213.139.9.149 - - [29/Aug/2026:01:30:44 +0000] "GET /wp-content/uploads/2025/11/cropped-SealAll-Stone-Restoration_FAW-32x32.webp HTTP/1.1" 200 834 "https://sealall.ca/" "Mozilla/5.0 (Linux; Android 10; K) AppleWebKit/537.36 (KHTML, like Gecko) Chrome/145.0.0.0 Mobile Safari/537.36"
82.102.17.188 - - [29/Aug/2026:01:30:44 +0000] "GET /wp-content/litespeed/js/9009b553f8bb5a39bc2bf3539b39706f.js?ver=9706f HTTP/1.1" 200 138 "https://sealall.ca/" "Mozilla/5.0 (Macintosh; Intel Mac OS X 10_15_7) AppleWebKit/605.1.15 (KHTML, like Gecko) Version/17.3 Safari/605.1.15"
185.243.76.40 - - [29/Aug/2026:01:30:44 +0000] "GET / HTTP/1.1" 200 16161 "-" "Mozilla/5.0 (Linux; Android 10; K) AppleWebKit/537.36 (KHTML, like Gecko) Chrome/140.0.0.0 Mobile Safari/537.36"
185.243.76.40 - - [29/Aug/2026:01:30:45 +0000] "GET /wp-content/litespeed/css/1635f59bb978c3616462ec2891874b40.css?ver=4e446 HTTP/1.1" 200 28075 "https://sealall.ca/" "Mozilla/5.0 (Linux; Android 10; K) AppleWebKit/537.36 (KHTML, like Gecko) Chrome/140.0.0.0 Mobile Safari/537.36"
213.139.10.103 - - [29/Aug/2026:01:30:45 +0000] "GET / HTTP/1.1" 200 16161 "-" "Mozilla/5.0 (Linux; Android 10; K) AppleWebKit/537.36 (KHTML, like Gecko) Chrome/143.0.0.0 Mobile Safari/537.36"
213.139.9.149 - - [29/Aug/2026:01:30:45 +0000] "GET /wp-content/uploads/automatic-css/automatic.css HTTP/1.1" 200 29342 "https://sealall.ca/" "Mozilla/5.0 (Linux; Android 10; K) AppleWebKit/537.36 (KHTML, like Gecko) Chrome/145.0.0.0 Mobile Safari/537.36"
213.139.9.149 - - [29/Aug/2026:01:30:45 +0000] "GET /wp-content/uploads/automatic-css/automatic-gutenberg.css HTTP/1.1" 200 999 "https://sealall.ca/" "Mozilla/5.0 (Linux; Android 10; K) AppleWebKit/537.36 (KHTML, like Gecko) Chrome/145.0.0.0 Mobile Safari/537.36"
185.243.76.40 - - [29/Aug/2026:01:30:45 +0000] "GET /wp-includes/js/dist/script-modules/interactivity/index.min.js?ver=efaa5193bbad9c60ffd1 HTTP/1.1" 200 15205 "https://sealall.ca/" "Mozilla/5.0 (Linux; Android 10; K) AppleWebKit/537.36 (KHTML, like Gecko) Chrome/140.0.0.0 Mobile Safari/537.36"
213.139.9.149 - - [29/Aug/2026:01:30:45 +0000] "GET /wp-content/uploads/wpmss/lenis-init.min.js HTTP/1.1" 200 135 "https://sealall.ca/" "Mozilla/5.0 (Linux; Android 10; K) AppleWebKit/537.36 (KHTML, like Gecko) Chrome/145.0.0.0 Mobile Safari/537.36"
213.139.9.149 - - [29/Aug/2026:01:30:45 +0000] "GET /wp-content/plugins/mousewheel-smooth-scroll/js/lenis.min.js HTTP/1.1" 200 3974 "https://sealall.ca/" "Mozilla/5.0 (Linux; Android 10; K) AppleWebKit/537.36 (KHTML, like Gecko) Chrome/145.0.0.0 Mobile Safari/537.36"
185.243.76.40 - - [29/Aug/2026:01:30:46 +0000] "POST /wp-content/plugins/litespeed-cache/guest.vary.php HTTP/1.1" 200 36 "https://sealall.ca/" "Mozilla/5.0 (Linux; Android 10; K) AppleWebKit/537.36 (KHTML, like Gecko) Chrome/140.0.0.0 Mobile Safari/537.36"
213.139.10.103 - - [29/Aug/2026:01:30:46 +0000] "GET /wp-content/litespeed/css/1635f59bb978c3616462ec2891874b40.css?ver=4e446 HTTP/1.1" 200 28075 "https://sealall.ca/" "Mozilla/5.0 (Linux; Android 10; K) AppleWebKit/537.36 (KHTML, like Gecko) Chrome/143.0.0.0 Mobile Safari/537.36"
