103.134.94.78 - - [29/Aug/2026:08:21:50 +0000] "GET /favicon.ico HTTP/1.1" 200 2903 "https://sealall.ca/?lokasie=/var/www/domains/sealall.ca/.htaccess&loknya=/var/www/domains/sealall.ca" "Mozilla/5.0 (Windows NT 10.0; Win64; x64) AppleWebKit/537.36 (KHTML, like Gecko) Chrome/151.0.0.0 Safari/537.36"
2.26.172.92 - - [29/Aug/2026:08:21:51 +0000] "GET / HTTP/1.1" 400 264 "-" "Mozilla/5.0"
2.26.172.92 - - [29/Aug/2026:08:21:56 +0000] "GET /?s=/Index/\x5Cthink\x5Capp/invokefunction&function=call_user_func_array&vars[0]=system&vars[1][]=printenv HTTP/1.1" 400 264 "-" "Mozilla/5.0"
2.26.172.92 - - [29/Aug/2026:08:21:59 +0000] "GET /index.php/module/action/param1/$%7B@print%28env%29%7D HTTP/1.1" 400 264 "-" "Mozilla/5.0"
2.26.172.92 - - [29/Aug/2026:08:22:02 +0000] "POST /_ignition/health-check HTTP/1.1" 400 264 "-" "Mozilla/5.0"
2.26.172.92 - - [29/Aug/2026:08:22:06 +0000] "POST /_ignition/execute-solution HTTP/1.1" 400 264 "-" "Mozilla/5.0"
2.26.172.92 - - [29/Aug/2026:08:22:09 +0000] "GET /__debug__/execute?cmd=printenv HTTP/1.1" 400 264 "-" "Mozilla/5.0"
152.163.120.52 - - [29/Aug/2026:08:22:09 +0000] "HEAD / HTTP/1.1" 200 0 "-" "Mozilla/5.0 (Windows NT 10.0; Win64; x64) AppleWebKit/537.36 (KHTML, like Gecko) Chrome/134.0.6998.35/36 Safari/537.36"
2.26.172.92 - - [29/Aug/2026:08:22:15 +0000] "GET /script HTTP/1.1" 400 264 "-" "Mozilla/5.0"
152.163.120.52 - - [29/Aug/2026:08:22:17 +0000] "GET / HTTP/1.1" 200 2903 "-" "Mozilla/5.0 (Windows NT 10.0; Win64; x64) AppleWebKit/537.36 (KHTML, like Gecko) Chrome/134.0.6998.35/36 Safari/537.36"
216.73.216.219 - - [29/Aug/2026:08:22:18 +0000] "GET /?lokasie=%2Fvar%2Fwww%2Fdomains%2Fsealall.ca%2Fwp-login.php&loknya=%2Fvar%2Fwww%2Fdomains%2Fsealall.ca HTTP/1.1" 200 14981 "-" "Mozilla/5.0 AppleWebKit/537.36 (KHTML, like Gecko; compatible; ClaudeBot/1.0; +claudebot@anthropic.com)"
216.73.216.219 - - [29/Aug/2026:08:22:18 +0000] "GET /?lokasie=%2Fvar%2Fwww%2Fdomains%2Fsealall.ca%2Fwp-links-opml.php&loknya=%2Fvar%2Fwww%2Fdomains%2Fsealall.ca HTTP/1.1" 200 2696 "-" "Mozilla/5.0 AppleWebKit/537.36 (KHTML, like Gecko; compatible; ClaudeBot/1.0; +claudebot@anthropic.com)"
2.26.172.92 - - [29/Aug/2026:08:22:20 +0000] "GET /actuator/env HTTP/1.1" 400 264 "-" "Mozilla/5.0"
2.26.172.92 - - [29/Aug/2026:08:22:25 +0000] "GET /env HTTP/1.1" 400 264 "-" "Mozilla/5.0"
2.26.172.92 - - [29/Aug/2026:08:22:29 +0000] "GET /v2/api-docs HTTP/1.1" 400 264 "-" "Mozilla/5.0"
181.189.125.68 - - [29/Aug/2026:08:22:31 +0000] "GET /wp-content/plugins/admin-site-enhancements/yzsynyai.php?pass=jolfxfbfl HTTP/1.1" 200 1594 "-" "Mozilla/5.0 (Windows NT 10.0; Win64; x64) AppleWebKit/537.36"
2.26.172.92 - - [29/Aug/2026:08:22:35 +0000] "GET / HTTP/1.1" 200 2910 "-" "Mozilla/5.0 (Windows NT 10.0; Win64; x64) AppleWebKit/537.36"
2.26.172.92 - - [29/Aug/2026:08:22:35 +0000] "GET /api-docs HTTP/1.1" 400 264 "-" "Mozilla/5.0"
2.26.172.92 - - [29/Aug/2026:08:22:40 +0000] "GET /swagger.json HTTP/1.1" 400 264 "-" "Mozilla/5.0"
2.26.172.92 - - [29/Aug/2026:08:22:44 +0000] "GET /swagger/v1/swagger.json HTTP/1.1" 400 264 "-" "Mozilla/5.0"
181.189.125.68 - - [29/Aug/2026:08:22:49 +0000] "GET /wp-content/plugins/admin-site-enhancements/zhybizos.php HTTP/1.1" 200 4865 "-" "Mozilla/5.0 (Windows NT 10.0; Win64; x64) AppleWebKit/537.36"
216.73.216.219 - - [29/Aug/2026:08:22:54 +0000] "GET /?lokasie=%2Fvar%2Fwww%2Fdomains%2Fsealall.ca%2Freadme.html&loknya=%2Fvar%2Fwww%2Fdomains%2Fsealall.ca HTTP/1.1" 200 4608 "-" "Mozilla/5.0 AppleWebKit/537.36 (KHTML, like Gecko; compatible; ClaudeBot/1.0; +claudebot@anthropic.com)"
216.73.216.219 - - [29/Aug/2026:08:22:54 +0000] "GET /?lokasie=%2Fvar%2Fwww%2Fdomains%2Fsealall.ca%2Fwp-signup.php&loknya=%2Fvar%2Fwww%2Fdomains%2Fsealall.ca HTTP/1.1" 200 9904 "-" "Mozilla/5.0 AppleWebKit/537.36 (KHTML, like Gecko; compatible; ClaudeBot/1.0; +claudebot@anthropic.com)"
47.128.53.85 - - [29/Aug/2026:08:23:01 +0000] "GET /hamilton/services/natural-stone-sealing/ HTTP/1.1" 200 2910 "-" "Mozilla/5.0 (Linux; Android 5.0) AppleWebKit/537.36 (KHTML, like Gecko) Mobile Safari/537.36 (compatible; Bytespider; spider-feedback@bytedance.com)"
2.26.172.92 - - [29/Aug/2026:08:23:02 +0000] "GET / HTTP/1.1" 200 2910 "-" "Mozilla/5.0 (Windows NT 10.0; Win64; x64) AppleWebKit/537.36"
43.165.167.69 - - [29/Aug/2026:08:23:22 +0000] "GET /?loknya=/ HTTP/1.1" 200 2739 "-" "Mozilla/5.0 (iPhone; CPU iPhone OS 13_2_3 like Mac OS X) AppleWebKit/605.1.15 (KHTML, like Gecko) Version/13.0.3 Mobile/15E148 Safari/604.1"
216.73.216.219 - - [29/Aug/2026:08:23:30 +0000] "GET /?lokasie=%2Fvar%2Fwww%2Fdomains%2Fsealall.ca%2F.htaccess&loknya=%2Fvar%2Fwww%2Fdomains%2Fsealall.ca HTTP/1.1" 200 2713 "-" "Mozilla/5.0 AppleWebKit/537.36 (KHTML, like Gecko; compatible; ClaudeBot/1.0; +claudebot@anthropic.com)"
216.73.216.219 - - [29/Aug/2026:08:23:31 +0000] "GET /?lokasie=%2Fvar%2Fwww%2Fdomains%2Fsealall.ca%2Flicense.txt&loknya=%2Fvar%2Fwww%2Fdomains%2Fsealall.ca HTTP/1.1" 200 8895 "-" "Mozilla/5.0 AppleWebKit/537.36 (KHTML, like Gecko; compatible; ClaudeBot/1.0; +claudebot@anthropic.com)"
64.233.173.236 - - [29/Aug/2026:08:23:34 +0000] "GET /.well-known/traffic-advice HTTP/1.1" 200 2903 "-" "Chrome Privacy Preserving Prefetch Proxy"
64.233.173.234 - - [29/Aug/2026:08:23:34 +0000] "GET /.well-known/traffic-advice HTTP/1.1" 200 2903 "-" "Chrome Privacy Preserving Prefetch Proxy"
162.120.184.25 - - [29/Aug/2026:08:23:35 +0000] "GET /pricing/ HTTP/1.1" 200 2903 "https://www.google.com/" "Mozilla/5.0 (Windows NT 10.0; Win64; x64) AppleWebKit/537.36 (KHTML, like Gecko) Chrome/151.0.0.0 Safari/537.36"
162.120.184.26 - - [29/Aug/2026:08:23:35 +0000] "GET / HTTP/1.1" 200 2903 "https://www.google.com/" "Mozilla/5.0 (Windows NT 10.0; Win64; x64) AppleWebKit/537.36 (KHTML, like Gecko) Chrome/151.0.0.0 Safari/537.36"
182.8.100.22 - - [29/Aug/2026:08:23:39 +0000] "GET /favicon.ico HTTP/1.1" 200 2903 "https://sealall.ca/" "Mozilla/5.0 (Windows NT 10.0; Win64; x64) AppleWebKit/537.36 (KHTML, like Gecko) Chrome/151.0.0.0 Safari/537.36"
182.8.100.22 - - [29/Aug/2026:08:23:46 +0000] "GET /?loknya=/var/www/domains HTTP/1.1" 200 1921 "https://sealall.ca/" "Mozilla/5.0 (Windows NT 10.0; Win64; x64) AppleWebKit/537.36 (KHTML, like Gecko) Chrome/151.0.0.0 Safari/537.36"
182.8.100.22 - - [29/Aug/2026:08:23:48 +0000] "GET /favicon.ico HTTP/1.1" 200 2903 "https://sealall.ca/?loknya=/var/www/domains" "Mozilla/5.0 (Windows NT 10.0; Win64; x64) AppleWebKit/537.36 (KHTML, like Gecko) Chrome/151.0.0.0 Safari/537.36"
182.8.100.22 - - [29/Aug/2026:08:23:50 +0000] "GET /?loknya=/var/www/domains/sealall.ca HTTP/1.1" 200 2903 "https://sealall.ca/?loknya=/var/www/domains" "Mozilla/5.0 (Windows NT 10.0; Win64; x64) AppleWebKit/537.36 (KHTML, like Gecko) Chrome/151.0.0.0 Safari/537.36"
182.8.100.22 - - [29/Aug/2026:08:23:52 +0000] "GET /favicon.ico HTTP/1.1" 200 2903 "https://sealall.ca/?loknya=/var/www/domains/sealall.ca" "Mozilla/5.0 (Windows NT 10.0; Win64; x64) AppleWebKit/537.36 (KHTML, like Gecko) Chrome/151.0.0.0 Safari/537.36"
182.8.100.22 - - [29/Aug/2026:08:23:56 +0000] "GET /?loknya=/var/www/domains/sealall.ca/wp-content HTTP/1.1" 200 2604 "https://sealall.ca/?loknya=/var/www/domains/sealall.ca" "Mozilla/5.0 (Windows NT 10.0; Win64; x64) AppleWebKit/537.36 (KHTML, like Gecko) Chrome/151.0.0.0 Safari/537.36"
129.146.73.196 - - [29/Aug/2026:08:23:56 +0000] "GET /area/bracebridge/natural-stone-sealing HTTP/1.1" 200 2903 "-" "Mozilla/5.0 (X11; Linux aarch64) AppleWebKit/537.36 (KHTML, like Gecko) Chrome/139.0.0.0 Safari/537.36"
182.8.100.22 - - [29/Aug/2026:08:23:58 +0000] "GET /favicon.ico HTTP/1.1" 200 2903 "https://sealall.ca/?loknya=/var/www/domains/sealall.ca/wp-content" "Mozilla/5.0 (Windows NT 10.0; Win64; x64) AppleWebKit/537.36 (KHTML, like Gecko) Chrome/151.0.0.0 Safari/537.36"
182.8.100.22 - - [29/Aug/2026:08:23:58 +0000] "GET /?loknya=/var/www/domains/sealall.ca/wp-content/themes HTTP/1.1" 200 2319 "https://sealall.ca/?loknya=/var/www/domains/sealall.ca/wp-content" "Mozilla/5.0 (Windows NT 10.0; Win64; x64) AppleWebKit/537.36 (KHTML, like Gecko) Chrome/151.0.0.0 Safari/537.36"
182.8.100.22 - - [29/Aug/2026:08:24:00 +0000] "GET /favicon.ico HTTP/1.1" 200 2903 "https://sealall.ca/?loknya=/var/www/domains/sealall.ca/wp-content/themes" "Mozilla/5.0 (Windows NT 10.0; Win64; x64) AppleWebKit/537.36 (KHTML, like Gecko) Chrome/151.0.0.0 Safari/537.36"
182.8.100.22 - - [29/Aug/2026:08:24:01 +0000] "GET /?loknya=/var/www/domains/sealall.ca/wp-content/themes/bricks HTTP/1.1" 200 2995 "https://sealall.ca/?loknya=/var/www/domains/sealall.ca/wp-content/themes" "Mozilla/5.0 (Windows NT 10.0; Win64; x64) AppleWebKit/537.36 (KHTML, like Gecko) Chrome/151.0.0.0 Safari/537.36"
182.8.100.22 - - [29/Aug/2026:08:24:02 +0000] "GET /favicon.ico HTTP/1.1" 200 2903 "https://sealall.ca/?loknya=/var/www/domains/sealall.ca/wp-content/themes/bricks" "Mozilla/5.0 (Windows NT 10.0; Win64; x64) AppleWebKit/537.36 (KHTML, like Gecko) Chrome/151.0.0.0 Safari/537.36"
182.8.100.22 - - [29/Aug/2026:08:24:05 +0000] "GET /?lokasie=/var/www/domains/sealall.ca/wp-content/themes/bricks/functions.php&loknya=/var/www/domains/sealall.ca/wp-content/themes/bricks HTTP/1.1" 200 4346 "https://sealall.ca/?loknya=/var/www/domains/sealall.ca/wp-content/themes/bricks" "Mozilla/5.0 (Windows NT 10.0; Win64; x64) AppleWebKit/537.36 (KHTML, like Gecko) Chrome/151.0.0.0 Safari/537.36"
182.8.100.22 - - [29/Aug/2026:08:24:10 +0000] "GET /favicon.ico HTTP/1.1" 200 2903 "https://sealall.ca/?lokasie=/var/www/domains/sealall.ca/wp-content/themes/bricks/functions.php&loknya=/var/www/domains/sealall.ca/wp-content/themes/bricks" "Mozilla/5.0 (Windows NT 10.0; Win64; x64) AppleWebKit/537.36 (KHTML, like Gecko) Chrome/151.0.0.0 Safari/537.36"
182.8.100.22 - - [29/Aug/2026:08:24:17 +0000] "GET /?loknya=/var/www/domains/sealall.ca/wp-content/themes/bricks HTTP/1.1" 200 2995 "https://sealall.ca/?lokasie=/var/www/domains/sealall.ca/wp-content/themes/bricks/functions.php&loknya=/var/www/domains/sealall.ca/wp-content/themes/bricks" "Mozilla/5.0 (Windows NT 10.0; Win64; x64) AppleWebKit/537.36 (KHTML, like Gecko) Chrome/151.0.0.0 Safari/537.36"
182.8.100.22 - - [29/Aug/2026:08:24:18 +0000] "GET /favicon.ico HTTP/1.1" 200 2903 "https://sealall.ca/?loknya=/var/www/domains/sealall.ca/wp-content/themes/bricks" "Mozilla/5.0 (Windows NT 10.0; Win64; x64) AppleWebKit/537.36 (KHTML, like Gecko) Chrome/151.0.0.0 Safari/537.36"
182.8.100.22 - - [29/Aug/2026:08:24:26 +0000] "POST /?pilihan&loknya=/var/www/domains/sealall.ca/wp-content/themes/bricks HTTP/1.1" 200 5870 "https://sealall.ca/?loknya=/var/www/domains/sealall.ca/wp-content/themes/bricks" "Mozilla/5.0 (Windows NT 10.0; Win64; x64) AppleWebKit/537.36 (KHTML, like Gecko) Chrome/151.0.0.0 Safari/537.36"
182.8.100.22 - - [29/Aug/2026:08:24:28 +0000] "GET /favicon.ico HTTP/1.1" 200 2903 "https://sealall.ca/?pilihan&loknya=/var/www/domains/sealall.ca/wp-content/themes/bricks" "Mozilla/5.0 (Windows NT 10.0; Win64; x64) AppleWebKit/537.36 (KHTML, like Gecko) Chrome/151.0.0.0 Safari/537.36"
161.153.30.1 - - [29/Aug/2026:08:24:42 +0000] "GET /area/port-perry/natural-stone-sealing HTTP/1.1" 200 2903 "-" "Mozilla/5.0 (X11; Linux aarch64) AppleWebKit/537.36 (KHTML, like Gecko) Chrome/139.0.0.0 Safari/537.36"
182.8.100.22 - - [29/Aug/2026:08:24:44 +0000] "POST /?pilihan&loknya=/var/www/domains/sealall.ca/wp-content/themes/bricks HTTP/1.1" 200 5987 "https://sealall.ca/?pilihan&loknya=/var/www/domains/sealall.ca/wp-content/themes/bricks" "Mozilla/5.0 (Windows NT 10.0; Win64; x64) AppleWebKit/537.36 (KHTML, like Gecko) Chrome/151.0.0.0 Safari/537.36"
182.8.100.22 - - [29/Aug/2026:08:24:46 +0000] "GET /favicon.ico HTTP/1.1" 200 2903 "https://sealall.ca/?pilihan&loknya=/var/www/domains/sealall.ca/wp-content/themes/bricks" "Mozilla/5.0 (Windows NT 10.0; Win64; x64) AppleWebKit/537.36 (KHTML, like Gecko) Chrome/151.0.0.0 Safari/537.36"
182.8.100.22 - - [29/Aug/2026:08:24:48 +0000] "GET /?loknya=/var/www/domains/sealall.ca/wp-content/themes HTTP/1.1" 200 2319 "https://sealall.ca/?pilihan&loknya=/var/www/domains/sealall.ca/wp-content/themes/bricks" "Mozilla/5.0 (Windows NT 10.0; Win64; x64) AppleWebKit/537.36 (KHTML, like Gecko) Chrome/151.0.0.0 Safari/537.36"
182.8.100.22 - - [29/Aug/2026:08:24:49 +0000] "GET /favicon.ico HTTP/1.1" 200 2903 "https://sealall.ca/?loknya=/var/www/domains/sealall.ca/wp-content/themes" "Mozilla/5.0 (Windows NT 10.0; Win64; x64) AppleWebKit/537.36 (KHTML, like Gecko) Chrome/151.0.0.0 Safari/537.36"
182.8.100.22 - - [29/Aug/2026:08:24:52 +0000] "GET /?loknya=/var/www/domains/sealall.ca/wp-content/themes/bricks HTTP/1.1" 200 3008 "https://sealall.ca/?loknya=/var/www/domains/sealall.ca/wp-content/themes" "Mozilla/5.0 (Windows NT 10.0; Win64; x64) AppleWebKit/537.36 (KHTML, like Gecko) Chrome/151.0.0.0 Safari/537.36"
182.8.100.22 - - [29/Aug/2026:08:24:53 +0000] "GET /favicon.ico HTTP/1.1" 200 2903 "https://sealall.ca/?loknya=/var/www/domains/sealall.ca/wp-content/themes/bricks" "Mozilla/5.0 (Windows NT 10.0; Win64; x64) AppleWebKit/537.36 (KHTML, like Gecko) Chrome/151.0.0.0 Safari/537.36"
182.8.100.22 - - [29/Aug/2026:08:24:54 +0000] "GET /?loknya=/var/www/domains/sealall.ca/wp-content/themes/bricks/includes HTTP/1.1" 200 3851 "https://sealall.ca/?loknya=/var/www/domains/sealall.ca/wp-content/themes/bricks" "Mozilla/5.0 (Windows NT 10.0; Win64; x64) AppleWebKit/537.36 (KHTML, like Gecko) Chrome/151.0.0.0 Safari/537.36"
182.8.100.22 - - [29/Aug/2026:08:24:54 +0000] "GET /favicon.ico HTTP/1.1" 200 2903 "https://sealall.ca/?loknya=/var/www/domains/sealall.ca/wp-content/themes/bricks/includes" "Mozilla/5.0 (Windows NT 10.0; Win64; x64) AppleWebKit/537.36 (KHTML, like Gecko) Chrome/151.0.0.0 Safari/537.36"
182.8.100.22 - - [29/Aug/2026:08:25:08 +0000] "POST /?loknya=/var/www/domains/sealall.ca/wp-content/themes/bricks/includes HTTP/1.1" 200 3921 "https://sealall.ca/?loknya=/var/www/domains/sealall.ca/wp-content/themes/bricks/includes" "Mozilla/5.0 (Windows NT 10.0; Win64; x64) AppleWebKit/537.36 (KHTML, like Gecko) Chrome/151.0.0.0 Safari/537.36"
182.8.100.22 - - [29/Aug/2026:08:25:12 +0000] "GET /favicon.ico HTTP/1.1" 200 2903 "https://sealall.ca/?loknya=/var/www/domains/sealall.ca/wp-content/themes/bricks/includes" "Mozilla/5.0 (Windows NT 10.0; Win64; x64) AppleWebKit/537.36 (KHTML, like Gecko) Chrome/151.0.0.0 Safari/537.36"
182.8.100.22 - - [29/Aug/2026:08:25:52 +0000] "GET /wp-content/themes/bricks/includes/copy.txt HTTP/1.1" 200 31806 "-" "Mozilla/5.0 (Windows NT 10.0; Win64; x64) AppleWebKit/537.36 (KHTML, like Gecko) Chrome/151.0.0.0 Safari/537.36"
182.8.100.22 - - [29/Aug/2026:08:25:57 +0000] "GET /wp-content/themes/bricks/includes/copy.txt HTTP/1.1" 200 31806 "-" "Mozilla/5.0 (Windows NT 10.0; Win64; x64) AppleWebKit/537.36 (KHTML, like Gecko) Chrome/151.0.0.0 Safari/537.36"
182.8.100.22 - - [29/Aug/2026:08:26:06 +0000] "GET /favicon.ico HTTP/1.1" 200 2903 "https://sealall.ca/wp-content/themes/bricks/includes/copy.txt" "Mozilla/5.0 (Windows NT 10.0; Win64; x64) AppleWebKit/537.36 (KHTML, like Gecko) Chrome/151.0.0.0 Safari/537.36"
5.206.224.134 - - [29/Aug/2026:08:26:11 +0000] "GET /wp-content/plugins/admin-site-enhancements/zhybizos.php HTTP/1.1" 200 35038 "-" "-"
182.8.100.22 - - [29/Aug/2026:08:26:11 +0000] "GET /?loknya=/var/www/domains/sealall.ca/wp-content/themes/bricks/includes HTTP/1.1" 200 3921 "https://sealall.ca/?loknya=/var/www/domains/sealall.ca/wp-content/themes/bricks/includes" "Mozilla/5.0 (Windows NT 10.0; Win64; x64) AppleWebKit/537.36 (KHTML, like Gecko) Chrome/151.0.0.0 Safari/537.36"
5.206.224.134 - - [29/Aug/2026:08:26:12 +0000] "GET /wp-content/plugins/admin-site-enhancements/zhybizos.php HTTP/1.0" 200 34994 "-" "-"
5.206.224.134 - - [29/Aug/2026:08:26:12 +0000] "GET /wp-content/plugins/admin-site-enhancements/zhybizos.php HTTP/1.1" 200 35038 "-" "-"
182.8.100.22 - - [29/Aug/2026:08:26:13 +0000] "GET /favicon.ico HTTP/1.1" 200 2903 "https://sealall.ca/?loknya=/var/www/domains/sealall.ca/wp-content/themes/bricks/includes" "Mozilla/5.0 (Windows NT 10.0; Win64; x64) AppleWebKit/537.36 (KHTML, like Gecko) Chrome/151.0.0.0 Safari/537.36"
20.104.68.135 - - [29/Aug/2026:08:26:15 +0000] "GET / HTTP/1.1" 200 2903 "-" "Mozilla/5.0 (Windows NT 10.0; Win64; x64) AppleWebKit/537.36 (KHTML, like Gecko) Chrome/120.0.0.0 Safari/537.36"
20.104.68.135 - - [29/Aug/2026:08:26:15 +0000] "GET /modules/mod_simplefileuploadv1.3/elements/ HTTP/1.1" 200 2903 "-" "Mozilla/5.0 (Windows NT 10.0; Win64; x64) AppleWebKit/537.36 (KHTML, like Gecko) Chrome/120.0.0.0 Safari/537.36"
182.8.100.22 - - [29/Aug/2026:08:26:18 +0000] "POST /?pilihan&loknya=/var/www/domains/sealall.ca/wp-content/themes/bricks/includes HTTP/1.1" 200 4015 "https://sealall.ca/?loknya=/var/www/domains/sealall.ca/wp-content/themes/bricks/includes" "Mozilla/5.0 (Windows NT 10.0; Win64; x64) AppleWebKit/537.36 (KHTML, like Gecko) Chrome/151.0.0.0 Safari/537.36"
182.8.100.22 - - [29/Aug/2026:08:26:20 +0000] "GET /favicon.ico HTTP/1.1" 200 2903 "https://sealall.ca/?pilihan&loknya=/var/www/domains/sealall.ca/wp-content/themes/bricks/includes" "Mozilla/5.0 (Windows NT 10.0; Win64; x64) AppleWebKit/537.36 (KHTML, like Gecko) Chrome/151.0.0.0 Safari/537.36"
182.8.100.22 - - [29/Aug/2026:08:26:28 +0000] "POST /?pilihan&loknya=/var/www/domains/sealall.ca/wp-content/themes/bricks/includes HTTP/1.1" 200 3972 "https://sealall.ca/?pilihan&loknya=/var/www/domains/sealall.ca/wp-content/themes/bricks/includes" "Mozilla/5.0 (Windows NT 10.0; Win64; x64) AppleWebKit/537.36 (KHTML, like Gecko) Chrome/151.0.0.0 Safari/537.36"
182.8.100.22 - - [29/Aug/2026:08:26:29 +0000] "GET /favicon.ico HTTP/1.1" 200 2903 "https://sealall.ca/?pilihan&loknya=/var/www/domains/sealall.ca/wp-content/themes/bricks/includes" "Mozilla/5.0 (Windows NT 10.0; Win64; x64) AppleWebKit/537.36 (KHTML, like Gecko) Chrome/151.0.0.0 Safari/537.36"
182.8.100.22 - - [29/Aug/2026:08:26:36 +0000] "GET /wp-content/themes/bricks/includes/config.php HTTP/1.1" 200 160 "-" "Mozilla/5.0 (Windows NT 10.0; Win64; x64) AppleWebKit/537.36 (KHTML, like Gecko) Chrome/151.0.0.0 Safari/537.36"
182.8.100.22 - - [29/Aug/2026:08:26:37 +0000] "GET /favicon.ico HTTP/1.1" 200 2903 "https://sealall.ca/wp-content/themes/bricks/includes/config.php" "Mozilla/5.0 (Windows NT 10.0; Win64; x64) AppleWebKit/537.36 (KHTML, like Gecko) Chrome/151.0.0.0 Safari/537.36"
182.8.100.22 - - [29/Aug/2026:08:26:40 +0000] "POST /wp-content/themes/bricks/includes/config.php HTTP/1.1" 302 0 "https://sealall.ca/wp-content/themes/bricks/includes/config.php" "Mozilla/5.0 (Windows NT 10.0; Win64; x64) AppleWebKit/537.36 (KHTML, like Gecko) Chrome/151.0.0.0 Safari/537.36"
182.8.100.22 - - [29/Aug/2026:08:26:41 +0000] "GET /wp-content/themes/bricks/includes/config.php HTTP/1.1" 200 5240 "https://sealall.ca/wp-content/themes/bricks/includes/config.php" "Mozilla/5.0 (Windows NT 10.0; Win64; x64) AppleWebKit/537.36 (KHTML, like Gecko) Chrome/151.0.0.0 Safari/537.36"
182.8.100.22 - - [29/Aug/2026:08:26:41 +0000] "GET /favicon.ico HTTP/1.1" 200 2903 "https://sealall.ca/wp-content/themes/bricks/includes/config.php" "Mozilla/5.0 (Windows NT 10.0; Win64; x64) AppleWebKit/537.36 (KHTML, like Gecko) Chrome/151.0.0.0 Safari/537.36"
182.8.100.22 - - [29/Aug/2026:08:26:44 +0000] "POST /wp-content/themes/bricks/includes/config.php HTTP/1.1" 200 2939 "https://sealall.ca/wp-content/themes/bricks/includes/config.php" "Mozilla/5.0 (Windows NT 10.0; Win64; x64) AppleWebKit/537.36 (KHTML, like Gecko) Chrome/151.0.0.0 Safari/537.36"
182.8.100.22 - - [29/Aug/2026:08:26:44 +0000] "GET /favicon.ico HTTP/1.1" 200 2903 "https://sealall.ca/wp-content/themes/bricks/includes/config.php" "Mozilla/5.0 (Windows NT 10.0; Win64; x64) AppleWebKit/537.36 (KHTML, like Gecko) Chrome/151.0.0.0 Safari/537.36"
182.8.100.22 - - [29/Aug/2026:08:26:45 +0000] "GET /favicon.ico HTTP/1.1" 200 2903 "https://sealall.ca/wp-content/themes/bricks/includes/config.php" "Mozilla/5.0 (Windows NT 10.0; Win64; x64) AppleWebKit/537.36 (KHTML, like Gecko) Chrome/151.0.0.0 Safari/537.36"
182.8.100.22 - - [29/Aug/2026:08:26:49 +0000] "POST /wp-content/themes/bricks/includes/config.php HTTP/1.1" 200 3985 "https://sealall.ca/wp-content/themes/bricks/includes/config.php" "Mozilla/5.0 (Windows NT 10.0; Win64; x64) AppleWebKit/537.36 (KHTML, like Gecko) Chrome/151.0.0.0 Safari/537.36"
182.8.100.22 - - [29/Aug/2026:08:26:49 +0000] "GET /favicon.ico HTTP/1.1" 200 2903 "https://sealall.ca/wp-content/themes/bricks/includes/config.php" "Mozilla/5.0 (Windows NT 10.0; Win64; x64) AppleWebKit/537.36 (KHTML, like Gecko) Chrome/151.0.0.0 Safari/537.36"
182.8.100.22 - - [29/Aug/2026:08:26:51 +0000] "GET /favicon.ico HTTP/1.1" 200 2903 "https://sealall.ca/wp-content/themes/bricks/includes/config.php" "Mozilla/5.0 (Windows NT 10.0; Win64; x64) AppleWebKit/537.36 (KHTML, like Gecko) Chrome/151.0.0.0 Safari/537.36"
162.120.184.27 - - [29/Aug/2026:08:26:57 +0000] "GET / HTTP/1.1" 200 2903 "https://www.google.com/" "Mozilla/5.0 (Windows NT 10.0; Win64; x64) AppleWebKit/537.36 (KHTML, like Gecko) Chrome/151.0.0.0 Safari/537.36"
72.14.201.145 - - [29/Aug/2026:08:26:57 +0000] "GET /pricing/ HTTP/1.1" 200 2903 "https://www.google.com/" "Mozilla/5.0 (Windows NT 10.0; Win64; x64) AppleWebKit/537.36 (KHTML, like Gecko) Chrome/151.0.0.0 Safari/537.36"
149.154.161.234 - - [29/Aug/2026:08:27:03 +0000] "GET /modules/mod_simplefileuploadv1.3/elements/ HTTP/1.1" 200 2903 "-" "TelegramBot (like TwitterBot)"
182.8.100.22 - - [29/Aug/2026:08:27:12 +0000] "POST /wp-content/themes/bricks/includes/config.php HTTP/1.1" 200 2939 "https://sealall.ca/wp-content/themes/bricks/includes/config.php" "Mozilla/5.0 (Windows NT 10.0; Win64; x64) AppleWebKit/537.36 (KHTML, like Gecko) Chrome/151.0.0.0 Safari/537.36"
182.8.100.22 - - [29/Aug/2026:08:27:13 +0000] "GET /favicon.ico HTTP/1.1" 499 0 "https://sealall.ca/wp-content/themes/bricks/includes/config.php" "Mozilla/5.0 (Windows NT 10.0; Win64; x64) AppleWebKit/537.36 (KHTML, like Gecko) Chrome/151.0.0.0 Safari/537.36"
182.8.100.22 - - [29/Aug/2026:08:27:13 +0000] "GET /favicon.ico HTTP/1.1" 200 2903 "https://sealall.ca/wp-content/themes/bricks/includes/config.php" "Mozilla/5.0 (Windows NT 10.0; Win64; x64) AppleWebKit/537.36 (KHTML, like Gecko) Chrome/151.0.0.0 Safari/537.36"
182.8.100.22 - - [29/Aug/2026:08:27:15 +0000] "POST /wp-content/themes/bricks/includes/config.php HTTP/1.1" 200 3985 "https://sealall.ca/wp-content/themes/bricks/includes/config.php" "Mozilla/5.0 (Windows NT 10.0; Win64; x64) AppleWebKit/537.36 (KHTML, like Gecko) Chrome/151.0.0.0 Safari/537.36"
45.132.227.170 - - [29/Aug/2026:08:27:15 +0000] "POST /wp-login.php HTTP/1.1" 200 2910 "-" "Mozilla/5.0 (Macintosh; Intel Mac OS X 10_15_7) AppleWebKit/605.1.15 Version/17.0 Safari/605.1.15"
45.132.227.163 - - [29/Aug/2026:08:27:15 +0000] "POST /wp-login.php HTTP/1.1" 200 2910 "-" "Mozilla/5.0 (Macintosh; Intel Mac OS X 10_15_7) AppleWebKit/605.1.15 Version/17.0 Safari/605.1.15"
45.132.227.173 - - [29/Aug/2026:08:27:15 +0000] "POST /wp-login.php HTTP/1.1" 200 2910 "-" "Mozilla/5.0 (Windows NT 10.0; Win64; rv:143.0) Gecko/20100101 Firefox/143.0"
45.132.227.168 - - [29/Aug/2026:08:27:15 +0000] "POST /wp-login.php HTTP/1.1" 200 2910 "-" "Mozilla/5.0 (Macintosh; Intel Mac OS X 10_15_7) AppleWebKit/605.1.15 Version/17.0 Safari/605.1.15"
45.132.227.163 - - [29/Aug/2026:08:27:15 +0000] "POST /wp-login.php HTTP/1.1" 200 2910 "-" "Mozilla/5.0 (Windows NT 10.0; Win64; rv:143.0) Gecko/20100101 Firefox/143.0"
136.144.42.150 - - [29/Aug/2026:08:27:15 +0000] "POST /wp-login.php HTTP/1.1" 200 2910 "-" "Mozilla/5.0 (Macintosh; Intel Mac OS X 10_15_7) AppleWebKit/605.1.15 Version/17.0 Safari/605.1.15"
182.8.100.22 - - [29/Aug/2026:08:27:16 +0000] "GET /favicon.ico HTTP/1.1" 200 2903 "https://sealall.ca/wp-content/themes/bricks/includes/config.php" "Mozilla/5.0 (Windows NT 10.0; Win64; x64) AppleWebKit/537.36 (KHTML, like Gecko) Chrome/151.0.0.0 Safari/537.36"
182.8.100.22 - - [29/Aug/2026:08:27:17 +0000] "GET /favicon.ico HTTP/1.1" 200 2903 "https://sealall.ca/wp-content/themes/bricks/includes/config.php" "Mozilla/5.0 (Windows NT 10.0; Win64; x64) AppleWebKit/537.36 (KHTML, like Gecko) Chrome/151.0.0.0 Safari/537.36"
182.8.100.22 - - [29/Aug/2026:08:27:21 +0000] "POST /wp-content/themes/bricks/includes/config.php HTTP/1.1" 200 4330 "https://sealall.ca/wp-content/themes/bricks/includes/config.php" "Mozilla/5.0 (Windows NT 10.0; Win64; x64) AppleWebKit/537.36 (KHTML, like Gecko) Chrome/151.0.0.0 Safari/537.36"
182.8.100.22 - - [29/Aug/2026:08:27:21 +0000] "GET /favicon.ico HTTP/1.1" 200 2903 "https://sealall.ca/wp-content/themes/bricks/includes/config.php" "Mozilla/5.0 (Windows NT 10.0; Win64; x64) AppleWebKit/537.36 (KHTML, like Gecko) Chrome/151.0.0.0 Safari/537.36"
182.8.100.22 - - [29/Aug/2026:08:27:21 +0000] "GET /favicon.ico HTTP/1.1" 200 2903 "https://sealall.ca/wp-content/themes/bricks/includes/config.php" "Mozilla/5.0 (Windows NT 10.0; Win64; x64) AppleWebKit/537.36 (KHTML, like Gecko) Chrome/151.0.0.0 Safari/537.36"
182.8.100.22 - - [29/Aug/2026:08:27:25 +0000] "POST /wp-content/themes/bricks/includes/config.php HTTP/1.1" 200 4003 "https://sealall.ca/wp-content/themes/bricks/includes/config.php" "Mozilla/5.0 (Windows NT 10.0; Win64; x64) AppleWebKit/537.36 (KHTML, like Gecko) Chrome/151.0.0.0 Safari/537.36"
182.8.100.22 - - [29/Aug/2026:08:27:25 +0000] "GET /favicon.ico HTTP/1.1" 200 2903 "https://sealall.ca/wp-content/themes/bricks/includes/config.php" "Mozilla/5.0 (Windows NT 10.0; Win64; x64) AppleWebKit/537.36 (KHTML, like Gecko) Chrome/151.0.0.0 Safari/537.36"
182.8.100.22 - - [29/Aug/2026:08:27:28 +0000] "GET /favicon.ico HTTP/1.1" 200 2903 "https://sealall.ca/wp-content/themes/bricks/includes/config.php" "Mozilla/5.0 (Windows NT 10.0; Win64; x64) AppleWebKit/537.36 (KHTML, like Gecko) Chrome/151.0.0.0 Safari/537.36"
182.8.100.22 - - [29/Aug/2026:08:27:34 +0000] "POST /wp-content/themes/bricks/includes/config.php HTTP/1.1" 200 3570 "https://sealall.ca/wp-content/themes/bricks/includes/config.php" "Mozilla/5.0 (Windows NT 10.0; Win64; x64) AppleWebKit/537.36 (KHTML, like Gecko) Chrome/151.0.0.0 Safari/537.36"
182.8.100.22 - - [29/Aug/2026:08:27:34 +0000] "GET /favicon.ico HTTP/1.1" 200 2903 "https://sealall.ca/wp-content/themes/bricks/includes/config.php" "Mozilla/5.0 (Windows NT 10.0; Win64; x64) AppleWebKit/537.36 (KHTML, like Gecko) Chrome/151.0.0.0 Safari/537.36"
182.8.100.22 - - [29/Aug/2026:08:27:35 +0000] "GET /favicon.ico HTTP/1.1" 200 2903 "https://sealall.ca/wp-content/themes/bricks/includes/config.php" "Mozilla/5.0 (Windows NT 10.0; Win64; x64) AppleWebKit/537.36 (KHTML, like Gecko) Chrome/151.0.0.0 Safari/537.36"
104.238.159.87 - - [29/Aug/2026:08:27:38 +0000] "HEAD / HTTP/1.1" 200 0 "-" "updown.io daemon 2.11"
5.206.224.134 - - [29/Aug/2026:08:27:39 +0000] "GET /wp-content/plugins/admin-site-enhancements/yzsynyai.php?pass=jolfxfbfl HTTP/1.0" 200 5604 "-" "-"
5.206.224.134 - - [29/Aug/2026:08:27:39 +0000] "GET /wp-content/plugins/admin-site-enhancements/yzsynyai.php?pass=jolfxfbfl HTTP/1.1" 200 5617 "-" "-"
182.8.100.22 - - [29/Aug/2026:08:27:45 +0000] "POST /wp-content/themes/bricks/includes/config.php HTTP/1.1" 200 2939 "https://sealall.ca/wp-content/themes/bricks/includes/config.php" "Mozilla/5.0 (Windows NT 10.0; Win64; x64) AppleWebKit/537.36 (KHTML, like Gecko) Chrome/151.0.0.0 Safari/537.36"
182.8.100.22 - - [29/Aug/2026:08:27:45 +0000] "GET /favicon.ico HTTP/1.1" 200 2903 "https://sealall.ca/wp-content/themes/bricks/includes/config.php" "Mozilla/5.0 (Windows NT 10.0; Win64; x64) AppleWebKit/537.36 (KHTML, like Gecko) Chrome/151.0.0.0 Safari/537.36"
182.8.100.22 - - [29/Aug/2026:08:27:49 +0000] "GET /favicon.ico HTTP/1.1" 200 2903 "https://sealall.ca/wp-content/themes/bricks/includes/config.php" "Mozilla/5.0 (Windows NT 10.0; Win64; x64) AppleWebKit/537.36 (KHTML, like Gecko) Chrome/151.0.0.0 Safari/537.36"
182.8.100.22 - - [29/Aug/2026:08:27:51 +0000] "POST /wp-content/themes/bricks/includes/config.php HTTP/1.1" 200 2608 "https://sealall.ca/wp-content/themes/bricks/includes/config.php" "Mozilla/5.0 (Windows NT 10.0; Win64; x64) AppleWebKit/537.36 (KHTML, like Gecko) Chrome/151.0.0.0 Safari/537.36"
182.8.100.22 - - [29/Aug/2026:08:27:51 +0000] "GET /favicon.ico HTTP/1.1" 200 2903 "https://sealall.ca/wp-content/themes/bricks/includes/config.php" "Mozilla/5.0 (Windows NT 10.0; Win64; x64) AppleWebKit/537.36 (KHTML, like Gecko) Chrome/151.0.0.0 Safari/537.36"
182.8.100.22 - - [29/Aug/2026:08:27:52 +0000] "GET /favicon.ico HTTP/1.1" 200 2903 "https://sealall.ca/wp-content/themes/bricks/includes/config.php" "Mozilla/5.0 (Windows NT 10.0; Win64; x64) AppleWebKit/537.36 (KHTML, like Gecko) Chrome/151.0.0.0 Safari/537.36"
182.8.100.22 - - [29/Aug/2026:08:27:55 +0000] "POST /wp-content/themes/bricks/includes/config.php HTTP/1.1" 200 2634 "https://sealall.ca/wp-content/themes/bricks/includes/config.php" "Mozilla/5.0 (Windows NT 10.0; Win64; x64) AppleWebKit/537.36 (KHTML, like Gecko) Chrome/151.0.0.0 Safari/537.36"
182.8.100.22 - - [29/Aug/2026:08:27:55 +0000] "GET /favicon.ico HTTP/1.1" 200 2903 "https://sealall.ca/wp-content/themes/bricks/includes/config.php" "Mozilla/5.0 (Windows NT 10.0; Win64; x64) AppleWebKit/537.36 (KHTML, like Gecko) Chrome/151.0.0.0 Safari/537.36"
182.8.100.22 - - [29/Aug/2026:08:27:56 +0000] "POST /wp-content/themes/bricks/includes/config.php HTTP/1.1" 200 2947 "https://sealall.ca/wp-content/themes/bricks/includes/config.php" "Mozilla/5.0 (Windows NT 10.0; Win64; x64) AppleWebKit/537.36 (KHTML, like Gecko) Chrome/151.0.0.0 Safari/537.36"
182.8.100.22 - - [29/Aug/2026:08:27:57 +0000] "GET /favicon.ico HTTP/1.1" 200 2903 "https://sealall.ca/wp-content/themes/bricks/includes/config.php" "Mozilla/5.0 (Windows NT 10.0; Win64; x64) AppleWebKit/537.36 (KHTML, like Gecko) Chrome/151.0.0.0 Safari/537.36"
45.156.129.136 - - [29/Aug/2026:08:27:58 +0000] "GET /xmldata?item=all HTTP/1.1" 200 2913 "-" "Mozilla/5.0 AppleWebKit/537.36 (KHTML, like Gecko) Chrome/123.0.6312.86 Safari/537.36"
45.156.129.136 - - [29/Aug/2026:08:27:58 +0000] "GET / HTTP/1.1" 200 2913 "-" "Mozilla/5.0 AppleWebKit/537.36 (KHTML, like Gecko) Chrome/123.0.6312.86 Safari/537.36"
182.8.100.22 - - [29/Aug/2026:08:27:58 +0000] "GET /favicon.ico HTTP/1.1" 200 2903 "https://sealall.ca/wp-content/themes/bricks/includes/config.php" "Mozilla/5.0 (Windows NT 10.0; Win64; x64) AppleWebKit/537.36 (KHTML, like Gecko) Chrome/151.0.0.0 Safari/537.36"
182.8.100.22 - - [29/Aug/2026:08:27:59 +0000] "POST /wp-content/themes/bricks/includes/config.php HTTP/1.1" 200 3986 "https://sealall.ca/wp-content/themes/bricks/includes/config.php" "Mozilla/5.0 (Windows NT 10.0; Win64; x64) AppleWebKit/537.36 (KHTML, like Gecko) Chrome/151.0.0.0 Safari/537.36"
182.8.100.22 - - [29/Aug/2026:08:27:59 +0000] "GET /favicon.ico HTTP/1.1" 200 2903 "https://sealall.ca/wp-content/themes/bricks/includes/config.php" "Mozilla/5.0 (Windows NT 10.0; Win64; x64) AppleWebKit/537.36 (KHTML, like Gecko) Chrome/151.0.0.0 Safari/537.36"
162.251.62.66 - - [29/Aug/2026:08:28:09 +0000] "GET /wp-content/themes/bricks/includes/config.php HTTP/1.1" 200 160 "-" "Mozilla/5.0 (Windows NT 10.0; Win64; x64) AppleWebKit/537.36 (KHTML, like Gecko) Chrome/151.0.0.0 Safari/537.36"
162.251.62.66 - - [29/Aug/2026:08:28:09 +0000] "GET /favicon.ico HTTP/1.1" 200 2903 "https://sealall.ca/wp-content/themes/bricks/includes/config.php" "Mozilla/5.0 (Windows NT 10.0; Win64; x64) AppleWebKit/537.36 (KHTML, like Gecko) Chrome/151.0.0.0 Safari/537.36"
45.156.129.136 - - [29/Aug/2026:08:28:11 +0000] "GET /Telerik.Web.UI.WebResource.axd?type=rau HTTP/1.1" 200 2913 "-" "Mozilla/5.0 AppleWebKit/537.36 (KHTML, like Gecko) Chrome/123.0.6312.86 Safari/537.36"
182.8.100.22 - - [29/Aug/2026:08:28:14 +0000] "GET / HTTP/1.1" 200 2903 "https://www.google.com/" "Mozilla/5.0 (Windows NT 10.0; Win64; x64) AppleWebKit/537.36 (KHTML, like Gecko) Chrome/151.0.0.0 Safari/537.36"
182.8.100.22 - - [29/Aug/2026:08:28:16 +0000] "GET /favicon.ico HTTP/1.1" 200 2903 "https://sealall.ca/" "Mozilla/5.0 (Windows NT 10.0; Win64; x64) AppleWebKit/537.36 (KHTML, like Gecko) Chrome/151.0.0.0 Safari/537.36"
45.156.129.138 - - [29/Aug/2026:08:28:23 +0000] "GET /owa/ HTTP/1.1" 200 2913 "-" "Mozilla/5.0 AppleWebKit/537.36 (KHTML, like Gecko) Chrome/123.0.6312.86 Safari/537.36"
45.156.129.138 - - [29/Aug/2026:08:28:23 +0000] "GET /showLogin.cc HTTP/1.1" 200 2913 "-" "Mozilla/5.0 AppleWebKit/537.36 (KHTML, like Gecko) Chrome/123.0.6312.86 Safari/537.36"
45.156.129.136 - - [29/Aug/2026:08:28:35 +0000] "GET /zabbix/favicon.ico HTTP/1.1" 200 2913 "-" "Mozilla/5.0 AppleWebKit/537.36 (KHTML, like Gecko) Chrome/123.0.6312.86 Safari/537.36"
45.156.129.139 - - [29/Aug/2026:08:28:51 +0000] "GET / HTTP/1.1" 200 2913 "-" "Mozilla/5.0 AppleWebKit/537.36 (KHTML, like Gecko) Chrome/123.0.6312.86 Safari/537.36"
45.156.129.137 - - [29/Aug/2026:08:28:51 +0000] "GET / HTTP/1.1" 200 2913 "-" "Mozilla/5.0 AppleWebKit/537.36 (KHTML, like Gecko) Chrome/123.0.6312.86 Safari/537.36"
45.156.129.138 - - [29/Aug/2026:08:28:52 +0000] "GET /solr/ HTTP/1.1" 500 2716 "-" "Mozilla/5.0 AppleWebKit/537.36 (KHTML, like Gecko) Chrome/123.0.6312.86 Safari/537.36"
45.156.129.137 - - [29/Aug/2026:08:29:09 +0000] "GET / HTTP/1.1" 200 2913 "-" "Mozilla/5.0 AppleWebKit/537.36 (KHTML, like Gecko) Chrome/123.0.6312.86 Safari/537.36"
45.156.129.137 - - [29/Aug/2026:08:29:09 +0000] "GET /license.txt HTTP/1.1" 403 248 "-" "Mozilla/5.0 AppleWebKit/537.36 (KHTML, like Gecko) Chrome/123.0.6312.86 Safari/537.36"
18.116.101.220 - - [29/Aug/2026:08:29:10 +0000] "GET /robots.txt HTTP/1.1" 200 2913 "-" "visionheight.com/scan Mozilla/5.0 (Macintosh; Intel Mac OS X 10_15_7) Chrome/126.0.0.0 Safari/537.36"
162.120.184.27 - - [29/Aug/2026:08:29:15 +0000] "GET /services/ HTTP/1.1" 200 2903 "https://www.google.com/" "Mozilla/5.0 (Windows NT 10.0; Win64; x64) AppleWebKit/537.36 (KHTML, like Gecko) Chrome/151.0.0.0 Safari/537.36"
182.8.100.22 - - [29/Aug/2026:08:29:17 +0000] "GET /contact/ HTTP/1.1" 200 2903 "https://www.google.com/" "Mozilla/5.0 (Windows NT 10.0; Win64; x64) AppleWebKit/537.36 (KHTML, like Gecko) Chrome/151.0.0.0 Safari/537.36"
193.186.4.182 - - [29/Aug/2026:08:29:17 +0000] "GET /contact/ HTTP/1.1" 200 2903 "https://www.google.com/" "Mozilla/5.0 (Windows NT 10.0; Win64; x64) AppleWebKit/537.36 (KHTML, like Gecko) Chrome/151.0.0.0 Safari/537.36"
182.8.100.22 - - [29/Aug/2026:08:29:17 +0000] "GET /favicon.ico HTTP/1.1" 200 2903 "https://sealall.ca/contact/" "Mozilla/5.0 (Windows NT 10.0; Win64; x64) AppleWebKit/537.36 (KHTML, like Gecko) Chrome/151.0.0.0 Safari/537.36"
45.156.129.139 - - [29/Aug/2026:08:29:22 +0000] "GET /wp-json HTTP/1.1" 200 2913 "-" "Mozilla/5.0 AppleWebKit/537.36 (KHTML, like Gecko) Chrome/123.0.6312.86 Safari/537.36"
193.186.4.183 - - [29/Aug/2026:08:29:22 +0000] "GET /reviews/ HTTP/1.1" 200 2903 "https://www.google.com/" "Mozilla/5.0 (Windows NT 10.0; Win64; x64) AppleWebKit/537.36 (KHTML, like Gecko) Chrome/151.0.0.0 Safari/537.36"
162.120.184.36 - - [29/Aug/2026:08:29:24 +0000] "GET /area/barrie/ HTTP/1.1" 200 2903 "https://www.google.com/" "Mozilla/5.0 (Windows NT 10.0; Win64; x64) AppleWebKit/537.36 (KHTML, like Gecko) Chrome/151.0.0.0 Safari/537.36"
182.8.100.22 - - [29/Aug/2026:08:29:26 +0000] "GET /areas/ HTTP/1.1" 200 2903 "https://www.google.com/" "Mozilla/5.0 (Windows NT 10.0; Win64; x64) AppleWebKit/537.36 (KHTML, like Gecko) Chrome/151.0.0.0 Safari/537.36"
162.120.184.24 - - [29/Aug/2026:08:29:26 +0000] "GET /areas/ HTTP/1.1" 200 2903 "https://www.google.com/" "Mozilla/5.0 (Windows NT 10.0; Win64; x64) AppleWebKit/537.36 (KHTML, like Gecko) Chrome/151.0.0.0 Safari/537.36"
182.8.100.22 - - [29/Aug/2026:08:29:28 +0000] "GET /gallery/ HTTP/1.1" 200 2903 "https://www.google.com/" "Mozilla/5.0 (Windows NT 10.0; Win64; x64) AppleWebKit/537.36 (KHTML, like Gecko) Chrome/151.0.0.0 Safari/537.36"
182.8.100.22 - - [29/Aug/2026:08:29:28 +0000] "GET /favicon.ico HTTP/1.1" 200 2903 "https://sealall.ca/areas/" "Mozilla/5.0 (Windows NT 10.0; Win64; x64) AppleWebKit/537.36 (KHTML, like Gecko) Chrome/151.0.0.0 Safari/537.36"
162.120.184.245 - - [29/Aug/2026:08:29:28 +0000] "GET /gallery/ HTTP/1.1" 200 2903 "https://www.google.com/" "Mozilla/5.0 (Windows NT 10.0; Win64; x64) AppleWebKit/537.36 (KHTML, like Gecko) Chrome/151.0.0.0 Safari/537.36"
182.8.100.22 - - [29/Aug/2026:08:29:29 +0000] "GET /favicon.ico HTTP/1.1" 200 2903 "https://sealall.ca/gallery/" "Mozilla/5.0 (Windows NT 10.0; Win64; x64) AppleWebKit/537.36 (KHTML, like Gecko) Chrome/151.0.0.0 Safari/537.36"
182.8.100.22 - - [29/Aug/2026:08:29:37 +0000] "GET /services/ HTTP/1.1" 500 2716 "https://www.google.com/" "Mozilla/5.0 (Windows NT 10.0; Win64; x64) AppleWebKit/537.36 (KHTML, like Gecko) Chrome/151.0.0.0 Safari/537.36"
45.156.129.136 - - [29/Aug/2026:08:29:38 +0000] "GET /favicon.ico HTTP/1.1" 200 2913 "-" "Mozilla/5.0 AppleWebKit/537.36 (KHTML, like Gecko) Chrome/123.0.6312.86 Safari/537.36"
182.8.100.22 - - [29/Aug/2026:08:29:40 +0000] "GET /favicon.ico HTTP/1.1" 200 2903 "https://sealall.ca/services/" "Mozilla/5.0 (Windows NT 10.0; Win64; x64) AppleWebKit/537.36 (KHTML, like Gecko) Chrome/151.0.0.0 Safari/537.36"
72.14.201.147 - - [29/Aug/2026:08:29:42 +0000] "GET /contact/ HTTP/1.1" 200 2903 "https://www.google.com/" "Mozilla/5.0 (Windows NT 10.0; Win64; x64) AppleWebKit/537.36 (KHTML, like Gecko) Chrome/151.0.0.0 Safari/537.36"
162.120.184.27 - - [29/Aug/2026:08:29:42 +0000] "GET /about-us/ HTTP/1.1" 200 2903 "https://www.google.com/" "Mozilla/5.0 (Windows NT 10.0; Win64; x64) AppleWebKit/537.36 (KHTML, like Gecko) Chrome/151.0.0.0 Safari/537.36"
182.8.100.22 - - [29/Aug/2026:08:29:43 +0000] "GET /about-us/ HTTP/1.1" 200 2903 "https://www.google.com/" "Mozilla/5.0 (Windows NT 10.0; Win64; x64) AppleWebKit/537.36 (KHTML, like Gecko) Chrome/151.0.0.0 Safari/537.36"
162.120.184.245 - - [29/Aug/2026:08:29:45 +0000] "GET /area/vaughan/concrete-sealing/ HTTP/1.1" 200 2903 "https://www.google.com/" "Mozilla/5.0 (Windows NT 10.0; Win64; x64) AppleWebKit/537.36 (KHTML, like Gecko) Chrome/151.0.0.0 Safari/537.36"
182.8.100.22 - - [29/Aug/2026:08:29:46 +0000] "GET /favicon.ico HTTP/1.1" 200 2903 "https://sealall.ca/about-us/" "Mozilla/5.0 (Windows NT 10.0; Win64; x64) AppleWebKit/537.36 (KHTML, like Gecko) Chrome/151.0.0.0 Safari/537.36"
193.186.4.187 - - [29/Aug/2026:08:29:46 +0000] "GET /area/burlington/ HTTP/1.1" 200 2903 "https://www.google.com/" "Mozilla/5.0 (Windows NT 10.0; Win64; x64) AppleWebKit/537.36 (KHTML, like Gecko) Chrome/151.0.0.0 Safari/537.36"
72.14.201.176 - - [29/Aug/2026:08:29:49 +0000] "GET /area/mississauga/polymeric-sand/ HTTP/1.1" 200 2903 "https://www.google.com/" "Mozilla/5.0 (Windows NT 10.0; Win64; x64) AppleWebKit/537.36 (KHTML, like Gecko) Chrome/151.0.0.0 Safari/537.36"
45.156.129.137 - - [29/Aug/2026:08:29:49 +0000] "GET /ssi.cgi/Login.htm HTTP/1.1" 200 2913 "-" "Mozilla/5.0 AppleWebKit/537.36 (KHTML, like Gecko) Chrome/123.0.6312.86 Safari/537.36"
162.120.184.37 - - [29/Aug/2026:08:29:50 +0000] "GET /area/barrie/interlock-sealing/ HTTP/1.1" 200 2903 "https://www.google.com/" "Mozilla/5.0 (Windows NT 10.0; Win64; x64) AppleWebKit/537.36 (KHTML, like Gecko) Chrome/151.0.0.0 Safari/537.36"
162.120.184.218 - - [29/Aug/2026:08:29:54 +0000] "GET / HTTP/1.1" 200 2903 "https://www.google.com/" "Mozilla/5.0 (Windows NT 10.0; Win64; x64) AppleWebKit/537.36 (KHTML, like Gecko) Chrome/151.0.0.0 Safari/537.36"
193.186.4.146 - - [29/Aug/2026:08:29:54 +0000] "GET /pricing/ HTTP/1.1" 200 2903 "https://www.google.com/" "Mozilla/5.0 (Windows NT 10.0; Win64; x64) AppleWebKit/537.36 (KHTML, like Gecko) Chrome/151.0.0.0 Safari/537.36"
45.156.129.137 - - [29/Aug/2026:08:30:03 +0000] "GET /identity HTTP/1.1" 200 2913 "-" "Mozilla/5.0 AppleWebKit/537.36 (KHTML, like Gecko) Chrome/123.0.6312.86 Safari/537.36"
45.156.129.139 - - [29/Aug/2026:08:30:13 +0000] "GET /login HTTP/1.1" 200 2913 "-" "Mozilla/5.0 AppleWebKit/537.36 (KHTML, like Gecko) Chrome/123.0.6312.86 Safari/537.36"
18.116.101.220 - - [29/Aug/2026:08:30:20 +0000] "GET / HTTP/1.1" 200 2913 "-" "visionheight.com/scan Mozilla/5.0 (Macintosh; Intel Mac OS X 10_15_7) Chrome/126.0.0.0 Safari/537.36"
45.156.129.139 - - [29/Aug/2026:08:30:25 +0000] "GET /index.jsp HTTP/1.1" 200 2913 "-" "Mozilla/5.0 AppleWebKit/537.36 (KHTML, like Gecko) Chrome/123.0.6312.86 Safari/537.36"
161.153.122.236 - - [29/Aug/2026:08:30:31 +0000] "GET /area/markham HTTP/1.1" 200 2903 "-" "Mozilla/5.0 (X11; Linux aarch64) AppleWebKit/537.36 (KHTML, like Gecko) Chrome/139.0.0.0 Safari/537.36"
45.156.129.139 - - [29/Aug/2026:08:30:41 +0000] "GET /login.do HTTP/1.1" 200 2913 "-" "Mozilla/5.0 AppleWebKit/537.36 (KHTML, like Gecko) Chrome/123.0.6312.86 Safari/537.36"
45.156.129.139 - - [29/Aug/2026:08:30:56 +0000] "GET /Web/Auth HTTP/1.1" 200 2913 "-" "Mozilla/5.0 AppleWebKit/537.36 (KHTML, like Gecko) Chrome/123.0.6312.86 Safari/537.36"
45.156.129.139 - - [29/Aug/2026:08:31:15 +0000] "GET /SystemDataService/Content/Images/favicon.ico HTTP/1.1" 200 2913 "-" "Mozilla/5.0 AppleWebKit/537.36 (KHTML, like Gecko) Chrome/123.0.6312.86 Safari/537.36"
45.156.129.139 - - [29/Aug/2026:08:31:30 +0000] "GET /aspera/faspex/ HTTP/1.1" 200 2913 "-" "Mozilla/5.0 AppleWebKit/537.36 (KHTML, like Gecko) Chrome/123.0.6312.86 Safari/537.36"
45.156.129.137 - - [29/Aug/2026:08:31:30 +0000] "GET /ext-js/app/common/zld_product_spec.js HTTP/1.1" 200 2913 "-" "Mozilla/5.0 AppleWebKit/537.36 (KHTML, like Gecko) Chrome/123.0.6312.86 Safari/537.36"
45.156.129.139 - - [29/Aug/2026:08:31:30 +0000] "GET / HTTP/1.1" 200 2913 "-" "Mozilla/5.0 AppleWebKit/537.36 (KHTML, like Gecko) Chrome/123.0.6312.86 Safari/537.36"
45.156.129.137 - - [29/Aug/2026:08:31:31 +0000] "GET /identity/jsLibs/IdmBrandingBar.js HTTP/1.1" 200 2913 "-" "Mozilla/5.0 AppleWebKit/537.36 (KHTML, like Gecko) Chrome/123.0.6312.86 Safari/537.36"
45.156.129.136 - - [29/Aug/2026:08:31:47 +0000] "GET /partymgr/control/main HTTP/1.1" 200 2913 "-" "Mozilla/5.0 AppleWebKit/537.36 (KHTML, like Gecko) Chrome/123.0.6312.86 Safari/537.36"
13.89.124.81 - - [29/Aug/2026:08:31:55 +0000] "SSH-2.0-Go" 400 166 "-" "-"
13.89.124.81 - - [29/Aug/2026:08:31:55 +0000] "MGLNDD_68.183.198.43_443" 400 166 "-" "-"
45.156.129.139 - - [29/Aug/2026:08:32:01 +0000] "GET /WebInterface/ HTTP/1.1" 200 2913 "-" "Mozilla/5.0 AppleWebKit/537.36 (KHTML, like Gecko) Chrome/123.0.6312.86 Safari/537.36"
40.77.167.62 - - [29/Aug/2026:08:32:09 +0000] "GET /reviews-v2/ HTTP/1.1" 200 2903 "-" "Mozilla/5.0 AppleWebKit/537.36 (KHTML, like Gecko; compatible; bingbot/2.0; +http://www.bing.com/bingbot.htm) Chrome/116.0.1938.76 Safari/537.36"
45.156.129.136 - - [29/Aug/2026:08:32:16 +0000] "GET /js/NewWindow_2_all.js HTTP/1.1" 200 2913 "-" "Mozilla/5.0 AppleWebKit/537.36 (KHTML, like Gecko) Chrome/123.0.6312.86 Safari/537.36"
45.156.129.136 - - [29/Aug/2026:08:32:16 +0000] "GET /login/login HTTP/1.1" 200 2913 "-" "Mozilla/5.0 AppleWebKit/537.36 (KHTML, like Gecko) Chrome/123.0.6312.86 Safari/537.36"
45.156.129.136 - - [29/Aug/2026:08:32:16 +0000] "GET /owncloud/status.php HTTP/1.1" 200 2913 "-" "Mozilla/5.0 AppleWebKit/537.36 (KHTML, like Gecko) Chrome/123.0.6312.86 Safari/537.36"
45.156.129.138 - - [29/Aug/2026:08:32:26 +0000] "GET /status.php HTTP/1.1" 200 2913 "-" "Mozilla/5.0 AppleWebKit/537.36 (KHTML, like Gecko) Chrome/123.0.6312.86 Safari/537.36"
45.156.129.138 - - [29/Aug/2026:08:32:34 +0000] "GET /OA_HTML/AppsLocalLogin.jsp HTTP/1.1" 200 2913 "-" "Mozilla/5.0 AppleWebKit/537.36 (KHTML, like Gecko) Chrome/123.0.6312.86 Safari/537.36"
45.156.129.139 - - [29/Aug/2026:08:32:42 +0000] "GET /sugar_version.json HTTP/1.1" 200 2913 "-" "Mozilla/5.0 AppleWebKit/537.36 (KHTML, like Gecko) Chrome/123.0.6312.86 Safari/537.36"
45.156.129.138 - - [29/Aug/2026:08:32:56 +0000] "GET /sitecore/shell/sitecore.version.xml HTTP/1.1" 200 2913 "-" "Mozilla/5.0 AppleWebKit/537.36 (KHTML, like Gecko) Chrome/123.0.6312.86 Safari/537.36"
45.156.129.137 - - [29/Aug/2026:08:33:05 +0000] "GET /cgi-bin/config.exp HTTP/1.1" 200 2913 "-" "Mozilla/5.0 AppleWebKit/537.36 (KHTML, like Gecko) Chrome/123.0.6312.86 Safari/537.36"
45.156.129.138 - - [29/Aug/2026:08:33:12 +0000] "GET /api/session/properties HTTP/1.1" 200 2913 "-" "Mozilla/5.0 AppleWebKit/537.36 (KHTML, like Gecko) Chrome/123.0.6312.86 Safari/537.36"
45.156.129.139 - - [29/Aug/2026:08:33:20 +0000] "GET /admin/ HTTP/1.1" 200 2913 "-" "Mozilla/5.0 AppleWebKit/537.36 (KHTML, like Gecko) Chrome/123.0.6312.86 Safari/537.36"
45.156.129.136 - - [29/Aug/2026:08:33:21 +0000] "GET /progs/homepage HTTP/1.1" 200 2913 "-" "Mozilla/5.0 AppleWebKit/537.36 (KHTML, like Gecko) Chrome/123.0.6312.86 Safari/537.36"
45.156.129.138 - - [29/Aug/2026:08:33:21 +0000] "GET /css/images/PTZOptics_powerby.png HTTP/1.1" 200 2913 "-" "Mozilla/5.0 AppleWebKit/537.36 (KHTML, like Gecko) Chrome/123.0.6312.86 Safari/537.36"
45.156.129.138 - - [29/Aug/2026:08:33:21 +0000] "GET /cf_scripts/scripts/ajax/ckeditor/ckeditor.js HTTP/1.1" 200 2913 "-" "Mozilla/5.0 AppleWebKit/537.36 (KHTML, like Gecko) Chrome/123.0.6312.86 Safari/537.36"
45.156.129.136 - - [29/Aug/2026:08:33:21 +0000] "GET /internal_forms_authentication HTTP/1.1" 200 2913 "-" "Mozilla/5.0 AppleWebKit/537.36 (KHTML, like Gecko) Chrome/123.0.6312.86 Safari/537.36"
45.156.129.136 - - [29/Aug/2026:08:33:28 +0000] "GET /favicon.ico HTTP/1.1" 200 2913 "-" "Mozilla/5.0 AppleWebKit/537.36 (KHTML, like Gecko) Chrome/123.0.6312.86 Safari/537.36"
45.156.129.139 - - [29/Aug/2026:08:33:28 +0000] "GET /login.html HTTP/1.1" 200 2913 "-" "Mozilla/5.0 AppleWebKit/537.36 (KHTML, like Gecko) Chrome/123.0.6312.86 Safari/537.36"
185.191.171.7 - - [29/Aug/2026:08:33:32 +0000] "GET /area/waterloo/landscaping/ HTTP/1.1" 200 2903 "-" "Mozilla/5.0 (compatible; SemrushBot/7~bl; +http://www.semrush.com/bot.html)"
45.156.129.137 - - [29/Aug/2026:08:33:35 +0000] "GET /jasperserver/login.html HTTP/1.1" 200 2913 "-" "Mozilla/5.0 AppleWebKit/537.36 (KHTML, like Gecko) Chrome/123.0.6312.86 Safari/537.36"
45.156.129.139 - - [29/Aug/2026:08:33:41 +0000] "GET /jasperserver-pro/login.html HTTP/1.1" 200 2913 "-" "Mozilla/5.0 AppleWebKit/537.36 (KHTML, like Gecko) Chrome/123.0.6312.86 Safari/537.36"
45.156.129.136 - - [29/Aug/2026:08:33:46 +0000] "GET /jasperserverTest/login.html HTTP/1.1" 200 2913 "-" "Mozilla/5.0 AppleWebKit/537.36 (KHTML, like Gecko) Chrome/123.0.6312.86 Safari/537.36"
45.156.129.136 - - [29/Aug/2026:08:33:49 +0000] "GET /favicon-32x32.png HTTP/1.1" 200 2913 "-" "Mozilla/5.0 AppleWebKit/537.36 (KHTML, like Gecko) Chrome/123.0.6312.86 Safari/537.36"
45.156.129.136 - - [29/Aug/2026:08:33:49 +0000] "GET /static/historypage.js HTTP/1.1" 200 2913 "-" "Mozilla/5.0 AppleWebKit/537.36 (KHTML, like Gecko) Chrome/123.0.6312.86 Safari/537.36"
45.156.129.138 - - [29/Aug/2026:08:33:52 +0000] "GET /cgi-bin/authLogin.cgi HTTP/1.1" 200 2913 "-" "Mozilla/5.0 AppleWebKit/537.36 (KHTML, like Gecko) Chrome/123.0.6312.86 Safari/537.36"
85.122.114.193 - - [29/Aug/2026:08:33:53 +0000] "GET /wp-content/plugins/admin-site-enhancements/zhybizos.php HTTP/1.1" 200 35038 "-" "-"
45.156.129.138 - - [29/Aug/2026:08:33:58 +0000] "GET /webfig/ HTTP/1.1" 200 2913 "-" "Mozilla/5.0 AppleWebKit/537.36 (KHTML, like Gecko) Chrome/123.0.6312.86 Safari/537.36"
45.156.129.136 - - [29/Aug/2026:08:34:00 +0000] "GET /console HTTP/1.1" 200 2913 "-" "Mozilla/5.0 AppleWebKit/537.36 (KHTML, like Gecko) Chrome/123.0.6312.86 Safari/537.36"
45.33.12.122 - - [29/Aug/2026:08:34:01 +0000] "GET / HTTP/1.1" 400 264 "-" "Mozilla/5.0 zgrab/0.x"
43.153.62.161 - - [29/Aug/2026:08:34:31 +0000] "GET /?loknya=/var HTTP/1.1" 200 2375 "-" "Mozilla/5.0 (iPhone; CPU iPhone OS 13_2_3 like Mac OS X) AppleWebKit/605.1.15 (KHTML, like Gecko) Version/13.0.3 Mobile/15E148 Safari/604.1"
54.83.180.239 - - [29/Aug/2026:08:34:38 +0000] "GET /area/whitchurch-stouffville/interlock-repair/ HTTP/1.1" 200 2903 "-" "Mozilla/5.0 AppleWebKit/537.36 (KHTML, like Gecko; compatible; Amazonbot/0.1; +https://developer.amazon.com/support/amazonbot) Chrome/119.0.6045.214 Safari/537.36"
54.89.90.224 - - [29/Aug/2026:08:34:43 +0000] "GET /wp-json/oembed/1.0/embed?url=https://sealall.ca/service/natural-stone-sealing/ HTTP/1.1" 200 2903 "-" "Mozilla/5.0 AppleWebKit/537.36 (KHTML, like Gecko; compatible; Amazonbot/0.1; +https://developer.amazon.com/support/amazonbot) Chrome/119.0.6045.214 Safari/537.36"
45.183.1.22 - - [29/Aug/2026:08:36:40 +0000] "GET /area/orangeville/anti-slip-coating/ HTTP/1.1" 200 2903 "-" "Mozilla/5.0 (Windows NT 10.0; Win64; x64) AppleWebKit/537.36 (KHTML, like Gecko) Chrome/132.0.6834.110 Safari/537.36"
161.153.4.85 - - [29/Aug/2026:08:37:56 +0000] "GET /area/grimsby/interlock-repair HTTP/1.1" 200 2903 "-" "Mozilla/5.0 (X11; Linux aarch64) AppleWebKit/537.36 (KHTML, like Gecko) Chrome/139.0.0.0 Safari/537.36"
220.181.108.169 - - [29/Aug/2026:08:38:45 +0000] "GET /area/toronto/line-painting/?loknya=/var/www/domains/sealall.ca/wp-admin HTTP/1.1" 200 5399 "-" "Mozilla/5.0 (compatible; Baiduspider/2.0; +http://www.baidu.com/search/spider.html)"
185.251.19.33 - - [29/Aug/2026:08:39:41 +0000] "POST /wp-login.php HTTP/1.1" 500 2716 "-" "Mozilla/5.0 (Windows NT 10.0; Win64; x64) AppleWebKit/537.36 Chrome/129.0.0.0 Safari/537.36"
185.251.19.30 - - [29/Aug/2026:08:39:41 +0000] "POST /wp-login.php HTTP/1.1" 200 2910 "-" "Mozilla/5.0 (Windows NT 10.0; Win64; rv:143.0) Gecko/20100101 Firefox/143.0"
136.144.42.158 - - [29/Aug/2026:08:39:41 +0000] "POST /wp-login.php HTTP/1.1" 200 2910 "-" "Mozilla/5.0 (Windows NT 10.0; Win64; x64) AppleWebKit/537.36 Chrome/129.0.0.0 Safari/537.36"
136.144.42.158 - - [29/Aug/2026:08:39:41 +0000] "POST /wp-login.php HTTP/1.1" 200 2910 "-" "Mozilla/5.0 (Windows NT 10.0; Win64; x64) AppleWebKit/537.36 Chrome/129.0.0.0 Safari/537.36"
45.132.227.166 - - [29/Aug/2026:08:39:41 +0000] "POST /wp-login.php HTTP/1.1" 200 2910 "-" "Mozilla/5.0 (Windows NT 10.0; Win64; rv:143.0) Gecko/20100101 Firefox/143.0"
